-- --------------------------------------------------------
-- Server OS:                    Win64
-- HeidiSQL Version:             12.6.0.6765
-- --------------------------------------------------------



-- Dumping database structure for bugshan_db
CREATE DATABASE IF NOT EXISTS `bugshan_db` /*!40100 DEFAULT CHARACTER SET utf16 COLLATE utf16_general_ci */;
USE `bugshan_db`;

-- Dumping structure for table bugshan_db.articles
CREATE TABLE IF NOT EXISTS `articles` (
  `id` bigint(20) unsigned NOT NULL AUTO_INCREMENT,
  `category_id` bigint(20) unsigned DEFAULT NULL,
  `services_ids` text DEFAULT NULL,
  `lat` double DEFAULT NULL,
  `lng` double DEFAULT NULL,
  `facilities` bigint(20) DEFAULT NULL,
  `visit_counts` bigint(20) DEFAULT NULL,
  `open_date` date DEFAULT NULL,
  `deleted_at` timestamp NULL DEFAULT NULL,
  `created_at` timestamp NULL DEFAULT NULL,
  `updated_at` timestamp NULL DEFAULT NULL,
  PRIMARY KEY (`id`),
  KEY `articles_category_id_article_id_index` (`category_id`),
  CONSTRAINT `articles_category_id_foreign` FOREIGN KEY (`category_id`) REFERENCES `categories` (`id`) ON DELETE CASCADE
) ENGINE=InnoDB AUTO_INCREMENT=117 DEFAULT CHARSET=utf8 COLLATE=utf8_general_ci;

-- Dumping data for table bugshan_db.articles: ~0 rows (approximately)

-- Dumping structure for table bugshan_db.article_descriptions
CREATE TABLE IF NOT EXISTS `article_descriptions` (
  `id` bigint(20) unsigned NOT NULL AUTO_INCREMENT,
  `title` varchar(191) DEFAULT NULL,
  `description` longtext DEFAULT NULL,
  `address` longtext DEFAULT NULL,
  `slug` varchar(100) DEFAULT NULL,
  `meta_description` text DEFAULT NULL,
  `keywords` varchar(400) DEFAULT NULL,
  `article_id` bigint(20) unsigned DEFAULT NULL,
  `language_id` bigint(20) unsigned DEFAULT NULL,
  PRIMARY KEY (`id`),
  KEY `article_descriptions_language_id_foreign` (`language_id`),
  KEY `article_descriptions_article_id_language_id_index` (`article_id`,`language_id`),
  CONSTRAINT `article_descriptions_article_id_foreign` FOREIGN KEY (`article_id`) REFERENCES `articles` (`id`) ON DELETE CASCADE ON UPDATE CASCADE,
  CONSTRAINT `article_descriptions_language_id_foreign` FOREIGN KEY (`language_id`) REFERENCES `languages` (`id`) ON DELETE CASCADE ON UPDATE CASCADE
) ENGINE=InnoDB AUTO_INCREMENT=900 DEFAULT CHARSET=utf8 COLLATE=utf8_general_ci;

-- Dumping data for table bugshan_db.article_descriptions: ~0 rows (approximately)

-- Dumping structure for table bugshan_db.article_photos
CREATE TABLE IF NOT EXISTS `article_photos` (
  `id` bigint(20) unsigned NOT NULL AUTO_INCREMENT,
  `image` varchar(250) DEFAULT NULL,
  `article_id` bigint(20) unsigned DEFAULT NULL,
  PRIMARY KEY (`id`),
  KEY `article_photos_article_id_index` (`article_id`),
  CONSTRAINT `article_photos_article_id_foreign` FOREIGN KEY (`article_id`) REFERENCES `articles` (`id`) ON DELETE CASCADE ON UPDATE CASCADE
) ENGINE=InnoDB AUTO_INCREMENT=1565 DEFAULT CHARSET=utf8 COLLATE=utf8_general_ci;

-- Dumping data for table bugshan_db.article_photos: ~0 rows (approximately)

-- Dumping structure for table bugshan_db.banners
CREATE TABLE IF NOT EXISTS `banners` (
  `id` bigint(20) unsigned NOT NULL AUTO_INCREMENT,
  `image` varchar(255) DEFAULT NULL,
  `video` varchar(255) DEFAULT NULL,
  `created_at` datetime DEFAULT NULL,
  `updated_at` datetime DEFAULT NULL,
  `deleted_at` datetime DEFAULT NULL,
  PRIMARY KEY (`id`)
) ENGINE=InnoDB AUTO_INCREMENT=2 DEFAULT CHARSET=utf8mb4 COLLATE=utf8mb4_general_ci;

-- Dumping data for table bugshan_db.banners: ~1 rows (approximately)
INSERT INTO `banners` (`id`, `image`, `video`, `created_at`, `updated_at`, `deleted_at`) VALUES
	(1, 'storage/photos/shares/iso.png', 'storage/photos/shares/vid.mp4', '2024-04-21 15:50:28', '2024-04-24 14:46:42', NULL);

-- Dumping structure for table bugshan_db.banner_descriptions
CREATE TABLE IF NOT EXISTS `banner_descriptions` (
  `id` bigint(20) unsigned NOT NULL AUTO_INCREMENT,
  `title` varchar(200) DEFAULT NULL,
  `description` text DEFAULT NULL,
  `banner_id` bigint(20) unsigned DEFAULT NULL,
  `language_id` bigint(20) unsigned DEFAULT NULL,
  PRIMARY KEY (`id`),
  KEY `banner_descriptions_banner_id_foreign` (`banner_id`),
  KEY `banner_descriptions_language_id_foreign` (`language_id`),
  CONSTRAINT `banner_descriptions_banner_id_foreign` FOREIGN KEY (`banner_id`) REFERENCES `banners` (`id`) ON DELETE CASCADE ON UPDATE CASCADE,
  CONSTRAINT `banner_descriptions_language_id_foreign` FOREIGN KEY (`language_id`) REFERENCES `languages` (`id`) ON DELETE CASCADE ON UPDATE CASCADE
) ENGINE=InnoDB AUTO_INCREMENT=13 DEFAULT CHARSET=utf8mb4 COLLATE=utf8mb4_general_ci;

-- Dumping data for table bugshan_db.banner_descriptions: ~2 rows (approximately)
INSERT INTO `banner_descriptions` (`id`, `title`, `description`, `banner_id`, `language_id`) VALUES
	(11, 'حاصلة على شهادة أنظمة إدارة الجودة ISO 9001', '<p>خدمة وتقديم خدمات تقديم الطعام للمراكز الطبية والصناعات الأخرى، وخدمة وتسليم حصص الإعاشة المطبوخة للأفراد.</p>', 1, 1),
	(12, 'Certified with ISO 9001 quality management systems', '<p>Servicing and providing of Catering Services to Medical Centers and other Industries, Servicing and delivery of cooked rations for individuals.</p>', 1, 2);

-- Dumping structure for table bugshan_db.bookings
CREATE TABLE IF NOT EXISTS `bookings` (
  `id` bigint(20) unsigned NOT NULL AUTO_INCREMENT,
  `name` varchar(100) NOT NULL,
  `phone` varchar(15) NOT NULL,
  `email` varchar(50) NOT NULL,
  `agency` varchar(50) NOT NULL,
  `iata_no` varchar(50) DEFAULT NULL,
  `country_id` bigint(20) unsigned NOT NULL,
  `hotel_data` text NOT NULL,
  `booking_data` text NOT NULL,
  `services` text DEFAULT NULL,
  `notes` text DEFAULT NULL,
  `created_at` timestamp NULL DEFAULT NULL,
  `updated_at` timestamp NULL DEFAULT NULL,
  `deleted_at` timestamp NULL DEFAULT NULL,
  PRIMARY KEY (`id`)
) ENGINE=MyISAM AUTO_INCREMENT=59 DEFAULT CHARSET=utf8 COLLATE=utf8_general_ci;

-- Dumping data for table bugshan_db.bookings: 57 rows
INSERT INTO `bookings` (`id`, `name`, `phone`, `email`, `agency`, `iata_no`, `country_id`, `hotel_data`, `booking_data`, `services`, `notes`, `created_at`, `updated_at`, `deleted_at`) VALUES
	(1, 'Ammar', '0501231234', 'ammarsayed83@gmail.com', 'Test', '503135443541311818181', 1, '{"cities":["mecca","madina"],"check_in":["2022-11-05","2022-11-13"],"check_out":["2022-11-08","2022-11-15"]}', '{"participants_no":"100","rooms_type":{"single":"4","double":"4","triple":"6","quadruple":"10","quintuple":"6"}}', '{"3":[9,8,7],"2":[6,5,4],"1":[3,2,1]}', NULL, '2022-10-20 15:46:59', '2022-11-20 14:49:46', '2022-11-20 14:49:46'),
	(2, 'Ammar2', '0501233456', 'ammarsayed888@gmail.com', 'Test', '111', 2, '{"cities":["mecca","madina"],"check_in":["2022-11-05","2022-11-13"],"check_out":["2022-11-08","2022-11-15"]}', '{"participants_no":"100","rooms_type":{"single":"0","double":"0","triple":"0","quadruple":"0","quintuple":"20"}}', '{"3":[9,8,7],"2":[6,5,4],"1":[3,2,1]}', 'Test tEst', '2022-10-20 15:52:44', '2022-11-20 14:49:46', '2022-11-20 14:49:46'),
	(3, 'sayed', '0502354488', 'ammarh32@gmail.com', 'test test', '51611518', 1, '{"cities":["mecca","madina"],"check_in":["2022-11-05","2022-11-13"],"check_out":["2022-11-08","2022-11-15"]}', '{"participants_no":"105","rooms_type":{"single":"0","double":"0","triple":"0","quadruple":"5","quintuple":"17"}}', '{"3":[9,8,7],"2":[6,5,4],"1":[3,2,1]}', NULL, '2022-10-20 15:56:36', '2022-11-20 14:49:46', '2022-11-20 14:49:46'),
	(4, 'تيست', '0502454488', 'mkladnmg@fda.com', 'asdfij', '531351351', 15, '{"cities":["mecca","madina"],"check_in":["2022-11-05","2022-11-13"],"check_out":["2022-11-08","2022-11-15"]}', '{"participants_no":"20","rooms_type":{"single":"4","double":"0","triple":"1","quadruple":"2","quintuple":"1"}}', '{"3":[9,8,7],"2":[6,5,4],"1":[3,2,1]}', 'تيست تيست تيست تيست تيست تيست تيست تيست', '2022-10-20 16:08:06', '2022-11-20 14:49:46', '2022-11-20 14:49:46'),
	(5, 'admin', '05959552752', 'asad@nesma.com', 'rawahel', '05959552752', 1, '{"cities":["mecca","madina"],"check_in":["2022-11-05","2022-11-13"],"check_out":["2022-11-08","2022-11-15"]}', '{"participants_no":"40","rooms_type":{"single":"0","double":"0","triple":"0","quadruple":"10","quintuple":"0"}}', '{"3":[9,8,7],"2":[6,5,4],"1":[3,2,1]}', 'test', '2022-10-24 09:03:12', '2022-11-20 14:49:46', '2022-11-20 14:49:46'),
	(6, 'admin1', '05959552752', 'asad@nesma.com', 'rawahel2', '05959552752', 1, '{"cities":["mecca","madina"],"check_in":["2022-11-05","2022-11-13"],"check_out":["2022-11-08","2022-11-15"]}', '{"participants_no":"34","rooms_type":{"single":"6","double":"3","triple":"1","quadruple":"1","quintuple":"3"}}', '{"3":[9,8,7],"2":[6,5,4],"1":[3,2,1]}', 'test-2', '2022-10-24 09:05:03', '2022-11-20 14:49:46', '2022-11-20 14:49:46'),
	(7, 'محمد سلام', '0533333333', 'mosallam@gmail.com', 'وكالة اليوم هوست', '1234', 2, '{"cities":["mecca","madina"],"check_in":["2022-11-05","2022-11-13"],"check_out":["2022-11-08","2022-11-15"]}', '{"participants_no":"30","rooms_type":{"single":"2","double":"2","triple":"2","quadruple":"2","quintuple":"2"}}', '{"3":[9,8,7],"2":[6,5,4],"1":[3,2,1]}', NULL, '2022-10-31 18:06:05', '2022-10-31 18:07:15', '2022-10-31 18:07:15'),
	(8, 'محمد سلام', '0533333333', 'mosallam@gmail.com', 'وكالة اليوم هوست', '1234', 2, '{"cities":["mecca","madina"],"check_in":["2022-11-05","2022-11-13"],"check_out":["2022-11-08","2022-11-15"]}', '{"participants_no":"30","rooms_type":{"single":"2","double":"2","triple":"2","quadruple":"2","quintuple":"2"}}', '{"3":[9,8,7],"2":[6,5,4],"1":[3,2,1]}', NULL, '2022-10-31 18:08:46', '2022-11-20 14:49:46', '2022-11-20 14:49:46'),
	(9, 'Abdullah Thabet', '0543605073', 'abdullahr999@gmail.com', 'test', NULL, 1, '{"cities":["mecca","madina"],"check_in":["2022-11-05","2022-11-13"],"check_out":["2022-11-08","2022-11-15"]}', '{"participants_no":"2","rooms_type":{"single":"2","double":"0","triple":"0","quadruple":"0","quintuple":"0"}}', '{"3":[9,8,7],"2":[6,5,4],"1":[3,2,1]}', NULL, '2022-11-01 08:46:02', '2022-11-20 14:49:46', '2022-11-20 14:49:46'),
	(10, 'محمد سلام', '0533333333', 'mosallam@gmail.com', 'وكالة اليوم هوست', '345435', 2, '{"cities":["mecca","madina"],"check_in":["2022-11-01","2022-11-06"],"check_out":["2022-11-03","2022-11-08"]}', '{"participants_no":"2","rooms_type":{"single":"0","double":"1","triple":"0","quadruple":"0","quintuple":"0"}}', '{"3":[9,8,7],"2":[6,5,4],"1":[3,2,1]}', NULL, '2022-11-01 17:49:32', '2022-11-20 14:49:46', '2022-11-20 14:49:46'),
	(11, 'محمد سلام', '0533333333', 'mosallam@gmail.com', 'وكالة اليوم هوست', '234324', 2, '{"cities":["mecca","madina"],"check_in":["2022-11-01","2022-11-06"],"check_out":["2022-11-03","2022-11-08"]}', '{"participants_no":"2","rooms_type":{"single":"2","double":"0","triple":"0","quadruple":"0","quintuple":"0"}}', '{"3":[9,8,7],"2":[6,5,4],"1":[3,2,1]}', 'التفاصيل', '2022-11-01 17:51:51', '2022-11-20 14:49:46', '2022-11-20 14:49:46'),
	(12, 'Abdullah Thabet', '0543605073', 'abdullahr999@gmail.com', 'eeew', NULL, 1, '{"cities":["mecca","madina"],"check_in":["2022-11-01","2022-11-16"],"check_out":["2022-11-16","2022-11-25"]}', '{"participants_no":"200","rooms_type":{"single":"4","double":"5","triple":"5","quadruple":"4","quintuple":"31"}}', '{"3":[9,8,7],"2":[6,5,4],"1":[3,2,1]}', 'test test test test test test test', '2022-11-02 09:12:38', '2022-11-20 14:49:46', '2022-11-20 14:49:46'),
	(13, 'Abdullah Thabet', '0543605073', 'abdullahr999@gmail.com', 'منتنمتمنمتن', NULL, 1, '{"cities":["mecca"],"check_in":["2022-11-02"],"check_out":["2022-11-08"]}', '{"participants_no":"1","rooms_type":{"single":"1","double":"0","triple":"0","quadruple":"0","quintuple":"0"}}', '{"3":[9,8,7],"2":[6,5,4],"1":[3,2,1]}', 'خحنننكم', '2022-11-02 10:07:40', '2022-11-20 14:49:46', '2022-11-20 14:49:46'),
	(14, 'ssssssss', '0512345678', 'admin@admin.com', 'ssssssss', '6555', 2, '{"cities":["madina","madina"],"check_in":["2022-11-02","2022-11-01"],"check_out":["2022-11-10","2022-11-20"]}', '{"participants_no":"10","rooms_type":{"single":"2","double":"4","triple":"0","quadruple":"0","quintuple":"0"}}', '{"3":[9,8,7],"2":[6,5,4],"1":[3,2,1]}', NULL, '2022-11-02 12:10:45', '2022-11-02 12:11:04', '2022-11-02 12:11:04'),
	(15, 'محمد سلام', '0533333333', 'mosallam@gmail.com', 'وكالة اليوم هوست', '234324', 2, '{"cities":["1"],"check_in":["2022-11-02"],"check_out":["2022-11-04"]}', '{"participants_no":"30","rooms_type":{"single":"2","double":"2","triple":"2","quadruple":"2","quintuple":"2"}}', '{"3":[9,8,7],"2":[6,5,4],"1":[3,2,1]}', 'لا توجد ملاحظات', '2022-11-02 23:56:29', '2022-11-20 14:49:46', '2022-11-20 14:49:46'),
	(16, 'محمد سلام', '0533333333', 'mosallam@gmail.com', 'وكالة اليوم هوست', '345435', 2, '{"cities":["1"],"check_in":["2022-11-02"],"check_out":["2022-11-05"]}', '{"participants_no":"30","rooms_type":{"single":"2","double":"2","triple":"2","quadruple":"2","quintuple":"2"}}', '{"3":[9],"2":[6]}', 'ليس هناك ملاحظات', '2022-11-03 00:24:24', '2022-11-20 14:49:46', '2022-11-20 14:49:46'),
	(17, 'Abdullah Thabet', '0543605073', 'abdullahr999@gmail.com', 'sddfsdfsdf', NULL, 1, '{"cities":["1"],"check_in":["2022-11-03"],"check_out":["2022-11-17"]}', '{"participants_no":"200","rooms_type":{"single":"1","double":"7","triple":"41","quadruple":"8","quintuple":"6"}}', '{"3":[13,12]}', 'Test Test Test Test Test Test Test Test Test Test Test Test Test Test Test Test Test Test Test Test Test Test Test Test Test Test Test Test Test Test Test', '2022-11-03 08:17:27', '2022-11-20 14:49:46', '2022-11-20 14:49:46'),
	(18, 'Abdullah Thabet', '0543605073', 'abdullahr999@gmail.com', 'ghfhfghfghfgh', NULL, 1, '{"cities":["1","6","7"],"check_in":["2022-11-03","2022-11-16","2022-11-23"],"check_out":["2022-11-11","2022-11-21","2022-11-30"]}', '{"participants_no":"100","rooms_type":{"single":"5","double":"15","triple":"10","quadruple":"5","quintuple":"3"}}', '{"3":[13,11]}', 'TESTTESTTESTTESTTESTTESTTESTTESTTESTTESTTESTTESTTESTTESTTESTTESTTESTTESTTESTTESTTESTTESTTESTTESTTESTTESTTESTTESTTESTTESTTESTTESTTESTTESTTESTTESTTESTTESTTEST', '2022-11-03 08:34:42', '2022-11-20 14:49:46', '2022-11-20 14:49:46'),
	(19, 'Abdullah Thabet', '0543605073', 'abdullahr999@gmail.com', 'gfgdggfgf', NULL, 1, '{"cities":["1"],"check_in":["2022-11-04"],"check_out":["2022-11-24"]}', '{"participants_no":"10","rooms_type":{"single":"0","double":"0","triple":"0","quadruple":"0","quintuple":"2"}}', '{"3":[12,11]}', 'TESTTESTTESTTESTTESTTESTTESTTESTTESTTESTTESTTESTTESTTESTTESTTESTTESTTESTTESTTESTTESTTESTTESTTESTTESTTESTTESTTESTTESTTESTTESTTESTTESTTESTTESTTESTTESTTESTTESTTESTTESTTESTTESTTESTTESTTESTTESTTESTTEST', '2022-11-03 08:36:05', '2022-11-20 14:49:46', '2022-11-20 14:49:46'),
	(20, 'Abdullah Thabet333', '0543605073', 'abdullahr999@gmail.com', 'dfvdfgdf', NULL, 1, '{"cities":["1"],"check_in":["2022-11-04"],"check_out":["2022-11-23"]}', '{"participants_no":"10","rooms_type":{"single":"0","double":"0","triple":"0","quadruple":"0","quintuple":"2"}}', '{"3":[12]}', 'test', '2022-11-03 08:40:50', '2022-11-20 14:49:46', '2022-11-20 14:49:46'),
	(21, 'محمد سلام', '0533333333', 'mosallam@gmail.com', 'وكالة اليوم هوست', '123213', 2, '{"cities":["1"],"check_in":["2022-11-03"],"check_out":["2022-11-07"]}', '{"participants_no":"30","rooms_type":{"single":"2","double":"2","triple":"2","quadruple":"2","quintuple":"2"}}', '{"3":[13,12,11]}', 'لا توجد ملاحظات', '2022-11-03 11:22:17', '2022-11-20 14:49:46', '2022-11-20 14:49:46'),
	(22, 'Abdullah Thabet', '0543605073', 'abdullahr999@gmail.com', 'ببلييبللبي', NULL, 1, '{"cities":["1"],"check_in":["2022-11-03"],"check_out":["2022-11-17"]}', '{"participants_no":"10","rooms_type":{"single":"0","double":"0","triple":"0","quadruple":"0","quintuple":"2"}}', '{"3":[12,11]}', NULL, '2022-11-03 12:15:37', '2022-11-20 14:49:46', '2022-11-20 14:49:46'),
	(23, 'Abdullah Thabet', '0543605073', 'abdullahr999@gmail.com', 'fdgfdg', NULL, 1, '{"cities":["1"],"check_in":["2022-11-06"],"check_out":["2022-11-24"]}', '{"participants_no":"10","rooms_type":{"single":"0","double":"0","triple":"0","quadruple":"0","quintuple":"2"}}', '{"3":[13,12]}', NULL, '2022-11-06 08:21:50', '2022-11-20 14:49:46', '2022-11-20 14:49:46'),
	(24, 'hassen', '0543404841', 'admin@admin.com', 'jhghgfgfdghf', '3423453245', 1, '{"cities":["1"],"check_in":["2022-11-16"],"check_out":["2022-11-30"]}', '{"participants_no":"50","rooms_type":{"single":"5","double":"0","triple":"2","quadruple":"6","quintuple":"3"}}', '{"3":[13,12,11]}', NULL, '2022-11-13 10:00:08', '2022-11-20 14:49:46', '2022-11-20 14:49:46'),
	(25, 'Abdullah Thabet', '0543605073', 'abdullahr999@gmail.com', 'dfsdf', '445555', 1, '{"cities":["1"],"check_in":["2022-11-13"],"check_out":["2022-11-23"]}', '{"participants_no":"10","rooms_type":{"single":"0","double":"0","triple":"0","quadruple":"0","quintuple":"2"}}', '{"3":[12]}', 'fgfdgfdg', '2022-11-13 15:23:38', '2022-11-20 14:49:46', '2022-11-20 14:49:46'),
	(26, 'حسن -تجربة 2', '05959552752', 'hasan@mawaddah.com.sa', 'وكالة تجربة', '05959552752', 1, '{"cities":["1"],"check_in":["2022-11-20"],"check_out":["2022-11-22"]}', '{"participants_no":"34","rooms_type":{"single":"5","double":"4","triple":"7","quadruple":"0","quintuple":"0"}}', '{"3":[13]}', NULL, '2022-11-20 14:24:37', '2022-11-20 14:24:37', NULL),
	(27, 'حسن -تجربة 2', '05959552752', 'hasan@mawaddah.com.sa', 'وكالة تجربة', '05959552752', 1, '{"cities":["1"],"check_in":["2022-11-20"],"check_out":["2022-11-22"]}', '{"participants_no":"2","rooms_type":{"single":"2","double":"0","triple":"0","quadruple":"0","quintuple":"0"}}', '{"3":[12,11]}', 'بالصحة والهنا', '2022-11-20 14:32:44', '2022-11-20 14:32:44', NULL),
	(28, 'wasim', '7483242209', 'wasimm48@gmail.com', 'Noo', NULL, 3, '{"cities":["1"],"check_in":["2022-12-14"],"check_out":["2022-12-19"]}', '{"participants_no":"2","rooms_type":{"single":"0","double":"1","triple":"0","quadruple":"0","quintuple":"0"}}', '{"3":[13]}', 'We will be reaching by 5 PM on Dec 14, 2 adults + 1 (5 year kid), need stay for 5 days.', '2022-11-23 21:55:40', '2022-11-23 21:55:40', NULL),
	(29, 'Siraj Ahmad Alokozay', '0093700700123', 'info@alokozaytravel.com', 'Alokozay Tourist & Travel Agency', NULL, 1, '{"cities":["1"],"check_in":["2023-01-28"],"check_out":["2023-02-10"]}', '{"participants_no":"9","rooms_type":{"single":"0","double":"1","triple":"1","quadruple":"1","quintuple":"0"}}', '[]', NULL, '2022-12-26 16:48:01', '2022-12-26 16:48:01', NULL),
	(30, 'سماح', '0547439771', 'Drsamah3@gmail.com', 'شخصى', NULL, 197, '{"cities":["1"],"check_in":["2023-03-24"],"check_out":["2023-03-25"]}', '{"participants_no":"5","rooms_type":{"single":"0","double":"1","triple":"1","quadruple":"0","quintuple":"0"}}', '[]', NULL, '2023-01-04 17:24:24', '2023-01-04 17:24:24', NULL),
	(31, 'sameh abdellah', '971567853231', 'sameh.abdellah@dwtravel.ae', 'DW TRVAVEL', '18039902', 237, '{"cities":["1"],"check_in":["2023-02-03"],"check_out":["2023-02-05"]}', '{"participants_no":"3","rooms_type":{"single":"0","double":"0","triple":"1","quadruple":"0","quintuple":"0"}}', '{"3":[11]}', '2 ADULT 1 CHILD (', '2023-01-27 21:02:42', '2023-01-27 21:02:42', NULL),
	(32, 'basheer', '00971504686514', 'mr.shaikhbasheer@gmail.com', 'personal', NULL, 237, '{"cities":["1"],"check_in":["2023-04-17"],"check_out":["2023-04-22"]}', '{"participants_no":"3","rooms_type":{"single":"0","double":"0","triple":"1","quadruple":"0","quintuple":"0"}}', '{"3":[11]}', NULL, '2023-02-06 20:46:54', '2023-02-06 20:46:54', NULL),
	(33, 'norizan', '601156260767', 'norizanmohd68@gmail.com', 'AQ Travel', NULL, 136, '{"cities":["1"],"check_in":["2023-08-05"],"check_out":["2023-08-11"]}', '{"participants_no":"50","rooms_type":{"single":"0","double":"0","triple":"0","quadruple":"10","quintuple":"2"}}', '{"3":[13,12,11]}', NULL, '2023-02-09 18:35:33', '2023-02-09 18:35:33', NULL),
	(34, 'Muhammad Kamran', '08062452681', 'mkamran205@gmail.com', 'Nil', NULL, 112, '{"cities":["1"],"check_in":["2023-04-06"],"check_out":["2023-04-13"]}', '{"participants_no":"3","rooms_type":{"single":"0","double":"0","triple":"1","quadruple":"0","quintuple":"0"}}', '{"3":[11]}', 'We are two people with 1 year old baby. A room for 2 people or 3 people will be sufficient. Please inform about per night rates. Thank you.', '2023-02-11 17:04:51', '2023-02-11 17:04:51', NULL),
	(35, 'Saadiq', '0832988158', 'saadiqj@gmail.com', 'Private', NULL, 209, '{"cities":["1"],"check_in":["2023-12-19"],"check_out":["2023-12-28"]}', '{"participants_no":"4","rooms_type":{"single":"0","double":"2","triple":"0","quadruple":"0","quintuple":"0"}}', '{"3":[11]}', NULL, '2023-02-12 22:42:20', '2023-02-12 22:42:20', NULL),
	(36, 'sharique ammar', '7999184454', 'shariqueammar.rehmani@gmail.com', 'Rehmaniya Tours & Travels', '14378766', 103, '{"cities":["1"],"check_in":["2023-07-03"],"check_out":["2023-07-23"]}', '{"participants_no":"50","rooms_type":{"single":"0","double":"2","triple":"2","quadruple":"10","quintuple":"0"}}', '{"3":[13,12,11]}', NULL, '2023-02-18 08:34:29', '2023-02-18 08:34:29', NULL),
	(37, 'Mona', '0781798386', 'thejukar@hotmail.com', 'Nasa', NULL, 214, '{"cities":["1"],"check_in":["2023-07-24"],"check_out":["2023-08-11"]}', '{"participants_no":"6","rooms_type":{"single":"0","double":"3","triple":"0","quadruple":"0","quintuple":"0"}}', '{"3":[12]}', NULL, '2023-02-28 15:20:44', '2023-02-28 15:20:44', NULL),
	(38, 'testsssss', '0565748697', 'ssss@ddd.dddd', 'qqqqq', '123321', 1, '{"cities":["1"],"check_in":["2023-03-01"],"check_out":["2023-03-15"]}', '{"participants_no":"10","rooms_type":{"single":"0","double":"0","triple":"0","quadruple":"0","quintuple":"0"}}', '{"3":[13]}', 'xzzxz', '2023-03-13 17:42:34', '2023-03-13 17:42:34', NULL),
	(39, 'ِاحمد محمود', '00201002724013', 'ahmed.sebak90@gmail.com', 'personal', NULL, 66, '{"cities":["1"],"check_in":["2023-04-17"],"check_out":["2023-04-21"]}', '{"participants_no":"2","rooms_type":{"single":"0","double":"1","triple":"0","quadruple":"0","quintuple":"0"}}', '{"3":[13,11]}', NULL, '2023-03-15 13:22:17', '2023-03-15 13:22:17', NULL),
	(40, 'Alsayed Alrawy', '0096566623157', 'elrawy10@gmail.com', 'نفسي', NULL, 121, '{"cities":["1"],"check_in":["2023-03-26"],"check_out":["2023-03-29"]}', '{"participants_no":"4","rooms_type":{"single":"0","double":"0","triple":"0","quadruple":"1","quintuple":"0"}}', '[]', NULL, '2023-03-21 12:08:47', '2023-03-21 12:08:47', NULL),
	(41, 'M.Ikram', '0507827023', 'ikramniaz@gmail.com', 'personal', NULL, 237, '{"cities":["1"],"check_in":["2023-03-27"],"check_out":["2023-03-29"]}', '{"participants_no":"2","rooms_type":{"single":"0","double":"0","triple":"0","quadruple":"0","quintuple":"0"}}', '{"3":[11]}', 'only seri', '2023-03-23 02:04:16', '2023-03-23 02:04:16', NULL),
	(42, 'علي', '0561094577', 'mohamd.habib054@gmail.com', 'الهدية', NULL, 152, '{"cities":["1"],"check_in":["2023-03-27"],"check_out":["2023-03-31"]}', '{"participants_no":"1","rooms_type":{"single":"1","double":"0","triple":"0","quadruple":"0","quintuple":"0"}}', '[]', NULL, '2023-03-26 11:36:57', '2023-03-26 11:36:57', NULL),
	(43, 'محمد بن سعيد الشهيمي', '0096895388505', 'mohd.alshohimy@gmail.com', 'معتمر', '1509', 169, '{"cities":["1"],"check_in":["2023-04-13"],"check_out":["2023-04-16"]}', '{"participants_no":"2","rooms_type":{"single":"0","double":"1","triple":"0","quadruple":"0","quintuple":"0"}}', '[]', NULL, '2023-03-26 19:49:03', '2023-03-26 19:49:03', NULL),
	(44, 'Mohammed Said Alshohimy', '0096895388505', 'mohd.alshohimy@gmail.com', 'Oman', '00968', 169, '{"cities":["1"],"check_in":["2023-04-13"],"check_out":["2023-04-16"]}', '{"participants_no":"2","rooms_type":{"single":"0","double":"1","triple":"0","quadruple":"0","quintuple":"0"}}', '[]', NULL, '2023-03-26 19:52:33', '2023-03-26 19:52:33', NULL),
	(45, 'Souad el mellali el karchi', '212654669256', 'anita.panorama1@gmail.com', 'Nasma', NULL, 152, '{"cities":["1"],"check_in":["2023-03-29"],"check_out":["2023-04-03"]}', '{"participants_no":"2","rooms_type":{"single":"0","double":"1","triple":"0","quadruple":"0","quintuple":"0"}}', '[]', NULL, '2023-03-27 06:32:18', '2023-03-27 06:32:18', NULL),
	(46, 'Souad el mellali el karchi', '212654669256', 'anita.panorama1@gmail.com', 'Nasma', NULL, 76, '{"cities":["1"],"check_in":["2023-03-29"],"check_out":["2023-04-03"]}', '{"participants_no":"2","rooms_type":{"single":"0","double":"1","triple":"0","quadruple":"0","quintuple":"0"}}', '[]', NULL, '2023-03-27 06:40:22', '2023-03-27 06:40:22', NULL),
	(47, 'Mohamed', '00212661362854', 'medarouy1999@gmail.com', 'Moi même', NULL, 152, '{"cities":["1"],"check_in":["2023-05-08"],"check_out":["2023-05-23"]}', '{"participants_no":"1","rooms_type":{"single":"1","double":"0","triple":"0","quadruple":"0","quintuple":"0"}}', '[]', NULL, '2023-04-08 18:20:21', '2023-04-08 18:20:21', NULL),
	(48, 'Mohamed', '00212661362854', 'medarouy1999@gmail.com', 'Moi même', NULL, 152, '{"cities":["1"],"check_in":["2023-05-08"],"check_out":["2023-05-23"]}', '{"participants_no":"1","rooms_type":{"single":"1","double":"0","triple":"0","quadruple":"0","quintuple":"0"}}', '[]', NULL, '2023-04-08 18:22:37', '2023-04-08 18:22:37', NULL),
	(49, 'Mostafa Shazly Salem', '00201006622916', 'mosshazly@gmail.com', 'مصر', NULL, 66, '{"cities":["1"],"check_in":["2023-05-24"],"check_out":["2023-05-27"]}', '{"participants_no":"1","rooms_type":{"single":"1","double":"0","triple":"0","quadruple":"0","quintuple":"0"}}', '[]', NULL, '2023-04-23 09:56:09', '2023-04-23 09:56:09', NULL),
	(50, 'admin', '05959552752', 'hasan@mawaddah.com.sa', 'وكالة تجربة', '05959552752', 197, '{"cities":["1"],"check_in":["2023-05-02"],"check_out":["2023-05-02"]}', '{"participants_no":"12","rooms_type":{"single":"1","double":"0","triple":"1","quadruple":"2","quintuple":"0"}}', '{"3":[13]}', NULL, '2023-05-01 14:59:22', '2023-05-01 14:59:22', NULL),
	(51, 'GET A GUOTE', '0588874511', 'asad@nesma.com', 'وكالة تجربة', '05959552752', 94, '{"cities":["1"],"check_in":["2023-05-12"],"check_out":["2023-05-12"]}', '{"participants_no":"40","rooms_type":{"single":"5","double":"5","triple":"4","quadruple":"2","quintuple":"1"}}', '{"3":[13,12,11]}', 'لمين وصلت الرسالة ؟', '2023-05-03 10:46:06', '2023-05-03 10:46:06', NULL),
	(52, 'get a goute', '0567897811', 'asad@nesma.com', 'وكالة تجربة fdfdfd', '05959552752', 1, '{"cities":["1"],"check_in":["2023-05-05"],"check_out":["2023-05-19"]}', '{"participants_no":"10","rooms_type":{"single":"1","double":"2","triple":"0","quadruple":"0","quintuple":"1"}}', '{"3":[13,12,11]}', 'بعد تعديل الايميل', '2023-05-03 10:59:27', '2023-05-03 10:59:27', NULL),
	(53, 'Namma Hotel', '0567897811', 'asad@nesma.com', 'وكالة تجربة hhhhhhhhhhhhhhh', '05959552752', 2, '{"cities":["1"],"check_in":["2023-05-11"],"check_out":["2023-05-12"]}', '{"participants_no":"10","rooms_type":{"single":"0","double":"0","triple":"0","quadruple":"0","quintuple":"2"}}', '{"3":[13,12,11]}', NULL, '2023-05-03 12:19:18', '2023-05-03 12:19:18', NULL),
	(54, 'Namma Hotel', '05959552752', 'asad@nesma.com', 'وكالة تجربة hhhhhhhhhhhhhhh', '05959552752', 2, '{"cities":["1"],"check_in":["2023-05-12"],"check_out":["2023-05-18"]}', '{"participants_no":"12","rooms_type":{"single":"0","double":"1","triple":"0","quadruple":"0","quintuple":"2"}}', '[]', NULL, '2023-05-03 12:23:42', '2023-05-03 12:23:42', NULL),
	(55, 'Fatima', '966599444279', 'fatimah@nesma.com', 'Nesma', NULL, 2, '{"cities":["1"],"check_in":["2023-05-08"],"check_out":["2023-05-08"]}', '{"participants_no":"1","rooms_type":{"single":"1","double":"0","triple":"0","quadruple":"0","quintuple":"0"}}', '{"3":[13,12]}', NULL, '2023-05-07 08:34:00', '2023-05-07 08:34:00', NULL),
	(57, 'Abdullah Thabet', '0543605073', 'abdullahr999@gmail.com', 'gfgdggfgf', '445555', 197, '{"cities":["1"],"check_in":["2023-05-01"],"check_out":["2023-05-23"]}', '{"participants_no":"10","rooms_type":{"single":"2","double":"1","triple":"2","quadruple":"0","quintuple":"0"}}', '{"3":[13]}', 'dfdgf', '2023-05-07 12:35:29', '2023-05-07 12:35:29', NULL),
	(58, 'admin1', '0567897811', 'asad@nesma.com', 'وكالة تجربة hh', '05959552752', 2, '{"cities":["1"],"check_in":["2023-05-10"],"check_out":["2023-05-19"]}', '{"participants_no":"40","rooms_type":{"single":"2","double":"2","triple":"2","quadruple":"2","quintuple":"4"}}', '{"3":[13,12,11]}', NULL, '2023-05-07 14:55:06', '2023-05-07 14:55:06', NULL);

-- Dumping structure for table bugshan_db.booking_details
CREATE TABLE IF NOT EXISTS `booking_details` (
  `id` bigint(20) unsigned NOT NULL AUTO_INCREMENT,
  PRIMARY KEY (`id`)
) ENGINE=InnoDB AUTO_INCREMENT=2 DEFAULT CHARSET=utf8 COLLATE=utf8_general_ci;

-- Dumping data for table bugshan_db.booking_details: ~1 rows (approximately)
INSERT INTO `booking_details` (`id`) VALUES
	(1);

-- Dumping structure for table bugshan_db.booking_detail_descriptions
CREATE TABLE IF NOT EXISTS `booking_detail_descriptions` (
  `id` bigint(20) unsigned NOT NULL AUTO_INCREMENT,
  `title_1` varchar(100) NOT NULL,
  `title_2` varchar(100) NOT NULL,
  `title_3` varchar(100) NOT NULL,
  `title_4` varchar(100) NOT NULL,
  `title_5` varchar(100) NOT NULL,
  `booking_detail_id` bigint(20) unsigned NOT NULL,
  `language_id` bigint(20) unsigned NOT NULL,
  PRIMARY KEY (`id`),
  KEY `booking_detail_descriptions_booking_detail_id_language_id_index` (`booking_detail_id`,`language_id`),
  CONSTRAINT `booking_detail_descriptions_booking_detail_id_foreign` FOREIGN KEY (`booking_detail_id`) REFERENCES `booking_details` (`id`) ON DELETE CASCADE
) ENGINE=InnoDB AUTO_INCREMENT=15 DEFAULT CHARSET=utf8 COLLATE=utf8_general_ci;

-- Dumping data for table bugshan_db.booking_detail_descriptions: ~2 rows (approximately)
INSERT INTO `booking_detail_descriptions` (`id`, `title_1`, `title_2`, `title_3`, `title_4`, `title_5`, `booking_detail_id`, `language_id`) VALUES
	(13, 'سعة الغرفة (1) شخص', 'سعة الغرفة (2) شخص', 'سعة الغرفة (3) أفراد', 'سعة الغرفة (4) أشخاص', 'سعة الغرفة (5) أشخاص', 1, 1),
	(14, 'The capacity of the room (1) person', 'The capacity of the room (2) persons', 'The capacity of the room (3) persons', 'The capacity of the room (4) persons', 'The capacity of the room (5) persons', 1, 2);

-- Dumping structure for table bugshan_db.branches
CREATE TABLE IF NOT EXISTS `branches` (
  `id` bigint(20) unsigned NOT NULL AUTO_INCREMENT,
  `email` varchar(80) DEFAULT NULL,
  `phone` varchar(20) DEFAULT NULL,
  `facebook` varchar(200) DEFAULT NULL,
  `youtube` varchar(200) DEFAULT NULL,
  `twitter` varchar(200) DEFAULT NULL,
  `instagram` varchar(200) DEFAULT NULL,
  `whatsapp` varchar(200) DEFAULT NULL,
  `map` text DEFAULT NULL,
  `created_at` datetime DEFAULT NULL,
  `updated_at` datetime DEFAULT NULL,
  `deleted_at` datetime DEFAULT NULL,
  PRIMARY KEY (`id`)
) ENGINE=InnoDB AUTO_INCREMENT=3 DEFAULT CHARSET=utf8mb4 COLLATE=utf8mb4_general_ci;

-- Dumping data for table bugshan_db.branches: ~2 rows (approximately)
INSERT INTO `branches` (`id`, `email`, `phone`, `facebook`, `youtube`, `twitter`, `instagram`, `whatsapp`, `map`, `created_at`, `updated_at`, `deleted_at`) VALUES
	(1, 'info@gmail.com', '512345678', 'https://www.facebook.com/', 'https://www.youtube.com/', 'https://twitter.com/?lang=en', 'https://instagram.com/', 'https://web.whatsapp.com/', '<iframe src="https://www.google.com/maps/embed?pb=!1m18!1m12!1m3!1d950666.7076718612!2d38.028190760624796!3d21.4472467119568!2m3!1f0!2f0!3f0!3m2!1i1024!2i768!4f13.1!3m3!1m2!1s0x15c3d01fb1137e59%3A0xe059579737b118db!2sJeddah%20Saudi%20Arabia!5e0!3m2!1sen!2seg!4v1714060295380!5m2!1sen!2seg" width="600" height="450" style="border:0;" allowfullscreen="" loading="lazy" referrerpolicy="no-referrer-when-downgrade"></iframe>', '2024-04-18 15:54:18', '2024-04-25 18:52:26', NULL),
	(2, 'info@gmail.com', '501234500', 'https://www.facebook.com/', 'https://www.youtube.com/', 'https://twitter.com/', 'https://www.instagram.com/', 'https://web.whatsapp.com/', '<iframe src="https://www.google.com/maps/embed?pb=!1m18!1m12!1m3!1d927767.3399049372!2d46.163081231815035!3d24.723750059422045!2m3!1f0!2f0!3f0!3m2!1i1024!2i768!4f13.1!3m3!1m2!1s0x3e2f03890d489399%3A0xba974d1c98e79fd5!2sRiyadh%20Saudi%20Arabia!5e0!3m2!1sen!2seg!4v1714060221470!5m2!1sen!2seg" width="600" height="450" style="border:0;" allowfullscreen="" loading="lazy" referrerpolicy="no-referrer-when-downgrade"></iframe>', '2024-04-24 13:46:12', '2024-04-25 18:50:34', NULL);

-- Dumping structure for table bugshan_db.branche_descriptions
CREATE TABLE IF NOT EXISTS `branche_descriptions` (
  `id` bigint(20) unsigned NOT NULL AUTO_INCREMENT,
  `title` varchar(200) DEFAULT NULL,
  `address` text DEFAULT NULL,
  `branche_id` bigint(20) unsigned DEFAULT NULL,
  `language_id` bigint(20) unsigned DEFAULT NULL,
  PRIMARY KEY (`id`),
  KEY `branche_descriptions_branche_id_foreign` (`branche_id`),
  KEY `branche_descriptions_language_id_foreign` (`language_id`),
  CONSTRAINT `branche_descriptions_branche_id_foreign` FOREIGN KEY (`branche_id`) REFERENCES `branches` (`id`) ON DELETE CASCADE ON UPDATE CASCADE,
  CONSTRAINT `branche_descriptions_language_id_foreign` FOREIGN KEY (`language_id`) REFERENCES `languages` (`id`) ON DELETE CASCADE ON UPDATE CASCADE
) ENGINE=InnoDB AUTO_INCREMENT=53 DEFAULT CHARSET=utf8mb4 COLLATE=utf8mb4_general_ci;

-- Dumping data for table bugshan_db.branche_descriptions: ~4 rows (approximately)
INSERT INTO `branche_descriptions` (`id`, `title`, `address`, `branche_id`, `language_id`) VALUES
	(47, 'الرياض', 'الرياض', 2, 1),
	(48, 'Al-Riyadh', 'Al-Riyadh', 2, 2),
	(51, 'جدة', 'جده حي الحمراء شارع عرفات', 1, 1),
	(52, 'Jeddah', ',Jeddah, AlHamra District, Arafat,Street', 1, 2);

-- Dumping structure for table bugshan_db.careers
CREATE TABLE IF NOT EXISTS `careers` (
  `id` bigint(20) unsigned NOT NULL AUTO_INCREMENT,
  `created_at` timestamp NULL DEFAULT NULL,
  `updated_at` timestamp NULL DEFAULT NULL,
  `deleted_at` timestamp NULL DEFAULT NULL,
  PRIMARY KEY (`id`)
) ENGINE=InnoDB AUTO_INCREMENT=12 DEFAULT CHARSET=utf8 COLLATE=utf8_general_ci;

-- Dumping data for table bugshan_db.careers: ~10 rows (approximately)
INSERT INTO `careers` (`id`, `created_at`, `updated_at`, `deleted_at`) VALUES
	(1, '2023-06-25 09:56:13', '2023-07-13 14:28:44', '2023-07-13 14:28:44'),
	(2, '2023-07-03 12:16:09', '2023-08-03 07:16:45', '2023-08-03 07:16:45'),
	(3, '2023-07-03 12:22:24', '2023-07-03 12:22:24', NULL),
	(4, '2023-07-03 12:22:32', '2023-07-03 12:22:32', NULL),
	(5, '2023-07-03 12:26:26', '2023-07-03 12:26:26', NULL),
	(6, '2023-07-13 14:29:06', '2023-07-13 14:29:06', NULL),
	(7, '2023-07-13 14:29:33', '2023-07-13 14:29:33', NULL),
	(8, '2023-07-13 14:31:07', '2023-07-13 14:31:07', NULL),
	(9, '2023-07-26 11:25:21', '2023-07-26 11:25:21', NULL),
	(11, '2023-07-27 13:45:11', '2023-07-27 13:45:11', NULL);

-- Dumping structure for table bugshan_db.career_descriptions
CREATE TABLE IF NOT EXISTS `career_descriptions` (
  `id` bigint(20) unsigned NOT NULL AUTO_INCREMENT,
  `title` varchar(200) DEFAULT NULL,
  `career_id` bigint(20) unsigned DEFAULT NULL,
  `language_id` bigint(20) unsigned DEFAULT NULL,
  PRIMARY KEY (`id`),
  KEY `carrer_descriptions_language_id_foreign` (`career_id`),
  KEY `career_descriptions_lanuage_id_foreign` (`language_id`),
  CONSTRAINT `career_descriptions_career_id_foreign` FOREIGN KEY (`career_id`) REFERENCES `careers` (`id`) ON DELETE CASCADE ON UPDATE CASCADE,
  CONSTRAINT `career_descriptions_lanuage_id_foreign` FOREIGN KEY (`language_id`) REFERENCES `languages` (`id`) ON DELETE CASCADE ON UPDATE CASCADE
) ENGINE=InnoDB AUTO_INCREMENT=24 DEFAULT CHARSET=utf8 COLLATE=utf8_general_ci;

-- Dumping data for table bugshan_db.career_descriptions: ~6 rows (approximately)
INSERT INTO `career_descriptions` (`id`, `title`, `career_id`, `language_id`) VALUES
	(7, 'إسم الوظيفة (Arabic)2', 1, 1),
	(8, 'Job Title (English)', 1, 2),
	(9, 'مدير مشاريع', 2, 1),
	(10, 'Project Manager', 2, 2),
	(22, 'موظف IT  للمحطات', 11, 1),
	(23, 'IT Employee for Stations', 11, 2);

-- Dumping structure for table bugshan_db.categories
CREATE TABLE IF NOT EXISTS `categories` (
  `id` bigint(20) unsigned NOT NULL AUTO_INCREMENT,
  `created_at` timestamp NULL DEFAULT NULL,
  `updated_at` timestamp NULL DEFAULT NULL,
  `deleted_at` timestamp NULL DEFAULT NULL,
  PRIMARY KEY (`id`)
) ENGINE=InnoDB AUTO_INCREMENT=54 DEFAULT CHARSET=utf8 COLLATE=utf8_general_ci;

-- Dumping data for table bugshan_db.categories: ~22 rows (approximately)
INSERT INTO `categories` (`id`, `created_at`, `updated_at`, `deleted_at`) VALUES
	(11, '2024-04-22 14:49:53', '2024-06-06 11:30:57', '2024-06-06 11:30:57'),
	(12, '2024-04-23 08:36:17', '2024-06-06 11:30:57', '2024-06-06 11:30:57'),
	(13, '2024-04-23 08:36:27', '2024-06-06 11:30:57', '2024-06-06 11:30:57'),
	(15, '2024-04-23 08:37:47', '2024-04-23 08:37:47', NULL),
	(35, '2024-04-25 09:18:08', '2024-04-25 09:18:08', NULL),
	(36, '2024-04-25 09:18:39', '2024-06-06 11:30:57', '2024-06-06 11:30:57'),
	(37, '2024-04-25 09:19:32', '2024-06-06 11:30:57', '2024-06-06 11:30:57'),
	(39, '2024-04-29 11:04:38', '2024-04-29 11:05:18', '2024-04-29 11:05:18'),
	(40, '2024-04-29 11:04:38', '2024-04-29 11:05:18', '2024-04-29 11:05:18'),
	(41, '2024-04-29 11:04:38', '2024-04-29 11:05:18', '2024-04-29 11:05:18'),
	(42, '2024-04-29 11:04:38', '2024-04-29 11:05:18', '2024-04-29 11:05:18'),
	(43, '2024-04-29 11:04:38', '2024-04-29 11:05:18', '2024-04-29 11:05:18'),
	(44, '2024-04-29 11:04:38', '2024-04-29 11:05:18', '2024-04-29 11:05:18'),
	(45, '2024-04-29 11:04:38', '2024-04-29 11:05:18', '2024-04-29 11:05:18'),
	(46, '2024-04-29 11:04:39', '2024-04-29 11:05:18', '2024-04-29 11:05:18'),
	(47, '2024-04-29 11:04:39', '2024-04-29 11:05:18', '2024-04-29 11:05:18'),
	(48, '2024-04-29 11:04:39', '2024-04-29 11:05:18', '2024-04-29 11:05:18'),
	(49, '2024-04-29 11:04:39', '2024-04-29 11:05:18', '2024-04-29 11:05:18'),
	(50, '2024-04-29 11:04:39', '2024-04-29 11:05:18', '2024-04-29 11:05:18'),
	(51, '2024-04-29 11:04:39', '2024-04-29 11:05:18', '2024-04-29 11:05:18'),
	(52, '2024-04-29 11:05:28', '2024-04-29 11:05:43', '2024-04-29 11:05:43'),
	(53, '2024-04-29 11:05:37', '2024-04-29 11:05:43', '2024-04-29 11:05:43');

-- Dumping structure for table bugshan_db.category_descriptions
CREATE TABLE IF NOT EXISTS `category_descriptions` (
  `id` bigint(20) unsigned NOT NULL AUTO_INCREMENT,
  `name` varchar(100) NOT NULL,
  `category_id` bigint(20) unsigned DEFAULT NULL,
  `language_id` bigint(20) unsigned DEFAULT NULL,
  PRIMARY KEY (`id`),
  KEY `category_descriptions_category_id_language_id_index` (`category_id`,`language_id`),
  CONSTRAINT `category_descriptions_category_id_foreign` FOREIGN KEY (`category_id`) REFERENCES `categories` (`id`) ON DELETE CASCADE
) ENGINE=InnoDB AUTO_INCREMENT=161 DEFAULT CHARSET=utf8 COLLATE=utf8_general_ci;

-- Dumping data for table bugshan_db.category_descriptions: ~42 rows (approximately)
INSERT INTO `category_descriptions` (`id`, `name`, `category_id`, `language_id`) VALUES
	(101, 'الصحة', 13, 1),
	(102, 'Health', 13, 2),
	(103, 'الدفاع', 12, 1),
	(104, 'Defense', 12, 2),
	(105, 'رياضة', 11, 1),
	(106, 'sports', 11, 2),
	(107, 'اخبار', 35, 1),
	(108, 'News', 35, 2),
	(109, 'تعليم', 36, 1),
	(110, 'Education', 36, 2),
	(111, 'مجتمع', 37, 1),
	(112, 'Society', 37, 2),
	(131, 'خالد', 39, 1),
	(132, 'خالد', 39, 2),
	(133, 'خالد', 40, 1),
	(134, 'خالد', 40, 2),
	(135, 'خالد', 41, 1),
	(136, 'خالد', 41, 2),
	(137, 'خالد', 42, 1),
	(138, 'خالد', 42, 2),
	(139, 'خالد', 43, 1),
	(140, 'خالد', 43, 2),
	(141, 'خالد', 44, 1),
	(142, 'خالد', 44, 2),
	(143, 'خالد', 45, 1),
	(144, 'خالد', 45, 2),
	(145, 'خالد', 46, 1),
	(146, 'خالد', 46, 2),
	(147, 'خالد', 47, 1),
	(148, 'خالد', 47, 2),
	(149, 'خالد', 48, 1),
	(150, 'خالد', 48, 2),
	(151, 'خالد', 49, 1),
	(152, 'خالد', 49, 2),
	(153, 'خالد', 50, 1),
	(154, 'خالد', 50, 2),
	(155, 'خالد', 51, 1),
	(156, 'خالد', 51, 2),
	(157, 'خالد', 52, 1),
	(158, 'خالد', 52, 2),
	(159, 'خالد', 53, 1),
	(160, 'خالد', 53, 2);

-- Dumping structure for table bugshan_db.certificates
CREATE TABLE IF NOT EXISTS `certificates` (
  `id` bigint(20) unsigned NOT NULL AUTO_INCREMENT,
  `image` varchar(255) DEFAULT NULL,
  `created_at` datetime DEFAULT NULL,
  `updated_at` datetime DEFAULT NULL,
  `deleted_at` datetime DEFAULT NULL,
  PRIMARY KEY (`id`)
) ENGINE=InnoDB AUTO_INCREMENT=40 DEFAULT CHARSET=utf8mb4 COLLATE=utf8mb4_general_ci;

-- Dumping data for table bugshan_db.certificates: ~39 rows (approximately)
INSERT INTO `certificates` (`id`, `image`, `created_at`, `updated_at`, `deleted_at`) VALUES
	(1, 'storage/photos/shares/cer-1.png', '2024-04-16 17:02:33', '2024-04-16 17:02:33', NULL),
	(2, 'storage/photos/shares/cer-1.png', '2024-04-24 13:29:48', '2024-04-25 20:42:03', NULL),
	(3, 'storage/photos/shares/cer-1.png', '2024-04-24 13:30:28', '2024-04-24 16:22:37', NULL),
	(4, 'storage/photos/shares/about-1.png', '2024-04-24 13:30:47', '2024-04-24 13:33:29', '2024-04-24 13:33:29'),
	(5, 'storage/photos/shares/cer-1.png', '2024-04-24 16:21:42', '2024-04-24 16:21:42', NULL),
	(6, 'storage/photos/shares/cer-1.png', '2024-04-24 17:14:43', '2024-04-24 17:16:40', '2024-04-24 17:16:40'),
	(7, 'storage/photos/shares/cer-1.png', '2024-04-24 17:14:52', '2024-04-24 17:16:40', '2024-04-24 17:16:40'),
	(8, 'storage/photos/shares/cer-1.png', '2024-04-24 17:15:10', '2024-04-24 17:16:40', '2024-04-24 17:16:40'),
	(9, 'storage/photos/shares/cer-1.png', '2024-04-24 17:15:21', '2024-04-24 17:16:40', '2024-04-24 17:16:40'),
	(10, 'storage/photos/shares/cer-1.png', '2024-04-24 17:15:30', '2024-04-24 17:16:40', '2024-04-24 17:16:40'),
	(11, 'storage/photos/shares/cer-1.png', '2024-04-24 17:15:38', '2024-04-24 17:16:40', '2024-04-24 17:16:40'),
	(12, 'storage/photos/shares/cer-1.png', '2024-04-24 17:15:45', '2024-04-24 17:16:40', '2024-04-24 17:16:40'),
	(13, 'storage/photos/shares/cer-1.png', '2024-04-24 17:15:54', '2024-04-24 17:16:40', '2024-04-24 17:16:40'),
	(14, 'storage/photos/shares/cer-1.png', '2024-04-24 17:16:05', '2024-04-24 17:16:40', '2024-04-24 17:16:40'),
	(15, 'storage/photos/shares/cer-1.png', '2024-04-24 17:16:13', '2024-04-24 17:16:40', '2024-04-24 17:16:40'),
	(16, 'storage/photos/shares/5.jpg', '2024-05-22 16:58:39', '2024-05-22 16:58:39', NULL),
	(17, 'storage/photos/shares/cer/1.jpg', '2024-06-06 13:51:39', '2024-06-06 13:51:39', NULL),
	(18, 'storage/photos/shares/cer/10.jfif', '2024-06-06 13:52:37', '2024-06-06 13:52:37', NULL),
	(19, 'storage/photos/shares/cer/11.jpg', '2024-06-06 13:52:50', '2024-06-06 13:52:50', NULL),
	(20, 'storage/photos/shares/cer/12.jpg', '2024-06-06 13:53:05', '2024-06-06 13:53:05', NULL),
	(21, 'storage/photos/shares/cer/13.jpg', '2024-06-06 13:53:42', '2024-06-06 13:53:42', NULL),
	(22, 'storage/photos/shares/cer/14.jpg', '2024-06-06 13:53:55', '2024-06-06 13:53:55', NULL),
	(23, 'storage/photos/shares/cer/15.jpg', '2024-06-06 13:54:11', '2024-06-06 13:54:11', NULL),
	(24, 'storage/photos/shares/cer/16.jpg', '2024-06-06 13:54:32', '2024-06-06 13:54:32', NULL),
	(25, 'storage/photos/shares/-_1_roshn.jpg', '2024-06-06 13:55:28', '2024-06-06 14:00:14', '2024-06-06 14:00:14'),
	(26, 'storage/photos/shares/cer/2.jpg', '2024-06-06 13:55:50', '2024-06-06 13:55:50', NULL),
	(27, 'storage/photos/shares/cer/3.jpg', '2024-06-06 13:56:02', '2024-06-06 13:56:02', NULL),
	(28, 'storage/photos/shares/cer/4.jpg', '2024-06-06 13:56:14', '2024-06-06 14:01:47', '2024-06-06 14:01:47'),
	(29, 'storage/photos/shares/cer/4.jpg', '2024-06-06 13:56:27', '2024-06-06 13:56:27', NULL),
	(30, 'storage/photos/shares/cer/5.jpg', '2024-06-06 13:56:40', '2024-06-06 13:56:40', NULL),
	(31, 'storage/photos/shares/cer/6.jpg', '2024-06-06 13:56:53', '2024-06-06 13:56:53', NULL),
	(32, 'storage/photos/shares/cer/7.jpg', '2024-06-06 13:57:10', '2024-06-06 13:57:10', NULL),
	(33, 'storage/photos/shares/cer/8.jpg', '2024-06-06 13:57:23', '2024-06-06 13:57:23', NULL),
	(34, 'storage/photos/shares/cer/9.jpg', '2024-06-06 13:57:35', '2024-06-06 13:57:35', NULL),
	(35, 'storage/photos/shares/cer/zaa.jpg', '2024-06-06 13:57:54', '2024-06-06 13:57:54', NULL),
	(36, 'storage/photos/shares/cer/izo_1.jpg', '2024-06-06 14:05:26', '2024-06-06 14:05:26', NULL),
	(37, 'storage/photos/shares/cer/izo_2.jpg', '2024-06-06 14:06:09', '2024-06-06 14:06:09', NULL),
	(38, 'storage/photos/shares/cer/izo_3.jpg', '2024-06-06 14:06:37', '2024-06-06 14:06:37', NULL),
	(39, 'storage/photos/shares/cer/iso5.jpg', '2024-06-06 14:10:49', '2024-06-06 14:15:32', NULL);

-- Dumping structure for table bugshan_db.certificate_descriptions
CREATE TABLE IF NOT EXISTS `certificate_descriptions` (
  `id` bigint(20) unsigned NOT NULL AUTO_INCREMENT,
  `title` varchar(250) DEFAULT NULL,
  `language_id` bigint(20) unsigned DEFAULT NULL,
  `certificate_id` bigint(20) unsigned DEFAULT NULL,
  PRIMARY KEY (`id`),
  KEY `certificate_descriptions_certificate_id_foreign` (`certificate_id`),
  KEY `certificate_descriptions_language_id_foreign` (`language_id`),
  CONSTRAINT `certificate_descriptions_certificate_id_foreign` FOREIGN KEY (`certificate_id`) REFERENCES `certificates` (`id`) ON DELETE CASCADE ON UPDATE CASCADE,
  CONSTRAINT `certificate_descriptions_language_id_foreign` FOREIGN KEY (`language_id`) REFERENCES `languages` (`id`) ON DELETE CASCADE ON UPDATE CASCADE
) ENGINE=InnoDB AUTO_INCREMENT=103 DEFAULT CHARSET=utf8mb4 COLLATE=utf8mb4_general_ci;

-- Dumping data for table bugshan_db.certificate_descriptions: ~78 rows (approximately)
INSERT INTO `certificate_descriptions` (`id`, `title`, `language_id`, `certificate_id`) VALUES
	(7, 'تست 2', 1, 4),
	(8, 'test 2', 2, 4),
	(17, 'شهادة الجودة', 1, 5),
	(18, 'quality certification', 2, 5),
	(19, 'شهادة الخبرة', 1, 3),
	(20, 'Experience Certificate', 2, 3),
	(25, 'تست', 1, 6),
	(26, 'تست', 2, 6),
	(27, 'تست', 1, 7),
	(28, 'تست', 2, 7),
	(29, 'تست', 1, 8),
	(30, 'تست', 2, 8),
	(31, 'تست', 1, 9),
	(32, 'تست', 2, 9),
	(33, 'تست', 1, 10),
	(34, 'تست', 2, 10),
	(35, 'تست', 1, 11),
	(36, 'تست', 2, 11),
	(37, 'تست', 1, 12),
	(38, 'تست', 2, 12),
	(39, 'تست', 1, 13),
	(40, 'تست', 2, 13),
	(41, 'تست', 1, 14),
	(42, 'تست', 2, 14),
	(43, 'تست', 1, 15),
	(44, 'تست', 2, 15),
	(45, 'شهادة الايزو', 1, 2),
	(46, 'iso Certificate', 2, 2),
	(47, 'شهادة', 1, 1),
	(48, 'Certificate', 2, 1),
	(49, 'Certified With ISO 22000:2018 Food Safety Management', 1, 16),
	(50, 'Certified With ISO 22000:2018 Food Safety Management', 2, 16),
	(51, 'شهادة شكر و تقدير', 1, 17),
	(52, 'Certificate Of Appreciation', 2, 17),
	(53, 'شهادة شكر و تقدير', 1, 18),
	(54, 'Certificate Of Appreciation', 2, 18),
	(55, 'شهادة شكر و تقدير', 1, 19),
	(56, 'Certificate Of Appreciation', 2, 19),
	(57, 'شهادة شكر و تقدير', 1, 20),
	(58, 'Certificate Of Appreciation', 2, 20),
	(59, 'شهادة شكر و تقدير', 1, 21),
	(60, 'Certificate Of Appreciation', 2, 21),
	(61, 'شهادة شكر و تقدير', 1, 22),
	(62, 'Certificate Of Appreciation', 2, 22),
	(63, 'شهادة شكر و تقدير', 1, 23),
	(64, 'Certificate Of Appreciation', 2, 23),
	(65, 'شهادة شكر و تقدير', 1, 24),
	(66, 'Certificate Of Appreciation', 2, 24),
	(69, 'شهادة شكر و تقدير', 1, 26),
	(70, 'Certificate Of Appreciation', 2, 26),
	(71, 'شهادة شكر و تقدير', 1, 27),
	(72, 'Certificate Of Appreciation', 2, 27),
	(75, 'شهادة شكر و تقدير', 1, 29),
	(76, 'Certificate Of Appreciation', 2, 29),
	(77, 'شهادة شكر و تقدير', 1, 30),
	(78, 'Certificate Of Appreciation', 2, 30),
	(79, 'شهادة شكر و تقدير', 1, 31),
	(80, 'Certificate Of Appreciation', 2, 31),
	(81, 'شهادة شكر و تقدير', 1, 32),
	(82, 'Certificate Of Appreciation', 2, 32),
	(83, 'شهادة شكر و تقدير', 1, 33),
	(84, 'Certificate Of Appreciation', 2, 33),
	(85, 'شهادة شكر و تقدير', 1, 34),
	(86, 'Certificate Of Appreciation', 2, 34),
	(87, 'شهادة شكر و تقدير', 1, 35),
	(88, 'Certificate Of Appreciation', 2, 35),
	(89, 'غغغغ', 1, 25),
	(90, 'Certificate Of Appreciation', 2, 25),
	(91, 'قققق', 1, 28),
	(92, 'Certificate Of Appreciation', 2, 28),
	(93, 'شهادة تسجيل الأيزو', 1, 36),
	(94, 'ISO Certificate Of Registration', 2, 36),
	(95, 'شهادة تسجيل الأيزو', 1, 37),
	(96, 'ISO Certificate Of Registration', 2, 37),
	(97, 'شهادة تسجيل الأيزو', 1, 38),
	(98, 'ISO Certificate Of Registration', 2, 38),
	(101, 'شهادة تسجيل الأيزو', 1, 39),
	(102, 'ISO Certificate Of Registration', 2, 39);

-- Dumping structure for table bugshan_db.clients
CREATE TABLE IF NOT EXISTS `clients` (
  `id` bigint(10) unsigned NOT NULL AUTO_INCREMENT,
  `image` varchar(150) DEFAULT NULL,
  `created_at` timestamp NULL DEFAULT NULL,
  `updated_at` timestamp NULL DEFAULT NULL,
  `deleted_at` timestamp NULL DEFAULT NULL,
  PRIMARY KEY (`id`)
) ENGINE=InnoDB AUTO_INCREMENT=11 DEFAULT CHARSET=utf8 COLLATE=utf8_general_ci;

-- Dumping data for table bugshan_db.clients: ~9 rows (approximately)
INSERT INTO `clients` (`id`, `image`, `created_at`, `updated_at`, `deleted_at`) VALUES
	(2, 'storage/photos/shares/6.png', '2024-04-17 00:13:20', '2024-04-25 09:56:34', NULL),
	(3, 'storage/photos/shares/5.png', '2024-04-24 09:08:24', '2024-04-25 09:55:51', NULL),
	(4, 'storage/photos/shares/4.png', '2024-04-24 09:09:33', '2024-04-25 09:55:07', NULL),
	(5, 'storage/photos/shares/3.png', '2024-04-24 09:09:47', '2024-04-25 09:54:15', NULL),
	(6, 'storage/photos/shares/2.png', '2024-04-24 09:10:14', '2024-04-25 09:53:22', NULL),
	(7, 'storage/photos/shares/1.png', '2024-04-24 09:10:33', '2024-04-25 09:52:39', NULL),
	(8, 'storage/photos/shares/8000.jpg', '2024-05-22 13:39:04', '2024-05-22 13:39:04', NULL),
	(9, 'storage/photos/shares/8.png', '2024-05-22 13:40:10', '2024-05-22 13:40:10', NULL),
	(10, 'storage/photos/shares/emblem_of_special_emergency_force.png', '2024-05-22 13:42:17', '2024-05-22 13:42:17', NULL);

-- Dumping structure for table bugshan_db.client_descriptions
CREATE TABLE IF NOT EXISTS `client_descriptions` (
  `id` bigint(20) unsigned NOT NULL AUTO_INCREMENT,
  `title` varchar(255) DEFAULT NULL,
  `language_id` bigint(20) unsigned DEFAULT NULL,
  `client_id` bigint(20) unsigned DEFAULT NULL,
  PRIMARY KEY (`id`),
  KEY `client_descriptions_language_id_foreign` (`language_id`),
  KEY `client_descriptions_client_id_foreign` (`client_id`),
  CONSTRAINT `client_descriptions_client_id_foreign` FOREIGN KEY (`client_id`) REFERENCES `clients` (`id`) ON DELETE CASCADE ON UPDATE CASCADE,
  CONSTRAINT `client_descriptions_language_id_foreign` FOREIGN KEY (`language_id`) REFERENCES `languages` (`id`) ON DELETE CASCADE ON UPDATE CASCADE
) ENGINE=InnoDB AUTO_INCREMENT=59 DEFAULT CHARSET=utf8mb4 COLLATE=utf8mb4_general_ci;

-- Dumping data for table bugshan_db.client_descriptions: ~18 rows (approximately)
INSERT INTO `client_descriptions` (`id`, `title`, `language_id`, `client_id`) VALUES
	(39, 'القوات الخاصة', 1, 7),
	(40, 'special forces', 2, 7),
	(41, 'جامعة الملك سعود', 1, 6),
	(42, 'King Saud University', 2, 6),
	(43, 'المديرية العامة للسجون', 1, 5),
	(44, 'the General Directorate of Prisons', 2, 5),
	(45, 'قوات الدفاع الجوي الملكي السعودي', 1, 4),
	(46, 'Royal Saudi Air Defence Forces', 2, 4),
	(49, 'القوات البرية الملكية السعودية', 1, 2),
	(50, 'Royal Saudi Land Forces', 2, 2),
	(51, 'المديرية العامة لحرس الحدود', 1, 3),
	(52, 'border patrol', 2, 3),
	(53, 'مستشفى الملك فهد الجامعي', 1, 8),
	(54, 'King Fahad Hospital of the University', 2, 8),
	(55, 'الحرس الوطني', 1, 9),
	(56, 'National Guard', 2, 9),
	(57, 'قوة الطوارئ الخاصة', 1, 10),
	(58, 'Special Emergency Force', 2, 10);

-- Dumping structure for table bugshan_db.countries
CREATE TABLE IF NOT EXISTS `countries` (
  `id` bigint(20) unsigned NOT NULL AUTO_INCREMENT,
  `code` varchar(5) DEFAULT NULL,
  `created_at` timestamp NULL DEFAULT NULL,
  `updated_at` timestamp NULL DEFAULT NULL,
  `deleted_at` timestamp NULL DEFAULT NULL,
  PRIMARY KEY (`id`),
  UNIQUE KEY `countries_code_unique` (`code`)
) ENGINE=InnoDB AUTO_INCREMENT=254 DEFAULT CHARSET=utf8 COLLATE=utf8_general_ci;

-- Dumping data for table bugshan_db.countries: ~253 rows (approximately)
INSERT INTO `countries` (`id`, `code`, `created_at`, `updated_at`, `deleted_at`) VALUES
	(1, NULL, '2022-12-07 11:39:26', '2023-06-07 11:23:48', '2023-06-07 11:23:48'),
	(2, NULL, '2022-12-07 11:39:26', '2022-12-07 11:39:26', NULL),
	(3, NULL, '2022-12-07 11:39:27', '2022-12-07 11:39:27', NULL),
	(4, NULL, '2022-12-07 11:39:27', '2022-12-07 11:39:27', NULL),
	(5, NULL, '2022-12-07 11:39:27', '2022-12-07 11:39:27', NULL),
	(6, NULL, '2022-12-07 11:39:27', '2022-12-07 11:39:27', NULL),
	(7, NULL, '2022-12-07 11:39:28', '2022-12-07 11:39:28', NULL),
	(8, NULL, '2022-12-07 11:39:28', '2022-12-07 11:39:28', NULL),
	(9, NULL, '2022-12-07 11:39:28', '2022-12-07 11:39:28', NULL),
	(10, NULL, '2022-12-07 11:39:28', '2022-12-07 11:39:28', NULL),
	(11, NULL, '2022-12-07 11:39:28', '2022-12-07 11:39:28', NULL),
	(12, NULL, '2022-12-07 11:39:28', '2022-12-07 11:39:28', NULL),
	(13, NULL, '2022-12-07 11:39:28', '2022-12-07 11:39:28', NULL),
	(14, NULL, '2022-12-07 11:39:28', '2022-12-07 11:39:28', NULL),
	(15, NULL, '2022-12-07 11:39:29', '2022-12-07 11:39:29', NULL),
	(16, NULL, '2022-12-07 11:39:29', '2022-12-07 11:39:29', NULL),
	(17, NULL, '2022-12-07 11:39:29', '2022-12-07 11:39:29', NULL),
	(18, NULL, '2022-12-07 11:39:29', '2022-12-07 11:39:29', NULL),
	(19, NULL, '2022-12-07 11:39:30', '2022-12-07 11:39:30', NULL),
	(20, NULL, '2022-12-07 11:39:30', '2022-12-07 11:39:30', NULL),
	(21, NULL, '2022-12-07 11:39:30', '2022-12-07 11:39:30', NULL),
	(22, NULL, '2022-12-07 11:39:30', '2022-12-07 11:39:30', NULL),
	(23, NULL, '2022-12-07 11:39:30', '2022-12-07 11:39:30', NULL),
	(24, NULL, '2022-12-07 11:39:30', '2022-12-07 11:39:30', NULL),
	(25, NULL, '2022-12-07 11:39:31', '2022-12-07 11:39:31', NULL),
	(26, NULL, '2022-12-07 11:39:31', '2022-12-07 11:39:31', NULL),
	(27, NULL, '2022-12-07 11:39:31', '2022-12-07 11:39:31', NULL),
	(28, NULL, '2022-12-07 11:39:31', '2022-12-07 11:39:31', NULL),
	(29, NULL, '2022-12-07 11:39:32', '2022-12-07 11:39:32', NULL),
	(30, NULL, '2022-12-07 11:39:32', '2022-12-07 11:39:32', NULL),
	(31, NULL, '2022-12-07 11:39:32', '2022-12-07 11:39:32', NULL),
	(32, NULL, '2022-12-07 11:39:32', '2022-12-07 11:39:32', NULL),
	(33, NULL, '2022-12-07 11:39:33', '2022-12-07 11:39:33', NULL),
	(34, NULL, '2022-12-07 11:39:33', '2022-12-07 11:39:33', NULL),
	(35, NULL, '2022-12-07 11:39:33', '2022-12-07 11:39:33', NULL),
	(36, NULL, '2022-12-07 11:39:33', '2022-12-07 11:39:33', NULL),
	(37, NULL, '2022-12-07 11:39:33', '2022-12-07 11:39:33', NULL),
	(38, NULL, '2022-12-07 11:39:33', '2022-12-07 11:39:33', NULL),
	(39, NULL, '2022-12-07 11:39:34', '2022-12-07 11:39:34', NULL),
	(40, NULL, '2022-12-07 11:39:34', '2022-12-07 11:39:34', NULL),
	(41, NULL, '2022-12-07 11:39:34', '2022-12-07 11:39:34', NULL),
	(42, NULL, '2022-12-07 11:39:34', '2022-12-07 11:39:34', NULL),
	(43, NULL, '2022-12-07 11:39:34', '2022-12-07 11:39:34', NULL),
	(44, NULL, '2022-12-07 11:39:35', '2022-12-07 11:39:35', NULL),
	(45, NULL, '2022-12-07 11:39:35', '2022-12-07 11:39:35', NULL),
	(46, NULL, '2022-12-07 11:39:35', '2022-12-07 11:39:35', NULL),
	(47, NULL, '2022-12-07 11:39:35', '2022-12-07 11:39:35', NULL),
	(48, NULL, '2022-12-07 11:39:36', '2022-12-07 11:39:36', NULL),
	(49, NULL, '2022-12-07 11:39:36', '2022-12-07 11:39:36', NULL),
	(50, NULL, '2022-12-07 11:39:36', '2022-12-07 11:39:36', NULL),
	(51, NULL, '2022-12-07 11:39:36', '2022-12-07 11:39:36', NULL),
	(52, NULL, '2022-12-07 11:39:36', '2022-12-07 11:39:36', NULL),
	(53, NULL, '2022-12-07 11:39:36', '2022-12-07 11:39:36', NULL),
	(54, NULL, '2022-12-07 11:39:37', '2022-12-07 11:39:37', NULL),
	(55, NULL, '2022-12-07 11:39:37', '2022-12-07 11:39:37', NULL),
	(56, NULL, '2022-12-07 11:39:37', '2022-12-07 11:39:37', NULL),
	(57, NULL, '2022-12-07 11:39:37', '2022-12-07 11:39:37', NULL),
	(58, NULL, '2022-12-07 11:39:38', '2022-12-07 11:39:38', NULL),
	(59, NULL, '2022-12-07 11:39:38', '2022-12-07 11:39:38', NULL),
	(60, NULL, '2022-12-07 11:39:38', '2022-12-07 11:39:38', NULL),
	(61, NULL, '2022-12-07 11:39:38', '2022-12-07 11:39:38', NULL),
	(62, NULL, '2022-12-07 11:39:38', '2022-12-07 11:39:38', NULL),
	(63, NULL, '2022-12-07 11:39:39', '2022-12-07 11:39:39', NULL),
	(64, NULL, '2022-12-07 11:39:39', '2022-12-07 11:39:39', NULL),
	(65, NULL, '2022-12-07 11:39:39', '2022-12-07 11:39:39', NULL),
	(66, NULL, '2022-12-07 11:39:39', '2022-12-07 11:39:39', NULL),
	(67, NULL, '2022-12-07 11:39:39', '2022-12-07 11:39:39', NULL),
	(68, NULL, '2022-12-07 11:39:39', '2022-12-07 11:39:39', NULL),
	(69, NULL, '2022-12-07 11:39:39', '2022-12-07 11:39:39', NULL),
	(70, NULL, '2022-12-07 11:39:39', '2022-12-07 11:39:39', NULL),
	(71, NULL, '2022-12-07 11:39:39', '2022-12-07 11:39:39', NULL),
	(72, NULL, '2022-12-07 11:39:39', '2022-12-07 11:39:39', NULL),
	(73, NULL, '2022-12-07 11:39:40', '2022-12-07 11:39:40', NULL),
	(74, NULL, '2022-12-07 11:39:40', '2022-12-07 11:39:40', NULL),
	(75, NULL, '2022-12-07 11:39:40', '2022-12-07 11:39:40', NULL),
	(76, NULL, '2022-12-07 11:39:40', '2022-12-07 11:39:40', NULL),
	(77, NULL, '2022-12-07 11:39:40', '2022-12-07 11:39:40', NULL),
	(78, NULL, '2022-12-07 11:39:40', '2022-12-07 11:39:40', NULL),
	(79, NULL, '2022-12-07 11:39:40', '2022-12-07 11:39:40', NULL),
	(80, NULL, '2022-12-07 11:39:41', '2022-12-07 11:39:41', NULL),
	(81, NULL, '2022-12-07 11:39:41', '2022-12-07 11:39:41', NULL),
	(82, NULL, '2022-12-07 11:39:41', '2022-12-07 11:39:41', NULL),
	(83, NULL, '2022-12-07 11:39:41', '2022-12-07 11:39:41', NULL),
	(84, NULL, '2022-12-07 11:39:42', '2022-12-07 11:39:42', NULL),
	(85, NULL, '2022-12-07 11:39:42', '2022-12-07 11:39:42', NULL),
	(86, NULL, '2022-12-07 11:39:42', '2022-12-07 11:39:42', NULL),
	(87, NULL, '2022-12-07 11:39:42', '2022-12-07 11:39:42', NULL),
	(88, NULL, '2022-12-07 11:39:43', '2022-12-07 11:39:43', NULL),
	(89, NULL, '2022-12-07 11:39:43', '2022-12-07 11:39:43', NULL),
	(90, NULL, '2022-12-07 11:39:43', '2022-12-07 11:39:43', NULL),
	(91, NULL, '2022-12-07 11:39:43', '2022-12-07 11:39:43', NULL),
	(92, NULL, '2022-12-07 11:39:43', '2022-12-07 11:39:43', NULL),
	(93, NULL, '2022-12-07 11:39:43', '2022-12-07 11:39:43', NULL),
	(94, NULL, '2022-12-07 11:39:43', '2022-12-07 11:39:43', NULL),
	(95, NULL, '2022-12-07 11:39:44', '2022-12-07 11:39:44', NULL),
	(96, NULL, '2022-12-07 11:39:44', '2022-12-07 11:39:44', NULL),
	(97, NULL, '2022-12-07 11:39:45', '2022-12-07 11:39:45', NULL),
	(98, NULL, '2022-12-07 11:39:45', '2022-12-07 11:39:45', NULL),
	(99, NULL, '2022-12-07 11:39:46', '2022-12-07 11:39:46', NULL),
	(100, NULL, '2022-12-07 11:39:46', '2022-12-07 11:39:46', NULL),
	(101, NULL, '2022-12-07 11:39:46', '2022-12-07 11:39:46', NULL),
	(102, NULL, '2022-12-07 11:39:47', '2022-12-07 11:39:47', NULL),
	(103, NULL, '2022-12-07 11:39:47', '2022-12-07 11:39:47', NULL),
	(104, NULL, '2022-12-07 11:39:48', '2022-12-07 11:39:48', NULL),
	(105, NULL, '2022-12-07 11:39:48', '2022-12-07 11:39:48', NULL),
	(106, NULL, '2022-12-07 11:39:48', '2022-12-07 11:39:48', NULL),
	(107, NULL, '2022-12-07 11:39:49', '2022-12-07 11:39:49', NULL),
	(108, NULL, '2022-12-07 11:39:49', '2022-12-07 11:39:49', NULL),
	(109, NULL, '2022-12-07 11:39:50', '2022-12-07 11:39:50', NULL),
	(110, NULL, '2022-12-07 11:39:50', '2022-12-07 11:39:50', NULL),
	(111, NULL, '2022-12-07 11:39:50', '2022-12-07 11:39:50', NULL),
	(112, NULL, '2022-12-07 11:39:50', '2022-12-07 11:39:50', NULL),
	(113, NULL, '2022-12-07 11:39:51', '2022-12-07 11:39:51', NULL),
	(114, NULL, '2022-12-07 11:39:51', '2022-12-07 11:39:51', NULL),
	(115, NULL, '2022-12-07 11:39:51', '2022-12-07 11:39:51', NULL),
	(116, NULL, '2022-12-07 11:39:51', '2022-12-07 11:39:51', NULL),
	(117, NULL, '2022-12-07 11:39:52', '2022-12-07 11:39:52', NULL),
	(118, NULL, '2022-12-07 11:39:52', '2022-12-07 11:39:52', NULL),
	(119, NULL, '2022-12-07 11:39:52', '2022-12-07 11:39:52', NULL),
	(120, NULL, '2022-12-07 11:39:52', '2022-12-07 11:39:52', NULL),
	(121, NULL, '2022-12-07 11:39:53', '2022-12-07 11:39:53', NULL),
	(122, NULL, '2022-12-07 11:39:53', '2022-12-07 11:39:53', NULL),
	(123, NULL, '2022-12-07 11:39:53', '2022-12-07 11:39:53', NULL),
	(124, NULL, '2022-12-07 11:39:53', '2022-12-07 11:39:53', NULL),
	(125, NULL, '2022-12-07 11:39:54', '2022-12-07 11:39:54', NULL),
	(126, NULL, '2022-12-07 11:39:54', '2022-12-07 11:39:54', NULL),
	(127, NULL, '2022-12-07 11:39:54', '2022-12-07 11:39:54', NULL),
	(128, NULL, '2022-12-07 11:39:54', '2022-12-07 11:39:54', NULL),
	(129, NULL, '2022-12-07 11:39:54', '2022-12-07 11:39:54', NULL),
	(130, NULL, '2022-12-07 11:39:54', '2022-12-07 11:39:54', NULL),
	(131, NULL, '2022-12-07 11:39:54', '2022-12-07 11:39:54', NULL),
	(132, NULL, '2022-12-07 11:39:55', '2022-12-07 11:39:55', NULL),
	(133, NULL, '2022-12-07 11:39:55', '2022-12-07 11:39:55', NULL),
	(134, NULL, '2022-12-07 11:39:55', '2022-12-07 11:39:55', NULL),
	(135, NULL, '2022-12-07 11:39:55', '2022-12-07 11:39:55', NULL),
	(136, NULL, '2022-12-07 11:39:55', '2022-12-07 11:39:55', NULL),
	(137, NULL, '2022-12-07 11:39:56', '2022-12-07 11:39:56', NULL),
	(138, NULL, '2022-12-07 11:39:56', '2022-12-07 11:39:56', NULL),
	(139, NULL, '2022-12-07 11:39:56', '2022-12-07 11:39:56', NULL),
	(140, NULL, '2022-12-07 11:39:57', '2022-12-07 11:39:57', NULL),
	(141, NULL, '2022-12-07 11:39:57', '2022-12-07 11:39:57', NULL),
	(142, NULL, '2022-12-07 11:39:57', '2022-12-07 11:39:57', NULL),
	(143, NULL, '2022-12-07 11:39:58', '2022-12-07 11:39:58', NULL),
	(144, NULL, '2022-12-07 11:39:58', '2022-12-07 11:39:58', NULL),
	(145, NULL, '2022-12-07 11:39:58', '2022-12-07 11:39:58', NULL),
	(146, NULL, '2022-12-07 11:39:58', '2022-12-07 11:39:58', NULL),
	(147, NULL, '2022-12-07 11:39:58', '2022-12-07 11:39:58', NULL),
	(148, NULL, '2022-12-07 11:39:59', '2022-12-07 11:39:59', NULL),
	(149, NULL, '2022-12-07 11:39:59', '2022-12-07 11:39:59', NULL),
	(150, NULL, '2022-12-07 11:39:59', '2022-12-07 11:39:59', NULL),
	(151, NULL, '2022-12-07 11:39:59', '2022-12-07 11:39:59', NULL),
	(152, NULL, '2022-12-07 11:40:00', '2022-12-07 11:40:00', NULL),
	(153, NULL, '2022-12-07 11:40:00', '2022-12-07 11:40:00', NULL),
	(154, NULL, '2022-12-07 11:40:00', '2022-12-07 11:40:00', NULL),
	(155, NULL, '2022-12-07 11:40:00', '2022-12-07 11:40:00', NULL),
	(156, NULL, '2022-12-07 11:40:01', '2022-12-07 11:40:01', NULL),
	(157, NULL, '2022-12-07 11:40:01', '2022-12-07 11:40:01', NULL),
	(158, NULL, '2022-12-07 11:40:01', '2022-12-07 11:40:01', NULL),
	(159, NULL, '2022-12-07 11:40:02', '2022-12-07 11:40:02', NULL),
	(160, NULL, '2022-12-07 11:40:02', '2022-12-07 11:40:02', NULL),
	(161, NULL, '2022-12-07 11:40:02', '2022-12-07 11:40:02', NULL),
	(162, NULL, '2022-12-07 11:40:02', '2022-12-07 11:40:02', NULL),
	(163, NULL, '2022-12-07 11:40:03', '2022-12-07 11:40:03', NULL),
	(164, NULL, '2022-12-07 11:40:03', '2022-12-07 11:40:03', NULL),
	(165, NULL, '2022-12-07 11:40:03', '2022-12-07 11:40:03', NULL),
	(166, NULL, '2022-12-07 11:40:03', '2022-12-07 11:40:03', NULL),
	(167, NULL, '2022-12-07 11:40:03', '2022-12-07 11:40:03', NULL),
	(168, NULL, '2022-12-07 11:40:04', '2022-12-07 11:40:04', NULL),
	(169, NULL, '2022-12-07 11:40:04', '2022-12-07 11:40:04', NULL),
	(170, NULL, '2022-12-07 11:40:04', '2022-12-07 11:40:04', NULL),
	(171, NULL, '2022-12-07 11:40:05', '2022-12-07 11:40:05', NULL),
	(172, NULL, '2022-12-07 11:40:05', '2022-12-07 11:40:05', NULL),
	(173, NULL, '2022-12-07 11:40:05', '2022-12-07 11:40:05', NULL),
	(174, NULL, '2022-12-07 11:40:05', '2022-12-07 11:40:05', NULL),
	(175, NULL, '2022-12-07 11:40:06', '2022-12-07 11:40:06', NULL),
	(176, NULL, '2022-12-07 11:40:06', '2022-12-07 11:40:06', NULL),
	(177, NULL, '2022-12-07 11:40:06', '2022-12-07 11:40:06', NULL),
	(178, NULL, '2022-12-07 11:40:07', '2022-12-07 11:40:07', NULL),
	(179, NULL, '2022-12-07 11:40:07', '2022-12-07 11:40:07', NULL),
	(180, NULL, '2022-12-07 11:40:07', '2022-12-07 11:40:07', NULL),
	(181, NULL, '2022-12-07 11:40:07', '2022-12-07 11:40:07', NULL),
	(182, NULL, '2022-12-07 11:40:08', '2022-12-07 11:40:08', NULL),
	(183, NULL, '2022-12-07 11:40:08', '2022-12-07 11:40:08', NULL),
	(184, NULL, '2022-12-07 11:40:08', '2022-12-07 11:40:08', NULL),
	(185, NULL, '2022-12-07 11:40:09', '2022-12-07 11:40:09', NULL),
	(186, NULL, '2022-12-07 11:40:09', '2022-12-07 11:40:09', NULL),
	(187, NULL, '2022-12-07 11:40:09', '2022-12-07 11:40:09', NULL),
	(188, NULL, '2022-12-07 11:40:09', '2022-12-07 11:40:09', NULL),
	(189, NULL, '2022-12-07 11:40:09', '2022-12-07 11:40:09', NULL),
	(190, NULL, '2022-12-07 11:40:09', '2022-12-07 11:40:09', NULL),
	(191, NULL, '2022-12-07 11:40:09', '2022-12-07 11:40:09', NULL),
	(192, NULL, '2022-12-07 11:40:09', '2022-12-07 11:40:09', NULL),
	(193, NULL, '2022-12-07 11:40:09', '2022-12-07 11:40:09', NULL),
	(194, NULL, '2022-12-07 11:40:10', '2022-12-07 11:40:10', NULL),
	(195, NULL, '2022-12-07 11:40:10', '2022-12-07 11:40:10', NULL),
	(196, NULL, '2022-12-07 11:40:10', '2022-12-07 11:40:10', NULL),
	(197, NULL, '2022-12-07 11:40:10', '2022-12-07 11:40:10', NULL),
	(198, NULL, '2022-12-07 11:40:10', '2022-12-07 11:40:10', NULL),
	(199, NULL, '2022-12-07 11:40:10', '2022-12-07 11:40:10', NULL),
	(200, NULL, '2022-12-07 11:40:11', '2022-12-07 11:40:11', NULL),
	(201, NULL, '2022-12-07 11:40:11', '2022-12-07 11:40:11', NULL),
	(202, NULL, '2022-12-07 11:40:11', '2022-12-07 11:40:11', NULL),
	(203, NULL, '2022-12-07 11:40:11', '2022-12-07 11:40:11', NULL),
	(204, NULL, '2022-12-07 11:40:11', '2022-12-07 11:40:11', NULL),
	(205, NULL, '2022-12-07 11:40:11', '2022-12-07 11:40:11', NULL),
	(206, NULL, '2022-12-07 11:40:11', '2022-12-07 11:40:11', NULL),
	(207, NULL, '2022-12-07 11:40:11', '2022-12-07 11:40:11', NULL),
	(208, NULL, '2022-12-07 11:40:12', '2022-12-07 11:40:12', NULL),
	(209, NULL, '2022-12-07 11:40:12', '2022-12-07 11:40:12', NULL),
	(210, NULL, '2022-12-07 11:40:12', '2022-12-07 11:40:12', NULL),
	(211, NULL, '2022-12-07 11:40:12', '2022-12-07 11:40:12', NULL),
	(212, NULL, '2022-12-07 11:40:12', '2022-12-07 11:40:12', NULL),
	(213, NULL, '2022-12-07 11:40:13', '2022-12-07 11:40:13', NULL),
	(214, NULL, '2022-12-07 11:40:13', '2022-12-07 11:40:13', NULL),
	(215, NULL, '2022-12-07 11:40:13', '2022-12-07 11:40:13', NULL),
	(216, NULL, '2022-12-07 11:40:13', '2022-12-07 11:40:13', NULL),
	(217, NULL, '2022-12-07 11:40:13', '2022-12-07 11:40:13', NULL),
	(218, NULL, '2022-12-07 11:40:13', '2022-12-07 11:40:13', NULL),
	(219, NULL, '2022-12-07 11:40:13', '2022-12-07 11:40:13', NULL),
	(220, NULL, '2022-12-07 11:40:14', '2022-12-07 11:40:14', NULL),
	(221, NULL, '2022-12-07 11:40:14', '2022-12-07 11:40:14', NULL),
	(222, NULL, '2022-12-07 11:40:14', '2022-12-07 11:40:14', NULL),
	(223, NULL, '2022-12-07 11:40:14', '2022-12-07 11:40:14', NULL),
	(224, NULL, '2022-12-07 11:40:14', '2022-12-07 11:40:14', NULL),
	(225, NULL, '2022-12-07 11:40:14', '2022-12-07 11:40:14', NULL),
	(226, NULL, '2022-12-07 11:40:14', '2022-12-07 11:40:14', NULL),
	(227, NULL, '2022-12-07 11:40:14', '2022-12-07 11:40:14', NULL),
	(228, NULL, '2022-12-07 11:40:15', '2022-12-07 11:40:15', NULL),
	(229, NULL, '2022-12-07 11:40:15', '2022-12-07 11:40:15', NULL),
	(230, NULL, '2022-12-07 11:40:15', '2022-12-07 11:40:15', NULL),
	(231, NULL, '2022-12-07 11:40:16', '2022-12-07 11:40:16', NULL),
	(232, NULL, '2022-12-07 11:40:16', '2022-12-07 11:40:16', NULL),
	(233, NULL, '2022-12-07 11:40:16', '2022-12-07 11:40:16', NULL),
	(234, NULL, '2022-12-07 11:40:17', '2022-12-07 11:40:17', NULL),
	(235, NULL, '2022-12-07 11:40:17', '2022-12-07 11:40:17', NULL),
	(236, NULL, '2022-12-07 11:40:17', '2022-12-07 11:40:17', NULL),
	(237, NULL, '2022-12-07 11:40:17', '2022-12-07 11:40:17', NULL),
	(238, NULL, '2022-12-07 11:40:17', '2022-12-07 11:40:17', NULL),
	(239, NULL, '2022-12-07 11:40:17', '2022-12-07 11:40:17', NULL),
	(240, NULL, '2022-12-07 11:40:17', '2022-12-07 11:40:17', NULL),
	(241, NULL, '2022-12-07 11:40:17', '2022-12-07 11:40:17', NULL),
	(242, NULL, '2022-12-07 11:40:18', '2022-12-07 11:40:18', NULL),
	(243, NULL, '2022-12-07 11:40:18', '2022-12-07 11:40:18', NULL),
	(244, NULL, '2022-12-07 11:40:18', '2022-12-07 11:40:18', NULL),
	(245, NULL, '2022-12-07 11:40:18', '2022-12-07 11:40:18', NULL),
	(246, NULL, '2022-12-07 11:40:19', '2022-12-07 11:40:19', NULL),
	(247, NULL, '2022-12-07 11:40:19', '2022-12-07 11:40:19', NULL),
	(248, NULL, '2022-12-07 11:40:19', '2022-12-07 11:40:19', NULL),
	(249, NULL, '2022-12-07 11:40:19', '2022-12-07 11:40:19', NULL),
	(250, NULL, '2022-12-07 11:40:19', '2022-12-07 11:40:19', NULL),
	(251, NULL, '2022-12-07 11:40:19', '2022-12-07 11:40:19', NULL),
	(252, NULL, '2022-12-07 11:40:19', '2022-12-07 11:40:19', NULL),
	(253, NULL, '2023-06-07 11:24:02', '2023-06-07 11:24:02', NULL);

-- Dumping structure for table bugshan_db.country_descriptions
CREATE TABLE IF NOT EXISTS `country_descriptions` (
  `id` bigint(20) unsigned NOT NULL AUTO_INCREMENT,
  `name` varchar(50) NOT NULL,
  `country_id` bigint(20) unsigned NOT NULL,
  `language_id` bigint(20) unsigned NOT NULL,
  PRIMARY KEY (`id`),
  KEY `country_descriptions_country_id_language_id_index` (`country_id`,`language_id`),
  CONSTRAINT `country_descriptions_country_id_foreign` FOREIGN KEY (`country_id`) REFERENCES `countries` (`id`) ON DELETE CASCADE
) ENGINE=InnoDB AUTO_INCREMENT=507 DEFAULT CHARSET=utf8 COLLATE=utf8_general_ci;

-- Dumping data for table bugshan_db.country_descriptions: ~506 rows (approximately)
INSERT INTO `country_descriptions` (`id`, `name`, `country_id`, `language_id`) VALUES
	(1, 'أفغانستان', 1, 1),
	(2, 'Afghanistan', 1, 2),
	(3, 'جزر آلاند', 2, 1),
	(4, 'Aland Islands', 2, 2),
	(5, 'ألبانيا', 3, 1),
	(6, 'Albania', 3, 2),
	(7, 'الجزائر', 4, 1),
	(8, 'Algeria', 4, 2),
	(9, 'ساموا الأمريكية', 5, 1),
	(10, 'American Samoa', 5, 2),
	(11, 'أندورا', 6, 1),
	(12, 'Andorra', 6, 2),
	(13, 'أنغولا', 7, 1),
	(14, 'Angola', 7, 2),
	(15, 'أنغيلا', 8, 1),
	(16, 'Anguilla', 8, 2),
	(17, 'أنتاركتيكا', 9, 1),
	(18, 'Antarctica', 9, 2),
	(19, 'أنتيغوا وبربودا', 10, 1),
	(20, 'Antigua and Barbuda', 10, 2),
	(21, 'الأرجنتين', 11, 1),
	(22, 'Argentina', 11, 2),
	(23, 'أرمينيا', 12, 1),
	(24, 'Armenia', 12, 2),
	(25, 'أروبا', 13, 1),
	(26, 'Aruba', 13, 2),
	(27, 'أستراليا', 14, 1),
	(28, 'Australia', 14, 2),
	(29, 'النمسا', 15, 1),
	(30, 'Austria', 15, 2),
	(31, 'أذربيجان', 16, 1),
	(32, 'Azerbaijan', 16, 2),
	(33, 'جزر البهاما', 17, 1),
	(34, 'Bahamas', 17, 2),
	(35, 'البحرين', 18, 1),
	(36, 'Bahrain', 18, 2),
	(37, 'بنغلاديش', 19, 1),
	(38, 'Bangladesh', 19, 2),
	(39, 'بربادوس', 20, 1),
	(40, 'Barbados', 20, 2),
	(41, 'بيلاروسيا', 21, 1),
	(42, 'Belarus', 21, 2),
	(43, 'بلجيكا', 22, 1),
	(44, 'Belgium', 22, 2),
	(45, 'بليز', 23, 1),
	(46, 'Belize', 23, 2),
	(47, 'بنين', 24, 1),
	(48, 'Benin', 24, 2),
	(49, 'برمودا', 25, 1),
	(50, 'Bermuda', 25, 2),
	(51, 'بوتان', 26, 1),
	(52, 'Bhutan', 26, 2),
	(53, 'بوليفيا', 27, 1),
	(54, 'Bolivia', 27, 2),
	(55, 'بونير وسانت يوستاتيوس وسابا', 28, 1),
	(56, 'Bonaire, Sint Eustatius and Saba', 28, 2),
	(57, 'البوسنة والهرسك', 29, 1),
	(58, 'Bosnia and Herzegovina', 29, 2),
	(59, 'بوتسوانا', 30, 1),
	(60, 'Botswana', 30, 2),
	(61, 'جزيرة بوفيت', 31, 1),
	(62, 'Bouvet Island', 31, 2),
	(63, 'البرازيل', 32, 1),
	(64, 'Brazil', 32, 2),
	(65, 'إقليم المحيط البريطاني الهندي', 33, 1),
	(66, 'British Indian Ocean Territory', 33, 2),
	(67, 'بروناي دار السلام', 34, 1),
	(68, 'Brunei Darussalam', 34, 2),
	(69, 'بلغاريا', 35, 1),
	(70, 'Bulgaria', 35, 2),
	(71, 'بوركينا فاسو', 36, 1),
	(72, 'Burkina Faso', 36, 2),
	(73, 'بوروندي', 37, 1),
	(74, 'Burundi', 37, 2),
	(75, 'كمبوديا', 38, 1),
	(76, 'Cambodia', 38, 2),
	(77, 'الكاميرون', 39, 1),
	(78, 'Cameroon', 39, 2),
	(79, 'كندا', 40, 1),
	(80, 'Canada', 40, 2),
	(81, 'الرأس الأخضر', 41, 1),
	(82, 'Cape Verde', 41, 2),
	(83, 'جزر كايمان', 42, 1),
	(84, 'Cayman Islands', 42, 2),
	(85, 'جمهورية افريقيا الوسطى', 43, 1),
	(86, 'Central African Republic', 43, 2),
	(87, 'تشاد', 44, 1),
	(88, 'Chad', 44, 2),
	(89, 'تشيلي', 45, 1),
	(90, 'Chile', 45, 2),
	(91, 'الصين', 46, 1),
	(92, 'China', 46, 2),
	(93, 'جزيرة الكريسماس', 47, 1),
	(94, 'Christmas Island', 47, 2),
	(95, 'جزر كوكوس (كيلينغ)', 48, 1),
	(96, 'Cocos (Keeling) Islands', 48, 2),
	(97, 'كولومبيا', 49, 1),
	(98, 'Colombia', 49, 2),
	(99, 'جزر القمر', 50, 1),
	(100, 'Comoros', 50, 2),
	(101, 'الكونغو', 51, 1),
	(102, 'Congo', 51, 2),
	(103, 'الكونغو ، جمهورية الكونغو الديمقراطية', 52, 1),
	(104, 'Congo, Democratic Republic of the Congo', 52, 2),
	(105, 'جزر كوك', 53, 1),
	(106, 'Cook Islands', 53, 2),
	(107, 'كوستا ريكا', 54, 1),
	(108, 'Costa Rica', 54, 2),
	(109, 'ساحل العاج', 55, 1),
	(110, 'Cote D\'Ivoire', 55, 2),
	(111, 'كرواتيا', 56, 1),
	(112, 'Croatia', 56, 2),
	(113, 'كوبا', 57, 1),
	(114, 'Cuba', 57, 2),
	(115, 'كوراكاو', 58, 1),
	(116, 'Curacao', 58, 2),
	(117, 'قبرص', 59, 1),
	(118, 'Cyprus', 59, 2),
	(119, 'الجمهورية التشيكية', 60, 1),
	(120, 'Czech Republic', 60, 2),
	(121, 'الدنمارك', 61, 1),
	(122, 'Denmark', 61, 2),
	(123, 'جيبوتي', 62, 1),
	(124, 'Djibouti', 62, 2),
	(125, 'دومينيكا', 63, 1),
	(126, 'Dominica', 63, 2),
	(127, 'جمهورية الدومنيكان', 64, 1),
	(128, 'Dominican Republic', 64, 2),
	(129, 'الاكوادور', 65, 1),
	(130, 'Ecuador', 65, 2),
	(131, 'مصر', 66, 1),
	(132, 'Egypt', 66, 2),
	(133, 'السلفادور', 67, 1),
	(134, 'El Salvador', 67, 2),
	(135, 'غينيا الإستوائية', 68, 1),
	(136, 'Equatorial Guinea', 68, 2),
	(137, 'إريتريا', 69, 1),
	(138, 'Eritrea', 69, 2),
	(139, 'إستونيا', 70, 1),
	(140, 'Estonia', 70, 2),
	(141, 'أثيوبيا', 71, 1),
	(142, 'Ethiopia', 71, 2),
	(143, 'جزر فوكلاند (مالفيناس)', 72, 1),
	(144, 'Falkland Islands (Malvinas)', 72, 2),
	(145, 'جزر فاروس', 73, 1),
	(146, 'Faroe Islands', 73, 2),
	(147, 'فيجي', 74, 1),
	(148, 'Fiji', 74, 2),
	(149, 'فنلندا', 75, 1),
	(150, 'Finland', 75, 2),
	(151, 'فرنسا', 76, 1),
	(152, 'France', 76, 2),
	(153, 'غيانا الفرنسية', 77, 1),
	(154, 'French Guiana', 77, 2),
	(155, 'بولينيزيا الفرنسية', 78, 1),
	(156, 'French Polynesia', 78, 2),
	(157, 'المناطق الجنوبية لفرنسا', 79, 1),
	(158, 'French Southern Territories', 79, 2),
	(159, 'الجابون', 80, 1),
	(160, 'Gabon', 80, 2),
	(161, 'غامبيا', 81, 1),
	(162, 'Gambia', 81, 2),
	(163, 'جورجيا', 82, 1),
	(164, 'Georgia', 82, 2),
	(165, 'ألمانيا', 83, 1),
	(166, 'Germany', 83, 2),
	(167, 'غانا', 84, 1),
	(168, 'Ghana', 84, 2),
	(169, 'جبل طارق', 85, 1),
	(170, 'Gibraltar', 85, 2),
	(171, 'اليونان', 86, 1),
	(172, 'Greece', 86, 2),
	(173, 'الأرض الخضراء', 87, 1),
	(174, 'Greenland', 87, 2),
	(175, 'غرينادا', 88, 1),
	(176, 'Grenada', 88, 2),
	(177, 'جوادلوب', 89, 1),
	(178, 'Guadeloupe', 89, 2),
	(179, 'غوام', 90, 1),
	(180, 'Guam', 90, 2),
	(181, 'غواتيمالا', 91, 1),
	(182, 'Guatemala', 91, 2),
	(183, 'غيرنسي', 92, 1),
	(184, 'Guernsey', 92, 2),
	(185, 'غينيا', 93, 1),
	(186, 'Guinea', 93, 2),
	(187, 'غينيا بيساو', 94, 1),
	(188, 'Guinea-Bissau', 94, 2),
	(189, 'غيانا', 95, 1),
	(190, 'Guyana', 95, 2),
	(191, 'هايتي', 96, 1),
	(192, 'Haiti', 96, 2),
	(193, 'قلب الجزيرة وجزر ماكدونالز', 97, 1),
	(194, 'Heard Island and McDonald Islands', 97, 2),
	(195, 'الكرسي الرسولي (دولة الفاتيكان)', 98, 1),
	(196, 'Holy See (Vatican City State)', 98, 2),
	(197, 'هندوراس', 99, 1),
	(198, 'Honduras', 99, 2),
	(199, 'هونج كونج', 100, 1),
	(200, 'Hong Kong', 100, 2),
	(201, 'هنغاريا', 101, 1),
	(202, 'Hungary', 101, 2),
	(203, 'أيسلندا', 102, 1),
	(204, 'Iceland', 102, 2),
	(205, 'الهند', 103, 1),
	(206, 'India', 103, 2),
	(207, 'إندونيسيا', 104, 1),
	(208, 'Indonesia', 104, 2),
	(209, 'جمهورية إيران الإسلامية', 105, 1),
	(210, 'Iran, Islamic Republic of', 105, 2),
	(211, 'العراق', 106, 1),
	(212, 'Iraq', 106, 2),
	(213, 'أيرلندا', 107, 1),
	(214, 'Ireland', 107, 2),
	(215, 'جزيرة آيل أوف مان', 108, 1),
	(216, 'Isle of Man', 108, 2),
	(217, 'إسرائيل', 109, 1),
	(218, 'Israel', 109, 2),
	(219, 'إيطاليا', 110, 1),
	(220, 'Italy', 110, 2),
	(221, 'جامايكا', 111, 1),
	(222, 'Jamaica', 111, 2),
	(223, 'اليابان', 112, 1),
	(224, 'Japan', 112, 2),
	(225, 'جيرسي', 113, 1),
	(226, 'Jersey', 113, 2),
	(227, 'الأردن', 114, 1),
	(228, 'Jordan', 114, 2),
	(229, 'كازاخستان', 115, 1),
	(230, 'Kazakhstan', 115, 2),
	(231, 'كينيا', 116, 1),
	(232, 'Kenya', 116, 2),
	(233, 'كيريباتي', 117, 1),
	(234, 'Kiribati', 117, 2),
	(235, 'كوريا، الجمهورية الشعبية الديمقراطية', 118, 1),
	(236, 'Korea, Democratic People\'s Republic of', 118, 2),
	(237, 'جمهورية كوريا', 119, 1),
	(238, 'Korea, Republic of', 119, 2),
	(239, 'كوسوفو', 120, 1),
	(240, 'Kosovo', 120, 2),
	(241, 'الكويت', 121, 1),
	(242, 'Kuwait', 121, 2),
	(243, 'قيرغيزستان', 122, 1),
	(244, 'Kyrgyzstan', 122, 2),
	(245, 'جمهورية لاو الديمقراطية الشعبية', 123, 1),
	(246, 'Lao People\'s Democratic Republic', 123, 2),
	(247, 'لاتفيا', 124, 1),
	(248, 'Latvia', 124, 2),
	(249, 'لبنان', 125, 1),
	(250, 'Lebanon', 125, 2),
	(251, 'ليسوتو', 126, 1),
	(252, 'Lesotho', 126, 2),
	(253, 'ليبيريا', 127, 1),
	(254, 'Liberia', 127, 2),
	(255, 'الجماهيرية العربية الليبية', 128, 1),
	(256, 'Libyan Arab Jamahiriya', 128, 2),
	(257, 'ليختنشتاين', 129, 1),
	(258, 'Liechtenstein', 129, 2),
	(259, 'ليتوانيا', 130, 1),
	(260, 'Lithuania', 130, 2),
	(261, 'لوكسمبورغ', 131, 1),
	(262, 'Luxembourg', 131, 2),
	(263, 'ماكاو', 132, 1),
	(264, 'Macao', 132, 2),
	(265, 'مقدونيا ، جمهورية يوغوسلافيا السابقة', 133, 1),
	(266, 'Macedonia, the Former Yugoslav Republic of', 133, 2),
	(267, 'مدغشقر', 134, 1),
	(268, 'Madagascar', 134, 2),
	(269, 'ملاوي', 135, 1),
	(270, 'Malawi', 135, 2),
	(271, 'ماليزيا', 136, 1),
	(272, 'Malaysia', 136, 2),
	(273, 'جزر المالديف', 137, 1),
	(274, 'Maldives', 137, 2),
	(275, 'مالي', 138, 1),
	(276, 'Mali', 138, 2),
	(277, 'مالطا', 139, 1),
	(278, 'Malta', 139, 2),
	(279, 'جزر مارشال', 140, 1),
	(280, 'Marshall Islands', 140, 2),
	(281, 'مارتينيك', 141, 1),
	(282, 'Martinique', 141, 2),
	(283, 'موريتانيا', 142, 1),
	(284, 'Mauritania', 142, 2),
	(285, 'موريشيوس', 143, 1),
	(286, 'Mauritius', 143, 2),
	(287, 'مايوت', 144, 1),
	(288, 'Mayotte', 144, 2),
	(289, 'المكسيك', 145, 1),
	(290, 'Mexico', 145, 2),
	(291, 'ولايات ميكرونيزيا الموحدة', 146, 1),
	(292, 'Micronesia, Federated States of', 146, 2),
	(293, 'جمهورية مولدوفا', 147, 1),
	(294, 'Moldova, Republic of', 147, 2),
	(295, 'موناكو', 148, 1),
	(296, 'Monaco', 148, 2),
	(297, 'منغوليا', 149, 1),
	(298, 'Mongolia', 149, 2),
	(299, 'الجبل الأسود', 150, 1),
	(300, 'Montenegro', 150, 2),
	(301, 'مونتسيرات', 151, 1),
	(302, 'Montserrat', 151, 2),
	(303, 'المغرب', 152, 1),
	(304, 'Morocco', 152, 2),
	(305, 'موزمبيق', 153, 1),
	(306, 'Mozambique', 153, 2),
	(307, 'ميانمار', 154, 1),
	(308, 'Myanmar', 154, 2),
	(309, 'ناميبيا', 155, 1),
	(310, 'Namibia', 155, 2),
	(311, 'ناورو', 156, 1),
	(312, 'Nauru', 156, 2),
	(313, 'نيبال', 157, 1),
	(314, 'Nepal', 157, 2),
	(315, 'هولندا', 158, 1),
	(316, 'Netherlands', 158, 2),
	(317, 'جزر الأنتيل الهولندية', 159, 1),
	(318, 'Netherlands Antilles', 159, 2),
	(319, 'كاليدونيا الجديدة', 160, 1),
	(320, 'New Caledonia', 160, 2),
	(321, 'نيوزيلاندا', 161, 1),
	(322, 'New Zealand', 161, 2),
	(323, 'نيكاراغوا', 162, 1),
	(324, 'Nicaragua', 162, 2),
	(325, 'النيجر', 163, 1),
	(326, 'Niger', 163, 2),
	(327, 'نيجيريا', 164, 1),
	(328, 'Nigeria', 164, 2),
	(329, 'نيوي', 165, 1),
	(330, 'Niue', 165, 2),
	(331, 'جزيرة نورفولك', 166, 1),
	(332, 'Norfolk Island', 166, 2),
	(333, 'جزر مريانا الشمالية', 167, 1),
	(334, 'Northern Mariana Islands', 167, 2),
	(335, 'النرويج', 168, 1),
	(336, 'Norway', 168, 2),
	(337, 'سلطنة عمان', 169, 1),
	(338, 'Oman', 169, 2),
	(339, 'باكستان', 170, 1),
	(340, 'Pakistan', 170, 2),
	(341, 'بالاو', 171, 1),
	(342, 'Palau', 171, 2),
	(343, 'الأراضي الفلسطينية المحتلة', 172, 1),
	(344, 'Palestinian Territory, Occupied', 172, 2),
	(345, 'بنما', 173, 1),
	(346, 'Panama', 173, 2),
	(347, 'بابوا غينيا الجديدة', 174, 1),
	(348, 'Papua New Guinea', 174, 2),
	(349, 'باراغواي', 175, 1),
	(350, 'Paraguay', 175, 2),
	(351, 'بيرو', 176, 1),
	(352, 'Peru', 176, 2),
	(353, 'فيلبيني', 177, 1),
	(354, 'Philippines', 177, 2),
	(355, 'بيتكيرن', 178, 1),
	(356, 'Pitcairn', 178, 2),
	(357, 'بولندا', 179, 1),
	(358, 'Poland', 179, 2),
	(359, 'البرتغال', 180, 1),
	(360, 'Portugal', 180, 2),
	(361, 'بورتوريكو', 181, 1),
	(362, 'Puerto Rico', 181, 2),
	(363, 'دولة قطر', 182, 1),
	(364, 'Qatar', 182, 2),
	(365, 'جمع شمل', 183, 1),
	(366, 'Reunion', 183, 2),
	(367, 'رومانيا', 184, 1),
	(368, 'Romania', 184, 2),
	(369, 'الاتحاد الروسي', 185, 1),
	(370, 'Russian Federation', 185, 2),
	(371, 'رواندا', 186, 1),
	(372, 'Rwanda', 186, 2),
	(373, 'سانت بارتيليمي', 187, 1),
	(374, 'Saint Barthelemy', 187, 2),
	(375, 'سانت هيلانة', 188, 1),
	(376, 'Saint Helena', 188, 2),
	(377, 'سانت كيتس ونيفيس', 189, 1),
	(378, 'Saint Kitts and Nevis', 189, 2),
	(379, 'القديسة لوسيا', 190, 1),
	(380, 'Saint Lucia', 190, 2),
	(381, 'القديس مارتن', 191, 1),
	(382, 'Saint Martin', 191, 2),
	(383, 'سانت بيير وميكلون', 192, 1),
	(384, 'Saint Pierre and Miquelon', 192, 2),
	(385, 'سانت فنسنت وجزر غرينادين', 193, 1),
	(386, 'Saint Vincent and the Grenadines', 193, 2),
	(387, 'ساموا', 194, 1),
	(388, 'Samoa', 194, 2),
	(389, 'سان مارينو', 195, 1),
	(390, 'San Marino', 195, 2),
	(391, 'ساو تومي وبرينسيبي', 196, 1),
	(392, 'Sao Tome and Principe', 196, 2),
	(393, 'المملكة العربية السعودية', 197, 1),
	(394, 'Saudi Arabia', 197, 2),
	(395, 'السنغال', 198, 1),
	(396, 'Senegal', 198, 2),
	(397, 'صربيا', 199, 1),
	(398, 'Serbia', 199, 2),
	(399, 'صربيا والجبل الأسود', 200, 1),
	(400, 'Serbia and Montenegro', 200, 2),
	(401, 'سيشيل', 201, 1),
	(402, 'Seychelles', 201, 2),
	(403, 'سيرا ليون', 202, 1),
	(404, 'Sierra Leone', 202, 2),
	(405, 'سنغافورة', 203, 1),
	(406, 'Singapore', 203, 2),
	(407, 'سينت مارتن', 204, 1),
	(408, 'St Martin', 204, 2),
	(409, 'سلوفاكيا', 205, 1),
	(410, 'Slovakia', 205, 2),
	(411, 'سلوفينيا', 206, 1),
	(412, 'Slovenia', 206, 2),
	(413, 'جزر سليمان', 207, 1),
	(414, 'Solomon Islands', 207, 2),
	(415, 'الصومال', 208, 1),
	(416, 'Somalia', 208, 2),
	(417, 'جنوب أفريقيا', 209, 1),
	(418, 'South Africa', 209, 2),
	(419, 'جورجيا الجنوبية وجزر ساندويتش الجنوبية', 210, 1),
	(420, 'South Georgia and the South Sandwich Islands', 210, 2),
	(421, 'جنوب السودان', 211, 1),
	(422, 'South Sudan', 211, 2),
	(423, 'إسبانيا', 212, 1),
	(424, 'Spain', 212, 2),
	(425, 'سيريلانكا', 213, 1),
	(426, 'Sri Lanka', 213, 2),
	(427, 'السودان', 214, 1),
	(428, 'Sudan', 214, 2),
	(429, 'سورينام', 215, 1),
	(430, 'Suriname', 215, 2),
	(431, 'سفالبارد وجان ماين', 216, 1),
	(432, 'Svalbard and Jan Mayen', 216, 2),
	(433, 'سوازيلاند', 217, 1),
	(434, 'Swaziland', 217, 2),
	(435, 'السويد', 218, 1),
	(436, 'Sweden', 218, 2),
	(437, 'سويسرا', 219, 1),
	(438, 'Switzerland', 219, 2),
	(439, 'الجمهورية العربية السورية', 220, 1),
	(440, 'Syrian Arab Republic', 220, 2),
	(441, 'مقاطعة تايوان الصينية', 221, 1),
	(442, 'Taiwan, Province of China', 221, 2),
	(443, 'طاجيكستان', 222, 1),
	(444, 'Tajikistan', 222, 2),
	(445, 'جمهورية تنزانيا المتحدة', 223, 1),
	(446, 'Tanzania, United Republic of', 223, 2),
	(447, 'تايلاند', 224, 1),
	(448, 'Thailand', 224, 2),
	(449, 'تيمور ليشتي', 225, 1),
	(450, 'Timor-Leste', 225, 2),
	(451, 'توجو', 226, 1),
	(452, 'Togo', 226, 2),
	(453, 'توكيلاو', 227, 1),
	(454, 'Tokelau', 227, 2),
	(455, 'تونغا', 228, 1),
	(456, 'Tonga', 228, 2),
	(457, 'ترينداد وتوباغو', 229, 1),
	(458, 'Trinidad and Tobago', 229, 2),
	(459, 'تونس', 230, 1),
	(460, 'Tunisia', 230, 2),
	(461, 'ديك رومى', 231, 1),
	(462, 'Turkey', 231, 2),
	(463, 'تركمانستان', 232, 1),
	(464, 'Turkmenistan', 232, 2),
	(465, 'جزر تركس وكايكوس', 233, 1),
	(466, 'Turks and Caicos Islands', 233, 2),
	(467, 'توفالو', 234, 1),
	(468, 'Tuvalu', 234, 2),
	(469, 'أوغندا', 235, 1),
	(470, 'Uganda', 235, 2),
	(471, 'أوكرانيا', 236, 1),
	(472, 'Ukraine', 236, 2),
	(473, 'الإمارات العربية المتحدة', 237, 1),
	(474, 'United Arab Emirates', 237, 2),
	(475, 'المملكة المتحدة', 238, 1),
	(476, 'United Kingdom', 238, 2),
	(477, 'الولايات المتحدة', 239, 1),
	(478, 'United States', 239, 2),
	(479, 'جزر الولايات المتحدة البعيدة الصغرى', 240, 1),
	(480, 'United States Minor Outlying Islands', 240, 2),
	(481, 'أوروغواي', 241, 1),
	(482, 'Uruguay', 241, 2),
	(483, 'أوزبكستان', 242, 1),
	(484, 'Uzbekistan', 242, 2),
	(485, 'فانواتو', 243, 1),
	(486, 'Vanuatu', 243, 2),
	(487, 'فنزويلا', 244, 1),
	(488, 'Venezuela', 244, 2),
	(489, 'فييت نام', 245, 1),
	(490, 'Viet Nam', 245, 2),
	(491, 'جزر العذراء البريطانية', 246, 1),
	(492, 'Virgin Islands, British', 246, 2),
	(493, 'جزر فيرجن ، الولايات المتحدة', 247, 1),
	(494, 'Virgin Islands, U.s.', 247, 2),
	(495, 'واليس وفوتونا', 248, 1),
	(496, 'Wallis and Futuna', 248, 2),
	(497, 'الصحراء الغربية', 249, 1),
	(498, 'Western Sahara', 249, 2),
	(499, 'اليمن', 250, 1),
	(500, 'Yemen', 250, 2),
	(501, 'زامبيا', 251, 1),
	(502, 'Zambia', 251, 2),
	(503, 'زيمبابوي', 252, 1),
	(504, 'Zimbabwe', 252, 2),
	(505, 'أفغانستان', 253, 1),
	(506, 'Afghanistan', 253, 2);

-- Dumping structure for table bugshan_db.failed_jobs
CREATE TABLE IF NOT EXISTS `failed_jobs` (
  `id` bigint(20) unsigned NOT NULL AUTO_INCREMENT,
  `connection` text NOT NULL,
  `queue` text NOT NULL,
  `payload` longtext NOT NULL,
  `exception` longtext NOT NULL,
  `failed_at` timestamp NOT NULL DEFAULT current_timestamp(),
  PRIMARY KEY (`id`)
) ENGINE=MyISAM DEFAULT CHARSET=utf8 COLLATE=utf8_general_ci;

-- Dumping data for table bugshan_db.failed_jobs: 0 rows

-- Dumping structure for table bugshan_db.features
CREATE TABLE IF NOT EXISTS `features` (
  `id` bigint(20) unsigned NOT NULL AUTO_INCREMENT,
  `created_at` timestamp NULL DEFAULT NULL,
  `updated_at` timestamp NULL DEFAULT NULL,
  `deleted_at` timestamp NULL DEFAULT NULL,
  PRIMARY KEY (`id`)
) ENGINE=InnoDB AUTO_INCREMENT=69 DEFAULT CHARSET=utf8 COLLATE=utf8_general_ci;

-- Dumping data for table bugshan_db.features: ~7 rows (approximately)
INSERT INTO `features` (`id`, `created_at`, `updated_at`, `deleted_at`) VALUES
	(62, '2024-04-16 23:09:49', '2024-06-06 10:16:46', '2024-06-06 10:16:46'),
	(63, '2024-04-16 23:10:16', '2024-06-06 10:16:46', '2024-06-06 10:16:46'),
	(64, '2024-04-16 23:10:38', '2024-06-06 10:16:46', '2024-06-06 10:16:46'),
	(65, '2024-04-16 23:11:05', '2024-04-24 09:18:59', NULL),
	(66, '2024-04-24 09:16:47', '2024-04-24 09:20:38', '2024-04-24 09:20:38'),
	(67, '2024-04-24 09:21:06', '2024-04-24 14:44:28', '2024-04-24 14:44:28'),
	(68, '2024-05-23 10:18:49', '2024-05-23 10:18:49', NULL);

-- Dumping structure for table bugshan_db.feature_descriptions
CREATE TABLE IF NOT EXISTS `feature_descriptions` (
  `id` bigint(20) unsigned NOT NULL AUTO_INCREMENT,
  `title` varchar(200) DEFAULT NULL,
  `feature_id` bigint(20) unsigned DEFAULT NULL,
  `language_id` bigint(20) unsigned DEFAULT NULL,
  PRIMARY KEY (`id`),
  KEY `choose_descriptions_choose_id_foreign` (`feature_id`),
  KEY `choose_descriptions_language_id_foreign` (`language_id`),
  CONSTRAINT `feature_descriptions_choose_id_foreign` FOREIGN KEY (`feature_id`) REFERENCES `features` (`id`) ON DELETE CASCADE ON UPDATE CASCADE,
  CONSTRAINT `feature_descriptions_language_id_foreign` FOREIGN KEY (`language_id`) REFERENCES `languages` (`id`) ON DELETE CASCADE ON UPDATE CASCADE
) ENGINE=InnoDB AUTO_INCREMENT=169 DEFAULT CHARSET=utf8 COLLATE=utf8_general_ci;

-- Dumping data for table bugshan_db.feature_descriptions: ~14 rows (approximately)
INSERT INTO `feature_descriptions` (`id`, `title`, `feature_id`, `language_id`) VALUES
	(129, 'قطاع الصيانة والتشغيل', 64, 1),
	(130, 'Maintenance and Operation Sector', 64, 2),
	(135, 'خالد', 66, 1),
	(136, 'Khalid', 66, 2),
	(157, 'تست', 67, 1),
	(158, 'test', 67, 2),
	(159, 'قطاع المقاولات', 63, 1),
	(160, 'Construction Sector', 63, 2),
	(161, 'قطاع الإعاشة و التموين', 62, 1),
	(162, 'Catering Sector', 62, 2),
	(165, 'عدد المستودعات الشركة  6+', 68, 1),
	(166, 'Company Warehouse 6+', 68, 2),
	(167, 'عدد سيارات الشركة 300+', 65, 1),
	(168, 'company Cars 300+', 65, 2);

-- Dumping structure for table bugshan_db.histories
CREATE TABLE IF NOT EXISTS `histories` (
  `id` bigint(20) unsigned NOT NULL AUTO_INCREMENT,
  `years_in` varchar(255) DEFAULT NULL,
  `years_to` varchar(255) DEFAULT NULL,
  `image` varchar(255) DEFAULT NULL,
  `image2` varchar(255) DEFAULT NULL,
  `created_at` datetime DEFAULT NULL,
  `updated_at` datetime DEFAULT NULL,
  `deleted_at` datetime DEFAULT NULL,
  PRIMARY KEY (`id`)
) ENGINE=InnoDB AUTO_INCREMENT=15 DEFAULT CHARSET=utf8mb4 COLLATE=utf8mb4_general_ci;

-- Dumping data for table bugshan_db.histories: ~8 rows (approximately)
INSERT INTO `histories` (`id`, `years_in`, `years_to`, `image`, `image2`, `created_at`, `updated_at`, `deleted_at`) VALUES
	(1, NULL, NULL, 'storage/photos/shares/we.jpg', NULL, '2024-04-22 15:15:19', '2024-05-22 12:03:38', NULL),
	(2, NULL, NULL, NULL, NULL, '2024-04-22 15:17:07', '2024-04-22 15:17:07', NULL),
	(3, NULL, NULL, NULL, NULL, '2024-04-22 15:17:25', '2024-04-22 15:17:25', NULL),
	(4, NULL, NULL, 'storage/photos/shares/ZZZZZX.jpg', NULL, '2024-04-22 15:17:47', '2024-06-06 15:02:55', NULL),
	(5, NULL, NULL, NULL, NULL, '2024-04-22 15:18:04', '2024-08-16 13:05:00', NULL),
	(7, NULL, NULL, 'storage/photos/shares/12345.jpg', NULL, '2024-08-16 12:47:19', '2024-08-16 12:47:19', NULL),
	(8, NULL, NULL, 'storage/photos/shares/12345.jpg', NULL, '2024-08-16 12:48:50', '2024-08-16 12:48:50', NULL),
	(9, NULL, NULL, 'storage/photos/shares/12345.jpg', NULL, '2024-08-16 12:48:55', '2024-08-16 12:48:55', NULL),
	(13, '1910', '1917', 'storage/photos/shares/1.jpg', 'storage/photos/shares/1111.jpg', '2024-08-16 16:20:43', '2024-08-16 16:20:43', NULL),
	(14, '1915', '1930', 'storage/photos/shares/370632485_122126490164002835_7814470262877211187_n.jpg', 'storage/photos/shares/4.jpg', '2024-08-16 16:35:53', '2024-08-16 17:56:20', NULL);

-- Dumping structure for table bugshan_db.history_descriptions
CREATE TABLE IF NOT EXISTS `history_descriptions` (
  `id` bigint(20) unsigned NOT NULL AUTO_INCREMENT,
  `title` varchar(255) DEFAULT NULL,
  `description` varchar(512) DEFAULT NULL,
  `history_id` bigint(20) unsigned DEFAULT NULL,
  `language_id` bigint(20) unsigned DEFAULT NULL,
  PRIMARY KEY (`id`),
  KEY `history_descriptions_history_id_foreign` (`history_id`),
  KEY `history_descriptions_language_id_foreign` (`language_id`),
  CONSTRAINT `history_descriptions_history_id_foreign` FOREIGN KEY (`history_id`) REFERENCES `histories` (`id`) ON DELETE CASCADE ON UPDATE CASCADE,
  CONSTRAINT `history_descriptions_language_id_foreign` FOREIGN KEY (`language_id`) REFERENCES `languages` (`id`) ON DELETE CASCADE ON UPDATE CASCADE
) ENGINE=InnoDB AUTO_INCREMENT=59 DEFAULT CHARSET=utf8mb4 COLLATE=utf8mb4_general_ci;

-- Dumping data for table bugshan_db.history_descriptions: ~13 rows (approximately)
INSERT INTO `history_descriptions` (`id`, `title`, `description`, `history_id`, `language_id`) VALUES
	(5, 'المزيد من الازدهار إطلاق خدمات صيانة المباني.', NULL, 3, 1),
	(6, 'More prosperity launching building maintenance services.', NULL, 3, 2),
	(27, 'تأسست شركة الحبيب عام 1990م بمكتبين في جدة و 15 موظفا', NULL, 1, 1),
	(28, 'Al Habib Company was established with two offices in Jeddah and 15 employees', NULL, 1, 2),
	(37, 'إطلاق قسم إدارة التشغيل الطبي وعمليات الرعاية الصحية.', NULL, 5, 1),
	(38, 'Launching the Medical Operations and Healthcare Operations Department.', NULL, 5, 2),
	(39, 'مشاريع بقيمة اكثر من 7.5+ مليار من 2014 الي 2024', NULL, 4, 1),
	(40, 'Projects worth more than 7.5 billion from 2014 to 2024', NULL, 4, 2),
	(41, 'انشاء قسم المقاولات', NULL, 2, 1),
	(42, 'The first step was launching construction services.', NULL, 2, 2),
	(55, 'مالك', '<p>وصف</p>', 13, 1),
	(56, 'malek', '<p>desc</p>', 13, 2),
	(57, '111', '<p>333</p>', 14, 1),
	(58, '2222', '<p>444</p>', 14, 2);

-- Dumping structure for table bugshan_db.images
CREATE TABLE IF NOT EXISTS `images` (
  `id` bigint(20) unsigned NOT NULL AUTO_INCREMENT,
  `imageable_id` bigint(20) unsigned NOT NULL,
  `imageable_type` varchar(255) NOT NULL,
  `url` varchar(200) DEFAULT NULL,
  `created_at` timestamp NULL DEFAULT NULL,
  `updated_at` timestamp NULL DEFAULT NULL,
  PRIMARY KEY (`id`),
  KEY `imageable` (`imageable_id`,`imageable_type`)
) ENGINE=InnoDB AUTO_INCREMENT=11 DEFAULT CHARSET=utf16 COLLATE=utf16_general_ci;

-- Dumping data for table bugshan_db.images: ~0 rows (approximately)

-- Dumping structure for table bugshan_db.jobs
CREATE TABLE IF NOT EXISTS `jobs` (
  `id` bigint(20) unsigned NOT NULL AUTO_INCREMENT,
  `queue` varchar(191) NOT NULL,
  `payload` longtext NOT NULL,
  `attempts` tinyint(3) unsigned NOT NULL,
  `reserved_at` int(10) unsigned DEFAULT NULL,
  `available_at` int(10) unsigned NOT NULL,
  `created_at` int(10) unsigned NOT NULL,
  PRIMARY KEY (`id`),
  KEY `jobs_queue_index` (`queue`)
) ENGINE=MyISAM DEFAULT CHARSET=utf8 COLLATE=utf8_general_ci;

-- Dumping data for table bugshan_db.jobs: 0 rows

-- Dumping structure for table bugshan_db.languages
CREATE TABLE IF NOT EXISTS `languages` (
  `id` bigint(20) unsigned NOT NULL AUTO_INCREMENT,
  `local` char(2) NOT NULL,
  `name` varchar(50) NOT NULL,
  `status` tinyint(1) NOT NULL DEFAULT 1 COMMENT 'whether the language is active in the website or not, 1-> is active',
  `admin_status` tinyint(1) NOT NULL DEFAULT 1 COMMENT 'whether the language is active in the dashboard or not, 1-> is active',
  `deleted_at` timestamp NULL DEFAULT NULL,
  `created_at` timestamp NULL DEFAULT NULL,
  `updated_at` timestamp NULL DEFAULT NULL,
  PRIMARY KEY (`id`),
  UNIQUE KEY `languages_local_unique` (`local`),
  KEY `languages_status_index` (`status`),
  KEY `languages_admin_status_index` (`admin_status`)
) ENGINE=InnoDB AUTO_INCREMENT=3 DEFAULT CHARSET=utf8 COLLATE=utf8_general_ci;

-- Dumping data for table bugshan_db.languages: ~2 rows (approximately)
INSERT INTO `languages` (`id`, `local`, `name`, `status`, `admin_status`, `deleted_at`, `created_at`, `updated_at`) VALUES
	(1, 'ar', 'Arabic', 1, 1, NULL, NULL, NULL),
	(2, 'en', 'English', 1, 1, NULL, NULL, NULL);

-- Dumping structure for table bugshan_db.mail_lists
CREATE TABLE IF NOT EXISTS `mail_lists` (
  `id` bigint(20) unsigned NOT NULL AUTO_INCREMENT,
  `send_to` varchar(191) DEFAULT NULL,
  `subject` varchar(191) DEFAULT NULL,
  `message` text DEFAULT NULL,
  `categories` text DEFAULT NULL,
  `created_at` timestamp NULL DEFAULT NULL,
  `updated_at` timestamp NULL DEFAULT NULL,
  PRIMARY KEY (`id`),
  KEY `mail_lists_id_index` (`id`)
) ENGINE=MyISAM AUTO_INCREMENT=2 DEFAULT CHARSET=utf8 COLLATE=utf8_general_ci;

-- Dumping data for table bugshan_db.mail_lists: 1 rows
INSERT INTO `mail_lists` (`id`, `send_to`, `subject`, `message`, `categories`, `created_at`, `updated_at`) VALUES
	(1, 'khalidbehis@gmail.com', 'يشؤش', '<p>ءئءرير</p>', NULL, '2024-04-29 11:10:53', '2024-04-29 11:10:53');

-- Dumping structure for table bugshan_db.migrations
CREATE TABLE IF NOT EXISTS `migrations` (
  `id` int(10) unsigned NOT NULL AUTO_INCREMENT,
  `migration` varchar(191) NOT NULL,
  `batch` int(11) NOT NULL,
  PRIMARY KEY (`id`)
) ENGINE=MyISAM AUTO_INCREMENT=34 DEFAULT CHARSET=utf8 COLLATE=utf8_general_ci;

-- Dumping data for table bugshan_db.migrations: 33 rows
INSERT INTO `migrations` (`id`, `migration`, `batch`) VALUES
	(1, '2014_10_12_000000_create_users_table', 1),
	(2, '2014_10_12_100000_create_password_resets_table', 1),
	(3, '2020_03_23_152956_create_modules_table', 1),
	(4, '2020_03_24_152330_create_user_modules_table', 1),
	(5, '2020_03_26_123015_create_notifications_table', 1),
	(6, '2020_03_28_090214_create_languages_table', 1),
	(7, '2020_04_06_152054_create_categories_table', 1),
	(8, '2020_04_06_153054_create_category_descriptions_table', 1),
	(9, '2020_04_11_162749_create_pages_table', 1),
	(10, '2020_04_15_174353_create_page_description_table', 1),
	(11, '2020_04_18_165721_create_website_category_table', 1),
	(12, '2020_04_18_180507_create_website_category_description_table', 1),
	(13, '2020_04_18_202054_create_website_photo_table', 1),
	(14, '2020_04_18_211850_create_website_photo_description_table', 1),
	(15, '2020_04_21_114211_create_video_category_table', 1),
	(16, '2020_04_21_114313_create_video_category_description_table', 1),
	(17, '2020_04_21_154718_create_video_table', 1),
	(18, '2020_04_21_154803_create_video_description_table', 1),
	(19, '2020_04_27_132905_create_article_table', 1),
	(20, '2020_04_27_133349_create_article_description_table', 1),
	(21, '2020_04_27_140305_create_article_photo', 1),
	(22, '2020_05_02_143955_create_photo_category_table', 1),
	(23, '2020_05_02_144108_create_photo_category_description_table', 1),
	(24, '2020_05_02_150546_create_photo_table', 1),
	(25, '2020_05_02_150600_create_photo_description_table', 1),
	(26, '2020_05_17_193914_create_newsletter_table', 1),
	(27, '2020_05_18_084100_create_jobs_table', 1),
	(28, '2020_05_18_103912_create_failed_jobs_table', 1),
	(29, '2020_05_19_200043_create_visitor_message_table', 1),
	(30, '2020_05_30_155342_create_mail_list_table', 1),
	(31, '2020_05_31_104303_create_visitor_message_replies_table', 1),
	(32, '2020_06_01_181915_create_setting_table', 1),
	(33, '2020_06_06_155249_create_website_visitor_table', 1);

-- Dumping structure for table bugshan_db.modules
CREATE TABLE IF NOT EXISTS `modules` (
  `id` bigint(20) unsigned NOT NULL AUTO_INCREMENT,
  `name` varchar(100) NOT NULL,
  `path` varchar(50) NOT NULL,
  `meta` longtext CHARACTER SET utf8mb4 COLLATE utf8mb4_bin DEFAULT NULL,
  `created_at` timestamp NULL DEFAULT NULL,
  `updated_at` timestamp NULL DEFAULT NULL,
  `deleted_at` timestamp NULL DEFAULT NULL,
  PRIMARY KEY (`id`)
) ENGINE=InnoDB AUTO_INCREMENT=52 DEFAULT CHARSET=utf8 COLLATE=utf8_general_ci;

-- Dumping data for table bugshan_db.modules: ~16 rows (approximately)
INSERT INTO `modules` (`id`, `name`, `path`, `meta`, `created_at`, `updated_at`, `deleted_at`) VALUES
	(35, 'Settings', 'settings', '{"module_name":{"ar":"\\u0627\\u0644\\u0625\\u0639\\u062f\\u0627\\u062f\\u062a","en":"Settings"},"fields":{"ar":{"add_new":"\\u0625\\u0636\\u0627\\u0641\\u0629 \\u0623\\u0639\\u062f\\u0627\\u062f\\u062a","edit":"\\u062a\\u0639\\u062f\\u064a\\u0644 \\u0627\\u0644\\u0625\\u0639\\u062f\\u0627\\u062f\\u062a","website_disable":"\\u062a\\u0639\\u0637\\u064a\\u0644 \\u0627\\u0644\\u0645\\u0648\\u0642\\u0639","dashboard_disable":"\\u062a\\u0639\\u0637\\u064a\\u0644 \\u0644\\u0648\\u062d\\u0629 \\u0627\\u0644\\u062a\\u062d\\u0643\\u0645","website_name":"\\u0627\\u0633\\u0645 \\u0627\\u0644\\u0645\\u0648\\u0642\\u0639","Keywords":"\\u0627\\u0644\\u0643\\u0644\\u0645\\u0627\\u062a \\u0627\\u0644\\u062f\\u0644\\u064a\\u0644\\u064a\\u0629","meta_description":"\\u0627\\u0644\\u0643\\u0644\\u0645\\u0627\\u062a \\u0627\\u0644\\u0648\\u0635\\u0641\\u064a\\u0629","site_email":"\\u0628\\u0631\\u064a\\u062f \\u0627\\u0644\\u0645\\u0648\\u0642\\u0639","site_address":"\\u0639\\u0646\\u0648\\u0627\\u0646 \\u0627\\u0644\\u0645\\u0648\\u0642\\u0639","site_phone":"\\u062c\\u0648\\u0627\\u0644 \\u0627\\u0644\\u0645\\u0648\\u0642\\u0639","mail_driver":"Mail Driver(SMTP)","mail_host":"Mail Host (smtp.example.com)","mail_port":"Mail Port (2525)","mail_username":"Mail Username(username@example.cm)","mail_password":"Mail password","mail_encryption":"Mail Encryption(tls)","mail_from_address":"Mail From address(info@example.com)","mail_from_name":"Mail From Name(Example)","website_logo":"\\u0644\\u0648\\u062c\\u0648 \\u0627\\u0644\\u0645\\u0648\\u0642\\u0639"},"en":{"add_new":"Add Settings","edit":"Edit Settings","website_disable":"Website Disabled","dashboard_disable":"Dashboard Disabled","website_name":"Website Name","Keywords":"Keywords","meta_description":"Meta Description","site_email":"Website Email","site_address":"Website Address","site_phone":"Website Phone","mail_driver":"Mail Driver(SMTP)","mail_host":"Mail Host (smtp.example.com)","mail_port":"Mail Port (2525)","mail_username":"Mail Username(username@example.cm)","mail_password":"Mail password","mail_encryption":"Mail Encryption(tls)","mail_from_address":"Mail From address(info@example.com)","mail_from_name":"Mail From Name(Example)","website_logo":"Website Logo"}}}', NULL, '2024-08-17 06:23:22', NULL),
	(36, 'Users', 'users', '{"module_name":{"ar":"\\u0627\\u0644\\u0645\\u0634\\u0631\\u0641\\u064a\\u0646","en":"Users"},"fields":{"ar":{"add_new":"\\u0625\\u0636\\u0627\\u0641\\u0629 \\u0645\\u0634\\u0631\\u0641 \\u062c\\u062f\\u064a\\u062f","edit":"\\u062a\\u0639\\u062f\\u064a\\u0644 \\u0645\\u0634\\u0631\\u0641","name":"\\u0627\\u0644\\u0625\\u0633\\u0645","email":"\\u0627\\u0644\\u0628\\u0631\\u064a\\u062f \\u0627\\u0644\\u0625\\u0644\\u0643\\u062a\\u0631\\u0648\\u0646\\u064a","phone":"\\u0631\\u0642\\u0645 \\u0627\\u0644\\u062c\\u0648\\u0627\\u0644","photo":"\\u0635\\u0648\\u0631\\u0629 \\u0627\\u0644\\u0628\\u0631\\u0648\\u0641\\u0627\\u064a\\u0644","password":"\\u0643\\u0644\\u0645\\u0629 \\u0627\\u0644\\u0645\\u0631\\u0648\\u0631","password_confirmation":"\\u062a\\u0623\\u0643\\u064a\\u062f \\u0643\\u0644\\u0645\\u0629 \\u0627\\u0644\\u0645\\u0631\\u0648\\u0631","modules":"\\u0627\\u0644\\u0645\\u0648\\u062f\\u064a\\u0648\\u0644\\u0627\\u062a"},"en":{"add_new":"Add New User","edit":"Edit User","name":"The name","email":"The email","phone":"The Phone","photo":"The Photo","password":"Password","password_confirmation":"Password Confirmation","modules":"Modules"}}}', NULL, '2024-08-17 06:23:22', NULL),
	(37, 'Partners', 'partners', '{"module_name":{"ar":"\\u0642\\u0635\\u0635 \\u0627\\u0644\\u0646\\u062c\\u0627\\u062d","en":"success stories"},"fields":{"ar":{"add_new":"\\u0625\\u0636\\u0627\\u0641\\u0629 \\u062c\\u062f\\u064a\\u062f","edit":"\\u062a\\u0639\\u062f\\u064a\\u0644","title":"\\u0639\\u0646\\u0648\\u0627\\u0646 \\u0627\\u0648\\u0644 \\u0644\\u0644\\u0642\\u0635\\u0629","description":"\\u0648\\u0635\\u0641 \\u0627\\u0644\\u0642\\u0635\\u0629","image":"\\u0644\\u0648\\u062c\\u0648 \\u0627\\u0644\\u0642\\u0635\\u0629"},"en":{"add_new":"Add new","edit":"Edit","title":"First title of the story","description":"Story Description","image":"Logo story"}}}', NULL, '2024-08-17 06:23:22', NULL),
	(38, 'Clients', 'clients', '{"module_name":{"ar":"\\u0627\\u0631\\u0627\\u0621 \\u0627\\u0644\\u0639\\u0645\\u0644\\u0627\\u0621","en":"Clients"},"fields":{"ar":{"head":"\\u0627\\u0631\\u0627\\u0621 \\u0627\\u0644\\u0639\\u0645\\u0644\\u0627\\u0621","menuIcon":"fas fa-camera","new":"\\u0625\\u0636\\u0627\\u0641\\u0629 \\u0631\\u0627\\u064a \\u0639\\u0645\\u064a\\u0644 \\u062c\\u062f\\u064a\\u062f","edit":"\\u062a\\u062d\\u0631\\u064a\\u0631 \\u0639\\u0645\\u064a\\u0644","image":"\\u0627\\u0644\\u0635\\u0648\\u0631\\u0629","title":"\\u0627\\u0633\\u0645 \\u0627\\u0644\\u0639\\u0645\\u064a\\u0644","description":"\\u0627\\u0644\\u0648\\u0635\\u0641 "},"en":{"add_new":"Add New Client","edit":"Edit Client","image":"Image","title":"title","description":"description "}}}', NULL, NULL, '2024-08-06 22:44:18'),
	(39, 'Pages', 'pages', '{"module_name":{"ar":"\\u0627\\u0644\\u0635\\u0641\\u062d\\u0627\\u062a","en":"Pages"},"fields":{"ar":{"add_new":"\\u0627\\u0636\\u0627\\u0641\\u0629 \\u0635\\u0641\\u062d\\u0629 \\u062c\\u062f\\u064a\\u062f","edit":"\\u062a\\u0639\\u062f\\u064a\\u0644 \\u0635\\u0641\\u062d\\u0629"},"en":{"add_new":"Add New Page","edit":"Edit Page"}}}', NULL, '2024-08-17 06:23:22', NULL),
	(40, 'Numbers', 'numbers', '{"module_name":{"ar":"\\u0627\\u0631\\u0642\\u0627\\u0645\\u0646\\u0627","en":"numbers"},"fields":{"ar":{"head":"\\u0627\\u0631\\u0642\\u0627\\u0645\\u0646\\u0627","menuIcon":"fas fa-pager","title":"\\u0639\\u0646\\u0648\\u0627\\u0646","new":"\\u0625\\u0636\\u0627\\u0641 \\u062c\\u062f\\u064a\\u062f","edit":"\\u062a\\u0639\\u062f\\u064a\\u0644 ","image":"\\u0635\\u0648\\u0631\\u0629 ","counter":"\\u0627\\u0644\\u0631\\u0642\\u0645"},"en":{"head":"Numbers","menuIcon":"fas fa-pager","title":"Title","new":"Add new","edit":"Edit","image":"Image","counter":"Number"}}}', NULL, NULL, '2024-08-06 22:44:22'),
	(41, 'banners', 'banners', '{"module_name":{"ar":"\\u0627\\u0644\\u0628\\u0646\\u0631","en":"banners"},"fields":{"ar":{"head":"\\u0627\\u0644\\u0628\\u0646\\u0631","menuIcon":"fas fa-pager","title":"\\u0639\\u0646\\u0648\\u0627\\u0646","description":"\\u0627\\u0644\\u062a\\u0641\\u0627\\u0635\\u064a\\u0644","new":"\\u0625\\u0636\\u0627\\u0641 \\u062c\\u062f\\u064a\\u062f","edit":"\\u062a\\u0639\\u062f\\u064a\\u0644","image":"\\u0635\\u0648\\u0631\\u0629","video":"\\u0641\\u064a\\u062f\\u064a\\u0648"},"en":{"head":"Banner","menuIcon":"fas fa-pager","title":"Title","description":"Description","new":"Add new","edit":"Edit","image":"Image","video":"Video"}}}', NULL, '2024-08-17 06:23:22', NULL),
	(42, 'photoCategories', 'photoCategories', '{"module_name":{"ar":"\\u0627\\u0644\\u0645\\u0639\\u0631\\u0636","en":"Photos Galleries"},"fields":{"ar":{"edit":"\\u062a\\u0639\\u062f\\u064a\\u0644 \\u0627\\u0644\\u0623\\u0644\\u0628\\u0648\\u0645","name":"\\u0627\\u0644\\u0625\\u0633\\u0645","slug":"The Url Slug","images":"\\u0635\\u0648\\u0631 \\u0627\\u0644\\u0623\\u0644\\u0628\\u0648\\u0645","add_new":"\\u0625\\u0636\\u0627\\u0641\\u0629 \\u0627\\u0644\\u0628\\u0648\\u0645 \\u062c\\u062f\\u064a\\u062f","image_title":"\\u0639\\u0646\\u0648\\u0627\\u0646 \\u0627\\u0644\\u0635\\u0648\\u0631\\u0629","add_new_item":"\\u0625\\u0636\\u0627\\u0641\\u0629 \\u0635\\u0648\\u0631\\u0629","gallery_title":"\\u0639\\u0646\\u0648\\u0627\\u0646 \\u0627\\u0644\\u0623\\u0644\\u0628\\u0648\\u0645"},"en":{"edit":"Edit Photo Gallery","name":"The Name","slug":"The Url Slug","images":"Album Photos","add_new":"Add New Gallery","image_title":"Image Title","add_new_item":"Add New Item","gallery_title":"Gallery Title"}}}', NULL, '2024-08-17 06:23:22', NULL),
	(43, 'Newsletters', 'newsletters', '{"module_name":{"ar":"\\u0627\\u0644\\u0628\\u0631\\u064a\\u062f\\u064a\\u0629","en":"newsletters"},"fields":{"ar":{"head":"\\u0627\\u0644\\u0646\\u0634\\u0631\\u0627\\u062a \\u0627\\u0644\\u0625\\u062e\\u0628\\u0627\\u0631\\u064a\\u0629","menuIcon":"fas fa-newspaper","new":"\\u0625\\u0631\\u0633\\u0627\\u0644 \\u0631\\u0633\\u0627\\u0644\\u0629 \\u062c\\u062f\\u064a\\u062f\\u0629","email":"\\u0627\\u0644\\u0628\\u0631\\u064a\\u062f \\u0627\\u0644\\u0625\\u0644\\u0643\\u062a\\u0631\\u0648\\u0646\\u064a","send_to":"\\u0625\\u0631\\u0633\\u0627\\u0644 \\u0625\\u0644\\u0649 ","all":"\\u0627\\u0644\\u0643\\u0644","select":"\\u0627\\u062e\\u062a\\u0631","subject":"\\u0645\\u0648\\u0636\\u0648\\u0639 \\u0627\\u0644\\u0646\\u0634\\u0631\\u0629 \\u0627\\u0644\\u0625\\u062e\\u0628\\u0627\\u0631\\u064a\\u0629","message":"\\u0631\\u0633\\u0627\\u0644\\u0629 \\u0627\\u0644\\u0646\\u0634\\u0631\\u0629 \\u0627\\u0644\\u0625\\u062e\\u0628\\u0627\\u0631\\u064a\\u0629","categories":"\\u0627\\u0644\\u062a\\u0636\\u0646\\u064a\\u0641\\u0627\\u062a","email_success":"\\u062a\\u0645 \\u0625\\u0631\\u0633\\u0627\\u0644 \\u0627\\u0644\\u0646\\u0634\\u0631\\u0629 \\u0627\\u0644\\u0625\\u062e\\u0628\\u0627\\u0631\\u064a\\u0629 \\u0628\\u0646\\u062c\\u0627\\u062d","newsletter_subscribe_success":"\\u062a\\u0645 \\u0627\\u0644\\u0625\\u0634\\u062a\\u0631\\u0627\\u0643 \\u0628\\u0646\\u062c\\u0627\\u062d","subscribe_newsletter_before":"\\u0627\\u0644\\u0628\\u0631\\u064a\\u062f \\u0627\\u0644\\u0625\\u0644\\u0643\\u062a\\u0631\\u0648\\u0646\\u064a \\u0645\\u0634\\u062a\\u0631\\u0643 \\u0628\\u0627\\u0644\\u0641\\u0639\\u0644!","mail_list":"\\u0642\\u0627\\u0626\\u0645\\u0629 \\u0627\\u0644\\u0628\\u0631\\u064a\\u062f","mail_list_more":"\\u0645\\u0639\\u0644\\u0648\\u0645\\u0627\\u062a \\u0642\\u0627\\u0626\\u0645\\u0629 \\u0627\\u0644\\u0628\\u0631\\u064a\\u062f","more":"\\u0627\\u0642\\u0631\\u0623 \\u0623\\u0643\\u062b\\u0631","no_message":"\\u0644\\u0627 \\u062a\\u0648\\u062c\\u062f \\u0631\\u0633\\u0627\\u0644\\u0629 \\u062a\\u0631\\u0633\\u0644!"},"en":{"head":"News Letters","menuIcon":"fas fa-newspaper","new":"Send new Message","email":"The email","send_to":"Send to","all":"All","select":"Select","subject":"Subject of Newsletters","message":"Message of Newsletters","categories":"Select Categories","email_success":"Newsletter send successfully","newsletter_subscribe_success":"Subscribe in newsletter successfully","subscribe_newsletter_before":"Email subscribed already!","mail_list":"Mail list","mail_list_more":"Mail list Information","more":"Read more","no_message":"No message send !"}}}', NULL, NULL, '2024-08-06 22:44:27'),
	(44, 'visitorMessages', 'visitorMessages', '{"module_name":{"ar":" \\u0627\\u062a\\u0635\\u0644 \\u0628\\u0646\\u0627 ","en":"visitorMessages"},"fields":{"ar":{"head":"\\u0631\\u0633\\u0627\\u0626\\u0644 \\u0627\\u0644\\u0632\\u0648\\u0627\\u0631","menuIcon":"fas fa-envelope","new":"\\u0627\\u0644\\u0631\\u062f \\u0639\\u0644\\u0649 \\u0631\\u0633\\u0627\\u0644\\u0629 \\u062c\\u062f\\u064a\\u062f\\u0629","name":"\\u0627\\u0644\\u0625\\u0633\\u0645","email":"\\u0627\\u0644\\u0628\\u0631\\u064a\\u062f \\u0627\\u0644\\u0625\\u0644\\u0643\\u062a\\u0631\\u0648\\u0646\\u064a","send_to":"\\u0625\\u0631\\u0633\\u0627\\u0644 \\u0625\\u0644\\u0649","from":"\\u0645\\u0646","select":"\\u0625\\u062e\\u062a\\u0631","subject":"\\u0645\\u0648\\u0636\\u0648\\u0639 \\u0627\\u0644\\u0631\\u0633\\u0627\\u0644\\u0629","message":"\\u0627\\u0644\\u0631\\u0633\\u0627\\u0644\\u0629","email_success":"\\u062a\\u0645 \\u0625\\u0631\\u0633\\u0627\\u0644 \\u0627\\u0644\\u0631\\u062f \\u0628\\u0646\\u062c\\u0627\\u062d","phone":"\\u0631\\u0642\\u0645 \\u0627\\u0644\\u062c\\u0648\\u0627\\u0644","message_subject":"\\u0631\\u0633\\u0627\\u0644\\u0629 \\u062c\\u062f\\u064a\\u062f\\u0629 \\u0645\\u0646 \\u0627\\u062d\\u062f \\u0632\\u0648\\u0627\\u0631 \\u0645\\u0648\\u0642\\u0639 :website_name :"},"en":{"head":"Visitor Messages","menuIcon":"fas fa-envelope","new":"Reply new message","name":"The name","email":"The email","send_to":"Send to","from":"From","select":"Select","subject":"Subject of message","message":"The message","email_success":"Reply send successfully","message_subject":"New Message from a visitor of :website_name website: "}}}', NULL, NULL, '2024-08-06 22:44:29'),
	(45, 'Services', 'services', '{"module_name":{"ar":"\\u0628\\u0642\\u0634\\u0627\\u0646 \\u0627\\u0644\\u0633\\u0639\\u0648\\u062f\\u064a\\u0629","en":"Bugshan Saudi"},"fields":{"ar":{"add_new":"\\u0627\\u0636\\u0627\\u0641\\u0629 \\u0635\\u0641\\u062d\\u0647 \\u062c\\u062f\\u064a\\u062f","edit":"\\u062a\\u0639\\u062f\\u064a\\u0644 \\u0635\\u0641\\u062d\\u0647","name":"\\u0627\\u0644\\u0627\\u0633\\u0645"},"en":{"add_new":"Add New Page","edit":"Edit Page","name":"The Name"}}}', NULL, '2024-08-17 06:23:22', NULL),
	(46, 'careers', 'careers', '{"module_name":{"ar":"\\u0627\\u0644\\u0648\\u0638\\u0627\\u0626\\u0641","en":"works"},"fields":{"ar":{"add_new":"\\u0627\\u0636\\u0627\\u0641\\u0629 \\u0648\\u0638\\u064a\\u0641\\u0629  \\u062c\\u062f\\u064a\\u062f","edit":"\\u062a\\u0639\\u062f\\u064a\\u0644 \\u0648\\u0638\\u064a\\u0641\\u0629 ","name":"2\\u0625\\u0633\\u0645 \\u0627\\u0644\\u0648\\u0638\\u064a\\u0641\\u0629"},"en":{"add_new":"Add New Job","edit":"Edit Job","name":"Job Title2"}}}', NULL, NULL, '2024-08-06 22:44:55'),
	(47, 'VisitorJobs', 'visitorJobs', '{"module_name":{"ar":"\\u0637\\u0644\\u0628\\u0627\\u062a \\u0627\\u0644\\u0648\\u0638\\u0627\\u0626\\u0641","en":"visitorJobs"},"fields":{"ar":{"new":"\\u0625\\u0636\\u0627\\u0641\\u0629 \\u0648\\u0638\\u064a\\u0641\\u0629 \\u062c\\u062f\\u064a\\u062f\\u0629","edit":"\\u062a\\u0639\\u062f\\u064a\\u0644 \\u0648\\u0638\\u064a\\u0641\\u0629","title":"\\u0627\\u0633\\u0645 \\u0627\\u0644\\u0648\\u0638\\u064a\\u0641\\u0629","apply":"\\u0627\\u0644\\u062a\\u0642\\u062f\\u064a\\u0645 \\u0639\\u0644\\u0649 \\u0627\\u0644\\u0648\\u0638\\u064a\\u0641\\u0629","show_available":"\\u062a\\u0635\\u0641\\u062d \\u0627\\u0644\\u0648\\u0638\\u0627\\u0626\\u0641 \\u0627\\u0644\\u0645\\u062a\\u0627\\u062d\\u0629","name":"\\u0627\\u0633\\u0645 \\u0645\\u0642\\u062f\\u0645 \\u0627\\u0644\\u0637\\u0644\\u0628","email":"\\u0627\\u0644\\u0628\\u0631\\u064a\\u062f \\u0627\\u0644\\u0625\\u0644\\u0643\\u062a\\u0631\\u0648\\u0646\\u064a","phone":"\\u0631\\u0642\\u0645 \\u0627\\u0644\\u062a\\u0648\\u0627\\u0635\\u0644","notes":"\\u0627\\u0644\\u0645\\u0644\\u0627\\u062d\\u0638\\u0627\\u062a","cv":"\\u0627\\u0644\\u0633\\u064a\\u0631\\u0629 \\u0627\\u0644\\u0630\\u0627\\u062a\\u064a\\u0629","career_id":"\\u0627\\u0644\\u0648\\u0638\\u064a\\u0641\\u0629","allowed_files":"\\u0627\\u0644\\u0645\\u0644\\u0641\\u0627\\u062a \\u0627\\u0644\\u0645\\u062f\\u0639\\u0648\\u0645\\u0629 => PDF \\u0648\\u0644\\u0627 \\u064a\\u062a\\u0639\\u062f\\u0649 \\u062d\\u062c\\u0645\\u0647\\u0627 2 MB","form_title":"\\u0646\\u0645\\u0648\\u0630\\u062c \\u0637\\u0644\\u0628 \\u062a\\u0648\\u0638\\u064a\\u0641","form":"\\u0627\\u0633\\u062a\\u0645\\u0627\\u0631\\u0629"},"en":{"new":"Add New Job","edit":"Edit Job","title":"Job Title","apply":"Apply for Job","show_available":"Browse Available Jobs","name":"Applicant Name","email":"Email Address","phone":"Phone Number","notes":"Notes","cv":"CV","career_id":"Job","allowed_files":"Supported files => PDF, max size 2 MB","form_title":"Employment Application Form","form":"Form"}}}', NULL, NULL, '2024-08-06 22:44:54'),
	(48, 'Sliders', 'sliders', '{"module_name":{"ar":"\\u0627\\u0644\\u0633\\u0644\\u0627\\u064a\\u062f\\u0631","en":"slider"},"fields":{"ar":{"add_new":"\\u0627\\u0636\\u0627\\u0641\\u0629 \\u0633\\u0644\\u0627\\u064a\\u062f \\u062c\\u062f\\u064a\\u062f","edit":"\\u062a\\u0639\\u062f\\u064a\\u0644 \\u0633\\u0644\\u0627\\u064a\\u062f","name":"\\u0627\\u0644\\u0627\\u0633\\u0645","description":"\\u0627\\u0644\\u0648\\u0635\\u0641"},"en":{"add_new":"Add New Slider","edit":"Edit slider","name":"The Name"}}}', NULL, '2024-08-17 06:23:22', NULL),
	(49, 'Projects', 'projects', '{"module_name":{"ar":"\\u0627\\u0644\\u0642\\u0637\\u0627\\u0639\\u0627\\u062a","en":"Sectors"},"fields":{"ar":{"add_new":"\\u0625\\u0636\\u0627\\u0641\\u0629 \\u062c\\u062f\\u064a\\u062f","edit":"\\u062a\\u0639\\u062f\\u064a\\u0644","title":"\\u0627\\u0633\\u0645 \\u0627\\u0644\\u0642\\u0637\\u0627\\u0639","projects_count":"\\u0639\\u062f\\u062f \\u0627\\u0644\\u0645\\u0634\\u0627\\u0631\\u064a\\u0639 \\u0627\\u0644\\u0645\\u0646\\u0641\\u0630\\u0629","image":"\\u0627\\u0644\\u0635\\u0648\\u0631\\u0629"},"en":{"add_new":"Add new","edit":"Edit Project","title":"Name of the Sector","projects_count":"Numbers of completed projects","image":"Image"}}}', NULL, '2024-08-17 06:23:22', NULL),
	(50, 'Branches', 'branches', '{"module_name":{"ar":"\\u0627\\u0644\\u0641\\u0631\\u0648\\u0639","en":"Branches"},"fields":{"ar":{"head":"\\u0627\\u0644\\u0641\\u0631\\u0648\\u0639","menuIcon":"fas fa-pager","title":"\\u0627\\u0633\\u0645 \\u0627\\u0644\\u0641\\u0631\\u0639","address":"\\u0639\\u0646\\u0648\\u0627\\u0646 \\u0627\\u0644\\u0641\\u0631\\u0639","new":"\\u0625\\u0636\\u0627\\u0641 \\u062c\\u062f\\u064a\\u062f","edit":"\\u062a\\u0639\\u062f\\u064a\\u0644","email":"\\u0627\\u0644\\u0628\\u0631\\u064a\\u062f \\u0627\\u0644\\u0627\\u0644\\u0643\\u062a\\u0631\\u0648\\u0646\\u064a","phone":"\\u0631\\u0642\\u0645 \\u062c\\u0648\\u0627\\u0644","facebook":"\\u0641\\u064a\\u0633\\u0628\\u0648\\u0643","youtube":"\\u064a\\u0648\\u062a\\u064a\\u0648\\u0628","twitter":"\\u062a\\u0648\\u064a\\u062a\\u0631 (X)","instagram":"\\u0625\\u0646\\u0633\\u062a\\u062c\\u0631\\u0627\\u0645","whatsapp":"\\u0648\\u0627\\u062a\\u0633\\u0627\\u0628","map":"\\u0627\\u0644\\u062e\\u0631\\u064a\\u0637\\u0629"},"en":{"head":"Branches","menuIcon":"fas fa-pager","title":"branch name","address":"Branch address","new":"Add new","edit":"Edit","email":"E-mail","phone":"Phone","facebook":"Facebook","youtube":"YouTube","twitter":"Twitter (X)","instagram":"Instagram","whatsapp":"WhatsApp","map":"Map"}}}', NULL, '2024-08-17 06:23:22', NULL),
	(51, 'Histories', 'histories', '{"module_name":{"ar":"\\u062a\\u0627\\u0631\\u064a\\u062e\\u0646\\u0627","en":"History"},"fields":{"ar":{"add_new":"\\u0625\\u0636\\u0627\\u0641\\u0629 \\u062c\\u062f\\u064a\\u062f","edit":"\\u062a\\u0639\\u062f\\u064a\\u0644","title":"\\u0639\\u0646\\u0648\\u0627\\u0646 \\u0627\\u0644\\u0646\\u0642\\u0637\\u0629","counter":"\\u0627\\u0644\\u0631\\u0642\\u0645","image":"\\u0635\\u0648\\u0631\\u0629 \\u062e\\u0627\\u0631\\u062c\\u064a\\u0629 \\u0644\\u0644\\u0646\\u0642\\u0637\\u0629"},"en":{"add_new":"Add new","edit":"Edit","title":"Point Title","counter":"Number","image":"Point External Image"}}}', NULL, '2024-08-17 06:23:23', NULL);

-- Dumping structure for table bugshan_db.news
CREATE TABLE IF NOT EXISTS `news` (
  `id` bigint(20) unsigned NOT NULL AUTO_INCREMENT,
  `category_id` bigint(20) unsigned DEFAULT NULL,
  `image` varchar(250) DEFAULT NULL,
  `created_at` timestamp NULL DEFAULT NULL,
  `updated_at` timestamp NULL DEFAULT NULL,
  `deleted_at` timestamp NULL DEFAULT NULL,
  PRIMARY KEY (`id`),
  KEY `news_category_id_foreign` (`category_id`),
  CONSTRAINT `news_category_id_foreign` FOREIGN KEY (`category_id`) REFERENCES `categories` (`id`) ON DELETE CASCADE ON UPDATE CASCADE
) ENGINE=InnoDB AUTO_INCREMENT=33 DEFAULT CHARSET=utf8 COLLATE=utf8_general_ci;

-- Dumping data for table bugshan_db.news: ~7 rows (approximately)
INSERT INTO `news` (`id`, `category_id`, `image`, `created_at`, `updated_at`, `deleted_at`) VALUES
	(16, 11, 'storage/photos/shares/header-bg-3.jpg', '2024-04-22 14:55:16', '2024-05-22 12:19:43', '2024-05-22 12:19:43'),
	(21, 11, 'storage/photos/shares/about-1.png', '2024-04-24 08:49:27', '2024-05-22 12:19:43', '2024-05-22 12:19:43'),
	(25, 11, 'storage/photos/shares/about-1.png', '2024-04-24 08:52:31', '2024-05-22 12:19:37', '2024-05-22 12:19:37'),
	(26, 11, 'storage/photos/shares/header-bg-4.jpg', '2024-04-24 08:54:30', '2024-05-22 12:19:43', '2024-05-22 12:19:43'),
	(30, 35, 'storage/photos/shares/-_1_roshn.jpg', '2024-05-21 19:24:12', '2024-05-21 19:24:12', NULL),
	(31, 35, 'storage/photos/shares/neom-Y.png', '2024-05-22 08:28:27', '2024-05-22 08:28:27', NULL),
	(32, 35, 'storage/photos/shares/TRR.jpg', '2024-05-22 08:35:59', '2024-05-22 08:35:59', NULL);

-- Dumping structure for table bugshan_db.newsletters
CREATE TABLE IF NOT EXISTS `newsletters` (
  `id` bigint(20) unsigned NOT NULL AUTO_INCREMENT,
  `email` varchar(200) NOT NULL,
  `deleted_at` timestamp NULL DEFAULT NULL,
  `created_at` timestamp NULL DEFAULT NULL,
  `updated_at` timestamp NULL DEFAULT NULL,
  PRIMARY KEY (`id`),
  KEY `newsletters_id_index` (`id`)
) ENGINE=InnoDB AUTO_INCREMENT=7 DEFAULT CHARSET=utf8 COLLATE=utf8_general_ci;

-- Dumping data for table bugshan_db.newsletters: ~6 rows (approximately)
INSERT INTO `newsletters` (`id`, `email`, `deleted_at`, `created_at`, `updated_at`) VALUES
	(1, 'store@store.com', NULL, '2024-04-22 17:26:18', '2024-04-22 17:26:18'),
	(2, 'khalidbehis@gmail.com', NULL, '2024-04-23 10:46:14', '2024-04-23 10:46:14'),
	(3, 'mostafa@gmail.com', NULL, '2024-04-23 13:21:25', '2024-04-23 13:21:25'),
	(4, 'consult@admin.com', NULL, '2024-04-23 13:21:29', '2024-04-23 13:21:29'),
	(5, 'behiskhalid@gmail.com', NULL, '2024-04-23 13:21:35', '2024-04-23 13:28:40'),
	(6, '1234@gmail.com', '2024-04-24 12:44:15', '2024-04-24 12:35:36', '2024-04-24 12:44:15');

-- Dumping structure for table bugshan_db.news_descriptions
CREATE TABLE IF NOT EXISTS `news_descriptions` (
  `id` bigint(20) NOT NULL AUTO_INCREMENT,
  `title` varchar(200) DEFAULT NULL,
  `description` longtext DEFAULT NULL,
  `news_id` bigint(20) unsigned DEFAULT NULL,
  `language_id` bigint(20) unsigned DEFAULT NULL,
  PRIMARY KEY (`id`),
  KEY `news_descriptions_language_id_foreign` (`language_id`),
  KEY `news_descriptions_news_id_foreign` (`news_id`),
  CONSTRAINT `news_descriptions_language_id_foreign` FOREIGN KEY (`language_id`) REFERENCES `languages` (`id`) ON DELETE CASCADE ON UPDATE CASCADE,
  CONSTRAINT `news_descriptions_news_id_foreign` FOREIGN KEY (`news_id`) REFERENCES `news` (`id`) ON DELETE CASCADE ON UPDATE CASCADE
) ENGINE=InnoDB AUTO_INCREMENT=128 DEFAULT CHARSET=utf8 COLLATE=utf8_general_ci;

-- Dumping data for table bugshan_db.news_descriptions: ~14 rows (approximately)
INSERT INTO `news_descriptions` (`id`, `title`, `description`, `news_id`, `language_id`) VALUES
	(108, 'النجاح والتميز', '<div class="p mb-2">وفي عالم الفخامة والضيافة، تظل الفنادق معلماً جذاباً يجمع بين الفخامة والتميز. من المدن الحديثة إلى المواقع التاريخية، تقدم الفنادق تجارب فريدة تلبي توقعات الضيوف.<br />1. الرفاهية بكل تفاصيلها: تتنافس الفنادق الفاخرة على تجارب لا تُنسى. وتتميز غرفه بتصميم فاخر وخدمة شخصية. من مراكز التسوق الفاخرة إلى المطاعم الفاخرة، تعتبر الإقامة في هذه الفنادق رحلة استثنائية.<br />2. الفنادق التاريخية: تحتضن بعض الفنادق مواقع تاريخية وثقافية، حيث يمكن للضيوف الغوص في تاريخ المكان والاستمتاع بالتراث الفريد. تجمع هذه الفنادق بين السحر التقليدي ووسائل الراحة الحديثة.<br />في عالم الأعمال تعتبر الشراكة أساس النجاح والتميز. إن بناء علاقات قوية ومستدامة مع شركاء النجاح يعزز قدرة الشركات على تحقيق أهدافها والتغلب على التحديات. فيما يلي نظرة فاحصة على بعض شركاء النجاح الذين يلعبون دورًا حيويًا في تحقيق النجاح: يرجى قراءة هذه الشروط والأحكام بعناية قبل استخدام موقعنا أو التفاعل مع خدماتنا. باستخدام موقعنا، فإنك توافق على الالتزام بشروطنا وقوانيننا. جميع حقوق الملكية الفكرية المتعلقة بالمحتوى والعلامات التجارية الموجودة على موقعنا مملوكة لشركتنا. يحظر نسخ أو نقل أو توزيع أو استخدام هذه المواد دون الحصول على إذن صريح منا. نحن ملتزمون بحماية معلوماتك الشخصية واتخاذ التدابير الأمنية اللازمة لمنع فقدانها أو سوء استخدامها. قد يحتوي الموقع على روابط لمواقع أخرى. نحن لسنا مسؤولين عن المحتوى أو سياسات الخصوصية على تلك المواقع الخارجية.</div>', 21, 1),
	(109, 'success and excellence', '<div class="p mb-2">In a world of luxury and hospitality, hotels remain an attractive milestone that combines luxury and excellence. From modern cities to historic sites, hotels offer unique experiences that meet guests\' expectations.</div>\r\n<div class="p mb-2"><strong>1. Well-being in every detail:</strong>&nbsp;Luxury hotels compete for unforgettable experiences. Its rooms feature luxury design and personal service. From luxury shopping malls to fine dining restaurants, staying in these hotels is an exceptional journey.<br /><strong>2. Historic Hotels:</strong>&nbsp;Some hotels embrace historical and cultural sites, where guests can dive into the venue\'s history and enjoy the unique heritage. These hotels combine traditional charm with modern amenities.</div>\r\n<div class="p mb-2">In the business world, partnership is a foundation for success and excellence. Building strong and sustainable relationships with success partners enhances companies\' ability to achieve their goals and overcome challenges. Here is a close look at some success partners who play a vital role in achieving success: Please read these terms and conditions carefully before using our site or interacting with our services. By using our site, you agree to abide by our terms and laws. All intellectual property rights related to content and trademarks on our site belong to our company. It is forbidden to copy, transfer, distribute or use these materials without our express permission. We are committed to protecting your personal information and take the necessary security measures to prevent its loss or misuse. Our site may contain links to other sites. We are not responsible for the content or privacy policies on those external websites.</div>', 21, 2),
	(110, 'النجاح والتميز', '<p style="text-align: right;">وفي عالم الفخامة والضيافة، تظل الفنادق معلماً جذاباً يجمع بين الفخامة والتميز. من المدن الحديثة إلى المواقع التاريخية، تقدم الفنادق تجارب فريدة تلبي توقعات الضيوف.<br />1. الرفاهية بكل تفاصيلها: تتنافس الفنادق الفاخرة على تجارب لا تُنسى. وتتميز غرفه بتصميم فاخر وخدمة شخصية. من مراكز التسوق الفاخرة إلى المطاعم الفاخرة، تعتبر الإقامة في هذه الفنادق رحلة استثنائية.<br />2. الفنادق التاريخية: تحتضن بعض الفنادق مواقع تاريخية وثقافية، حيث يمكن للضيوف الغوص في تاريخ المكان والاستمتاع بالتراث الفريد. تجمع هذه الفنادق بين السحر التقليدي ووسائل الراحة الحديثة.<br />في عالم الأعمال تعتبر الشراكة أساس النجاح والتميز. إن بناء علاقات قوية ومستدامة مع شركاء النجاح يعزز قدرة الشركات على تحقيق أهدافها والتغلب على التحديات. فيما يلي نظرة فاحصة على بعض شركاء النجاح الذين يلعبون دورًا حيويًا في تحقيق النجاح: يرجى قراءة هذه الشروط والأحكام بعناية قبل استخدام موقعنا أو التفاعل مع خدماتنا. باستخدام موقعنا، فإنك توافق على الالتزام بشروطنا وقوانيننا. جميع حقوق الملكية الفكرية المتعلقة بالمحتوى والعلامات التجارية الموجودة على موقعنا مملوكة لشركتنا. يحظر نسخ أو نقل أو توزيع أو استخدام هذه المواد دون الحصول على إذن صريح منا. نحن ملتزمون بحماية معلوماتك الشخصية واتخاذ التدابير الأمنية اللازمة لمنع فقدانها أو سوء استخدامها. قد يحتوي الموقع على روابط لمواقع أخرى. نحن لسنا مسؤولين عن المحتوى أو سياسات الخصوصية على تلك المواقع الخارجية.</p>', 16, 1),
	(111, 'success and excellence', '<div class="p mb-2">In a world of luxury and hospitality, hotels remain an attractive milestone that combines luxury and excellence. From modern cities to historic sites, hotels offer unique experiences that meet guests\' expectations.</div>\r\n<div class="p mb-2"><strong>1. Well-being in every detail:</strong>&nbsp;Luxury hotels compete for unforgettable experiences. Its rooms feature luxury design and personal service. From luxury shopping malls to fine dining restaurants, staying in these hotels is an exceptional journey.<br /><strong>2. Historic Hotels:</strong>&nbsp;Some hotels embrace historical and cultural sites, where guests can dive into the venue\'s history and enjoy the unique heritage. These hotels combine traditional charm with modern amenities.</div>\r\n<div class="p mb-2">In the business world, partnership is a foundation for success and excellence. Building strong and sustainable relationships with success partners enhances companies\' ability to achieve their goals and overcome challenges. Here is a close look at some success partners who play a vital role in achieving success: Please read these terms and conditions carefully before using our site or interacting with our services. By using our site, you agree to abide by our terms and laws. All intellectual property rights related to content and trademarks on our site belong to our company. It is forbidden to copy, transfer, distribute or use these materials without our express permission. We are committed to protecting your personal information and take the necessary security measures to prevent its loss or misuse. Our site may contain links to other sites. We are not responsible for the content or privacy policies on those external websites.</div>', 16, 2),
	(112, 'النجاح والتميز', '<p>وفي عالم الفخامة والضيافة، تظل الفنادق معلماً جذاباً يجمع بين الفخامة والتميز. من المدن الحديثة إلى المواقع التاريخية، تقدم الفنادق تجارب فريدة تلبي توقعات الضيوف.<br />1. الرفاهية بكل تفاصيلها: تتنافس الفنادق الفاخرة على تجارب لا تُنسى. وتتميز غرفه بتصميم فاخر وخدمة شخصية. من مراكز التسوق الفاخرة إلى المطاعم الفاخرة، تعتبر الإقامة في هذه الفنادق رحلة استثنائية.<br />2. الفنادق التاريخية: تحتضن بعض الفنادق مواقع تاريخية وثقافية، حيث يمكن للضيوف الغوص في تاريخ المكان والاستمتاع بالتراث الفريد. تجمع هذه الفنادق بين السحر التقليدي ووسائل الراحة الحديثة.<br />في عالم الأعمال تعتبر الشراكة أساس النجاح والتميز. إن بناء علاقات قوية ومستدامة مع شركاء النجاح يعزز قدرة الشركات على تحقيق أهدافها والتغلب على التحديات. فيما يلي نظرة فاحصة على بعض شركاء النجاح الذين يلعبون دورًا حيويًا في تحقيق النجاح: يرجى قراءة هذه الشروط والأحكام بعناية قبل استخدام موقعنا أو التفاعل مع خدماتنا. باستخدام موقعنا، فإنك توافق على الالتزام بشروطنا وقوانيننا. جميع حقوق الملكية الفكرية المتعلقة بالمحتوى والعلامات التجارية الموجودة على موقعنا مملوكة لشركتنا. يحظر نسخ أو نقل أو توزيع أو استخدام هذه المواد دون الحصول على إذن صريح منا. نحن ملتزمون بحماية معلوماتك الشخصية واتخاذ التدابير الأمنية اللازمة لمنع فقدانها أو سوء استخدامها. قد يحتوي الموقع على روابط لمواقع أخرى. نحن لسنا مسؤولين عن المحتوى أو سياسات الخصوصية على تلك المواقع الخارجية.</p>', 26, 1),
	(113, 'success and excellence', '<div class="p mb-2">In a world of luxury and hospitality, hotels remain an attractive milestone that combines luxury and excellence. From modern cities to historic sites, hotels offer unique experiences that meet guests\' expectations.</div>\r\n<div class="p mb-2"><strong>1. Well-being in every detail:</strong>&nbsp;Luxury hotels compete for unforgettable experiences. Its rooms feature luxury design and personal service. From luxury shopping malls to fine dining restaurants, staying in these hotels is an exceptional journey.<br /><strong>2. Historic Hotels:</strong>&nbsp;Some hotels embrace historical and cultural sites, where guests can dive into the venue\'s history and enjoy the unique heritage. These hotels combine traditional charm with modern amenities.</div>\r\n<div class="p mb-2">In the business world, partnership is a foundation for success and excellence. Building strong and sustainable relationships with success partners enhances companies\' ability to achieve their goals and overcome challenges. Here is a close look at some success partners who play a vital role in achieving success: Please read these terms and conditions carefully before using our site or interacting with our services. By using our site, you agree to abide by our terms and laws. All intellectual property rights related to content and trademarks on our site belong to our company. It is forbidden to copy, transfer, distribute or use these materials without our express permission. We are committed to protecting your personal information and take the necessary security measures to prevent its loss or misuse. Our site may contain links to other sites. We are not responsible for the content or privacy policies on those external websites.</div>', 26, 2),
	(114, 'فندق Millennium Knickerbocker للحصول على مساحة عامة كبيرة', '<p>في عالم من الرفاهية والضيافة، تظل الفنادق علامة فارقة جذابة تجمع بين الرفاهية والتميز. من المدن الحديثة إلى المواقع التاريخية، تقدم الفنادق تجارب فريدة تلبي توقعات الضيوف.<br />1. الرفاهية في كل التفاصيل: تتنافس الفنادق الفاخرة على تجارب لا تُنسى. تتميز غرفها بتصميم فاخر وخدمة شخصية. من مراكز التسوق الفاخرة إلى مطاعم الأكل الفاخر، يعد الإقامة في هذه الفنادق رحلة استثنائية.<br />2. الفنادق التاريخية: تحتضن بعض الفنادق مواقع تاريخية وثقافية، حيث يمكن للضيوف الغوص في تاريخ المكان والاستمتاع بالتراث الفريد. تجمع هذه الفنادق بين السحر التقليدي ووسائل الراحة الحديثة.<br />في عالم الأعمال، تعد الشراكة أساسًا للنجاح والتميز. إن بناء علاقات قوية ومستدامة مع شركاء النجاح يعزز قدرة الشركات على تحقيق أهدافها والتغلب على التحديات. فيما يلي نظرة فاحصة على بعض شركاء النجاح الذين يلعبون دورًا حيويًا في تحقيق النجاح: يرجى قراءة هذه الشروط والأحكام بعناية قبل استخدام موقعنا أو التفاعل مع خدماتنا. باستخدام موقعنا، توافق على الالتزام بشروطنا وقوانيننا. جميع حقوق الملكية الفكرية المتعلقة بالمحتوى والعلامات التجارية على موقعنا مملوكة لشركتنا. يحظر نسخ أو نقل أو توزيع أو استخدام هذه المواد دون إذننا الصريح. نحن ملتزمون بحماية معلوماتك الشخصية واتخاذ التدابير الأمنية اللازمة لمنع فقدانها أو إساءة استخدامها. قد يحتوي موقعنا على روابط لمواقع أخرى. نحن لسنا مسؤولين عن المحتوى أو سياسات الخصوصية على تلك المواقع الخارجية.</p>', 25, 1),
	(115, 'Millennium Knickerbocker Hotel to get major public space redo', '<div class="p mb-2">\r\n<div class="p mb-2">In a world of luxury and hospitality, hotels remain an attractive milestone that combines luxury and excellence. From modern cities to historic sites, hotels offer unique experiences that meet guests\' expectations.</div>\r\n<div class="p mb-2"><strong>1. Well-being in every detail:</strong>&nbsp;Luxury hotels compete for unforgettable experiences. Its rooms feature luxury design and personal service. From luxury shopping malls to fine dining restaurants, staying in these hotels is an exceptional journey.<br /><strong>2. Historic Hotels:</strong>&nbsp;Some hotels embrace historical and cultural sites, where guests can dive into the venue\'s history and enjoy the unique heritage. These hotels combine traditional charm with modern amenities.</div>\r\n<div class="p mb-2">In the business world, partnership is a foundation for success and excellence. Building strong and sustainable relationships with success partners enhances companies\' ability to achieve their goals and overcome challenges. Here is a close look at some success partners who play a vital role in achieving success: Please read these terms and conditions carefully before using our site or interacting with our services. By using our site, you agree to abide by our terms and laws. All intellectual property rights related to content and trademarks on our site belong to our company. It is forbidden to copy, transfer, distribute or use these materials without our express permission. We are committed to protecting your personal information and take the necessary security measures to prevent its loss or misuse. Our site may contain links to other sites. We are not responsible for the content or privacy policies on those external websites.</div>\r\n</div>', 25, 2),
	(122, 'مورد معتمد لدى نيوم', '<p>مورد معتمد لدى نيوم</p>', 31, 1),
	(123, 'Approved supplier at NEOM', '<p>Approved supplier at NEOM</p>', 31, 2),
	(124, 'مورد معتمد لمجموعة روشن العقارية', '<p class="p1" dir="rtl"><span class="s1">مورد معتمد لمجموعة </span><span class="s1">روشن العقارية</span></p>', 30, 1),
	(125, 'Approved supplier at ROSHN', '<p>&nbsp;</p>\r\n<p>Approved supplier at</p>\r\n<p>ROSHN Real Estate</p>\r\n<p>(ROSHN Group BU)</p>', 30, 2),
	(126, 'مورد معتمد لدى شركة وسط جدة للتطوير', '<p><strong>مورد معتمد لدى شركة وسط جدة للتطوير</strong></p>', 32, 1),
	(127, 'Approved supplier at JEDDAH Central Development Company', '<p><strong>Approved supplier at JEDDAH Central Development Company</strong></p>', 32, 2);

-- Dumping structure for table bugshan_db.notifications
CREATE TABLE IF NOT EXISTS `notifications` (
  `id` char(36) NOT NULL,
  `type` varchar(191) NOT NULL,
  `notifiable_type` varchar(191) NOT NULL,
  `notifiable_id` bigint(20) unsigned NOT NULL,
  `data` text NOT NULL,
  `read_at` timestamp NULL DEFAULT NULL,
  `created_at` timestamp NULL DEFAULT NULL,
  `updated_at` timestamp NULL DEFAULT NULL,
  PRIMARY KEY (`id`),
  KEY `notifications_notifiable_type_notifiable_id_index` (`notifiable_type`,`notifiable_id`)
) ENGINE=MyISAM DEFAULT CHARSET=utf8 COLLATE=utf8_general_ci;

-- Dumping data for table bugshan_db.notifications: 0 rows

-- Dumping structure for table bugshan_db.numbers
CREATE TABLE IF NOT EXISTS `numbers` (
  `id` bigint(20) unsigned NOT NULL AUTO_INCREMENT,
  `counter` bigint(20) DEFAULT NULL,
  `image` varchar(255) DEFAULT NULL,
  `created_at` datetime DEFAULT NULL,
  `updated_at` datetime DEFAULT NULL,
  `deleted_at` datetime DEFAULT NULL,
  PRIMARY KEY (`id`)
) ENGINE=InnoDB AUTO_INCREMENT=10 DEFAULT CHARSET=utf8mb4 COLLATE=utf8mb4_general_ci;

-- Dumping data for table bugshan_db.numbers: ~5 rows (approximately)
INSERT INTO `numbers` (`id`, `counter`, `image`, `created_at`, `updated_at`, `deleted_at`) VALUES
	(5, 5, NULL, '2024-04-21 13:25:32', '2024-06-06 13:36:34', NULL),
	(6, 250, NULL, '2024-04-21 13:25:42', '2024-04-21 13:25:42', NULL),
	(7, 500, NULL, '2024-04-21 13:25:51', '2024-05-22 16:44:38', NULL),
	(8, 45, NULL, '2024-04-21 13:26:01', '2024-04-21 13:26:01', NULL),
	(9, 4000, NULL, '2024-04-21 13:26:17', '2024-05-23 12:11:03', NULL);

-- Dumping structure for table bugshan_db.number_descriptions
CREATE TABLE IF NOT EXISTS `number_descriptions` (
  `id` int(10) unsigned NOT NULL AUTO_INCREMENT,
  `title` varchar(150) DEFAULT NULL,
  `number_id` bigint(20) unsigned DEFAULT NULL,
  `language_id` bigint(20) unsigned DEFAULT NULL,
  PRIMARY KEY (`id`),
  KEY `number_descriptions_number_id_foreign` (`number_id`),
  KEY `number_descriptions_language_id_foreign` (`language_id`),
  CONSTRAINT `number_descriptions_language_id_foreign` FOREIGN KEY (`language_id`) REFERENCES `languages` (`id`) ON DELETE CASCADE ON UPDATE CASCADE,
  CONSTRAINT `number_descriptions_number_id_foreign` FOREIGN KEY (`number_id`) REFERENCES `numbers` (`id`) ON DELETE CASCADE ON UPDATE CASCADE
) ENGINE=InnoDB AUTO_INCREMENT=63 DEFAULT CHARSET=utf8mb4 COLLATE=utf8mb4_general_ci;

-- Dumping data for table bugshan_db.number_descriptions: ~10 rows (approximately)
INSERT INTO `number_descriptions` (`id`, `title`, `number_id`, `language_id`) VALUES
	(45, 'شهادة تقدير', 6, 1),
	(46, 'Appreciation Certificate', 6, 2),
	(51, 'عميل', 8, 1),
	(52, 'Clients', 8, 2),
	(55, 'مشروع منجز', 7, 1),
	(56, 'Completed Project', 7, 2),
	(59, 'موظف في الشركة', 9, 1),
	(60, 'Employees', 9, 2),
	(61, 'مقر للشركة', 5, 1),
	(62, 'Locations', 5, 2);

-- Dumping structure for table bugshan_db.pages
CREATE TABLE IF NOT EXISTS `pages` (
  `id` bigint(20) unsigned NOT NULL AUTO_INCREMENT,
  `image` varchar(200) DEFAULT NULL,
  `status` tinyint(1) NOT NULL DEFAULT 1,
  `deleted_at` timestamp NULL DEFAULT NULL,
  `created_at` timestamp NULL DEFAULT NULL,
  `updated_at` timestamp NULL DEFAULT NULL,
  `image_2` varchar(150) DEFAULT NULL,
  `image_3` varchar(150) DEFAULT NULL,
  `image_4` varchar(150) DEFAULT NULL,
  PRIMARY KEY (`id`)
) ENGINE=InnoDB AUTO_INCREMENT=12 DEFAULT CHARSET=utf8 COLLATE=utf8_general_ci;

-- Dumping data for table bugshan_db.pages: ~8 rows (approximately)
INSERT INTO `pages` (`id`, `image`, `status`, `deleted_at`, `created_at`, `updated_at`, `image_2`, `image_3`, `image_4`) VALUES
	(2, 'storage/photos/shares/c.jpg', 1, NULL, '2024-04-14 12:02:46', '2024-05-20 11:53:48', NULL, NULL, NULL),
	(3, NULL, 1, NULL, '2024-04-14 12:03:22', '2024-05-22 09:02:19', NULL, NULL, NULL),
	(5, NULL, 1, '2024-08-19 08:28:39', '2024-04-14 12:04:15', '2024-04-14 12:04:15', NULL, NULL, NULL),
	(6, NULL, 1, '2024-08-19 08:28:38', '2024-04-14 12:04:54', '2024-04-14 12:04:54', NULL, NULL, NULL),
	(7, NULL, 1, '2024-08-19 08:28:41', '2024-04-14 12:05:13', '2024-04-14 12:05:13', NULL, NULL, NULL),
	(9, NULL, 1, NULL, '2024-04-14 12:05:49', '2024-08-19 09:24:29', NULL, NULL, NULL),
	(10, NULL, 1, NULL, '2024-08-19 08:14:21', '2024-08-19 08:14:20', NULL, NULL, NULL),
	(11, 'storage/photos/shares/4372937.jpg', 1, NULL, '2024-08-19 08:24:25', '2024-08-19 09:07:15', NULL, NULL, NULL);

-- Dumping structure for table bugshan_db.page_descriptions
CREATE TABLE IF NOT EXISTS `page_descriptions` (
  `id` bigint(20) unsigned NOT NULL AUTO_INCREMENT,
  `section` varchar(100) DEFAULT NULL,
  `title` varchar(100) NOT NULL,
  `slug` varchar(100) DEFAULT NULL,
  `meta_description` text NOT NULL,
  `keywords` varchar(400) NOT NULL,
  `description` longtext NOT NULL,
  `page_id` bigint(20) unsigned DEFAULT NULL,
  `language_id` bigint(20) unsigned DEFAULT NULL,
  `vision` longtext DEFAULT NULL,
  `message` longtext DEFAULT NULL,
  `value` longtext DEFAULT NULL,
  `goal` text CHARACTER SET utf8mb4 COLLATE utf8mb4_general_ci DEFAULT NULL,
  `brief` longtext DEFAULT NULL,
  PRIMARY KEY (`id`),
  KEY `page_descriptions_language_id_foreign` (`language_id`),
  KEY `page_descriptions_page_id_language_id_index` (`page_id`,`language_id`),
  CONSTRAINT `page_descriptions_language_id_foreign` FOREIGN KEY (`language_id`) REFERENCES `languages` (`id`) ON DELETE CASCADE ON UPDATE CASCADE,
  CONSTRAINT `page_descriptions_page_id_foreign` FOREIGN KEY (`page_id`) REFERENCES `pages` (`id`) ON DELETE CASCADE ON UPDATE CASCADE
) ENGINE=InnoDB AUTO_INCREMENT=381 DEFAULT CHARSET=utf8 COLLATE=utf8_general_ci;

-- Dumping data for table bugshan_db.page_descriptions: ~16 rows (approximately)
INSERT INTO `page_descriptions` (`id`, `section`, `title`, `slug`, `meta_description`, `keywords`, `description`, `page_id`, `language_id`, `vision`, `message`, `value`, `goal`, `brief`) VALUES
	(297, '', 'سياسة الخصوصية', 'سياسة الخصوصية', 'سياسة الخصوصية', 'سياسة الخصوصية', '<p>في عالم الأعمال، تعد الشراكة أساسًا للنجاح والتميز. إن بناء علاقات قوية ومستدامة مع شركاء النجاح يعزز قدرة الشركات على تحقيق أهدافها والتغلب على التحديات. فيما يلي نظرة فاحصة على بعض شركاء النجاح الذين يلعبون دورًا حيويًا في تحقيق النجاح:<br />1. الاستخدام:<br />يرجى قراءة هذه الشروط والأحكام بعناية قبل استخدام موقعنا أو التفاعل مع خدماتنا. باستخدام موقعنا، توافق على الالتزام بشروطنا وقوانيننا.<br />2. الملكية الفكرية:<br />جميع حقوق الملكية الفكرية المتعلقة بالمحتوى والعلامات التجارية على موقعنا مملوكة لشركتنا. يحظر نسخ أو نقل أو توزيع أو استخدام هذه المواد دون إذننا الصريح.<br />3. السرية والأمن:<br />نحن ملتزمون بحماية معلوماتك الشخصية واتخاذ التدابير الأمنية اللازمة لمنع فقدانها أو إساءة استخدامها.<br />4. روابط لمواقع الويب الأخرى:<br />قد يحتوي موقعنا على روابط لمواقع أخرى. نحن لسنا مسؤولين عن المحتوى أو سياسات الخصوصية على تلك المواقع الخارجية.<br />5. تعديل الشروط:<br />نحتفظ بالحق في تعديل هذه الشروط والأحكام في أي وقت دون إشعار مسبق. اتبع هذه الصفحة للحصول على التحديثات.</p>', 7, 1, '', '', '', '', ''),
	(298, '', 'Privacy  Policy', 'Privacy  Policy', 'Privacy  Policy', 'Privacy  Policy', '<p>In the business world, partnership is a foundation for success and excellence. Building strong and sustainable relationships with success partners enhances companies\' ability to achieve their goals and overcome challenges. Here is a close look at some success partners who play a vital role in achieving success:<br />1. Usage:<br />Please read these terms and conditions carefully before using our site or interacting with our services. By using our site, you agree to abide by our terms and laws.<br />2. Intellectual property:<br />All intellectual property rights related to content and trademarks on our site belong to our company. It is forbidden to copy, transfer, distribute or use these materials without our express permission.<br />3. Confidentiality and Security:<br />We are committed to protecting your personal information and take the necessary security measures to prevent its loss or misuse.<br />4. Links to other websites:<br />Our site may contain links to other sites. We are not responsible for the content or privacy policies on those external websites.<br />5. Amend the Terms:<br />We reserve the right to amend these Terms and Conditions at any time without prior notice. Follow this page for updates.</p>', 7, 2, '', '', '', '', ''),
	(313, '', 'رئيس مجلس الادارة', 'رئيس مجلس الادارة', 'رئيس مجلس الادارة', 'رئيس مجلس الادارة', '<p>أسس رئيس مجلس الإدارة السيد <strong>عبد العزيز حبيب</strong> شركتنا في عام 1990 ويحتفل بأكثر من 27 عامًا من العمل الجاد والإنجازات، برؤيته الحكيمة، تم توجيه استثماراتنا إلى مجالات مختلفة بما في ذلك بناء علاقات متبادلة المنفعة مع شركائنا وكذلك الحكومة.<br />تكمن قيم الشركة في سعادة موظفينا وتلبية احتياجات عملائنا، مما جعلنا فخورين بكوننا إحدى شركات التموين الرائدة في المملكة العربية السعودية وواحدة من أكثر الشركات الواعدة في مختلف المجالات. تقودنا مسؤوليتنا تجاه مجتمعنا إلى توسيع خدماتنا. نظرًا لأننا ملتزمون بالتميز، فقد وضع موظفونا معايير التميز في جميع المنتجات والخدمات التي نقدمها.</p>', 6, 1, '', '', '', '', ''),
	(314, '', 'Chairman of the Board of directors', 'Chairman of the Board of directors', 'Chairman of the Board of directors', 'Chairman of the Board of directors', '<div class="sec_head mb-4">\r\n<h6 class="color-primary"><span style="font-size: 14px;">Chairman of the Board Mr. Abdul Aziz Habib founded our company in 1990 and celebrates more than 27 years of hard work and achievements, with his wise vision, our investments have been directed to different areas including building mutually beneficial relationships with our partners as well as the government.</span>The company\'s values lie in the happiness of our employees and meeting the needs of our customers, which has made us proud to be one of the leading catering companies in the Kingdom of Saudi Arabia and one of the most promising companies in various fields. Our responsibility towards our community leads us to expand our services. Since we are committed to excellence, our employees set the standards of excellence in all the products and services we provide.</h6>\r\n</div>', 6, 2, '', '', '', '', ''),
	(349, '', 'الشروط والاحكام', 'الشروط والاحكام', 'الشروط والاحكام', 'الشروط والاحكام', '<p>في عالم الأعمال، تعد الشراكة أساسًا للنجاح والتميز. إن بناء علاقات قوية ومستدامة مع شركاء النجاح يعزز قدرة الشركات على تحقيق أهدافها والتغلب على التحديات. فيما يلي نظرة فاحصة على بعض شركاء النجاح الذين يلعبون دورًا حيويًا في تحقيق النجاح:<br />1. الاستخدام:<br />يرجى قراءة هذه الشروط والأحكام بعناية قبل استخدام موقعنا أو التفاعل مع خدماتنا. باستخدام موقعنا، توافق على الالتزام بشروطنا وقوانيننا.<br />2. الملكية الفكرية:<br />جميع حقوق الملكية الفكرية المتعلقة بالمحتوى والعلامات التجارية على موقعنا مملوكة لشركتنا. يحظر نسخ أو نقل أو توزيع أو استخدام هذه المواد دون إذننا الصريح.<br />3. السرية والأمن:<br />نحن ملتزمون بحماية معلوماتك الشخصية واتخاذ التدابير الأمنية اللازمة لمنع فقدانها أو إساءة استخدامها.<br />4. روابط لمواقع الويب الأخرى:<br />قد يحتوي موقعنا على روابط لمواقع أخرى. نحن لسنا مسؤولين عن المحتوى أو سياسات الخصوصية على تلك المواقع الخارجية.<br />5. تعديل الشروط:<br />نحتفظ بالحق في تعديل هذه الشروط والأحكام في أي وقت دون إشعار مسبق. اتبع هذه الصفحة للحصول على التحديثات.</p>', 5, 1, '', '', '', '', ''),
	(350, '', 'Terms And Conditions', 'Terms And Conditions', 'Terms And Conditions', 'Terms And Conditions', '<p>In the business world, partnership is a foundation for success and excellence. Building strong and sustainable relationships with success partners enhances companies\' ability to achieve their goals and overcome challenges. Here is a close look at some success partners who play a vital role in achieving success:<br />1. Usage:<br />Please read these terms and conditions carefully before using our site or interacting with our services. By using our site, you agree to abide by our terms and laws.<br />2. Intellectual property:<br />All intellectual property rights related to content and trademarks on our site belong to our company. It is forbidden to copy, transfer, distribute or use these materials without our express permission.<br />3. Confidentiality and Security:<br />We are committed to protecting your personal information and take the necessary security measures to prevent its loss or misuse.<br />4. Links to other websites:<br />Our site may contain links to other sites. We are not responsible for the content or privacy policies on those external websites.<br />5. Amend the Terms:<br />We reserve the right to amend these Terms and Conditions at any time without prior notice. Follow this page for updates.</p>', 5, 2, '', '', '', '', ''),
	(369, 'صفحة تواصل معنا', 'تواصل معنا2', 'تواصل معنا', 'تواصل معنا', 'تواصل معنا', '<p>تواصل معنا2</p>', 11, 1, '', '', '', '', ''),
	(370, 'Contact Us Page', 'Contact Us', 'Contact Us', 'Contact Us', 'Contact Us', '<p>Contact Us2</p>', 11, 2, '', '', '', '', ''),
	(371, 'الصفحة الرئيسية', 'بقشان السعودية2', 'بقشان السعودية', 'بقشان السعودية', 'بقشان السعودية', '<p>2<label>الوصف (Arabic)</label></p>\r\n<div id="mceu_16" class="mce-tinymce mce-container mce-panel" tabindex="-1" role="application">\r\n<div id="mceu_16-body" class="mce-container-body mce-stack-layout">\r\n<div id="mceu_17" class="mce-top-part mce-container mce-stack-layout-item mce-first">\r\n<div id="mceu_17-body" class="mce-container-body">\r\n<div id="mceu_18" class="mce-container mce-menubar mce-toolbar mce-first" role="menubar">&nbsp;</div>\r\n</div>\r\n</div>\r\n</div>\r\n</div>', 10, 1, '', '', '', '', ''),
	(372, 'Main Page', 'Bugshan saudi2', 'Bugshan saudi', 'Bugshan saudi', 'Bugshan saudi', '<p><label>&nbsp;2الوصف (English)</label></p>\r\n<div id="mceu_55" class="mce-tinymce mce-container mce-panel" tabindex="-1" role="application">\r\n<div id="mceu_55-body" class="mce-container-body mce-stack-layout">\r\n<div id="mceu_56" class="mce-top-part mce-container mce-stack-layout-item mce-first">\r\n<div id="mceu_56-body" class="mce-container-body">\r\n<div id="mceu_57" class="mce-container mce-menubar mce-toolbar mce-first" role="menubar">&nbsp;</div>\r\n</div>\r\n</div>\r\n</div>\r\n</div>', 10, 2, '', '', '', '', ''),
	(373, 'الصفحة الرئيسية', 'النبذة الخاصة بالفوتر2', 'https://ahg.omar.alyomhost.org/', 'النبذة الخاصة بالفوتر', 'النبذة الخاصة بالفوتر', '<p>2<!-- pagebreak -->جعلت إدارتنا القوية من أولوياتنا القصوى جذب المواهب والاحتفاظ بها بمهارات مهنية عالية في مختلف المجالات.</p>', 9, 1, '', '', '', '', ''),
	(374, 'Main Page', 'Profile of footer2', 'https://ahg.omar.alyomhost.org/', 'Profile of footer', 'Profile of footer', '<p>Our strong management is our top priority Attracting professional talents High retention of skills Various fields.2<br /><br /></p>', 9, 2, '', '', '', '', ''),
	(377, 'صفحة من نحن', 'من نحن', 'من نحن', 'من نحن', 'من نحن', '<p style="text-align: right;"><strong>شركة الحبيب هي شركة رائدة في مجال التموين والبناء و الصيانة تأسست عام 1990م&nbsp; مقرها جدة&nbsp; |&nbsp; الرياض&nbsp; |&nbsp; المملكة العربية السعودية. لأكثر من 40 عاما ، بنت الشركة سمعة قوية في جميع أنحاء البلاد وهي جيدة فيما يتعلق بالشركات التي تقدم خدمات تقديم الطعام من الدرجة الأولى</strong></p>\r\n<p style="text-align: right;"><strong> وايضا في مجال البناء والصيانة والأعمال في اغلب المشاريع الحكومية والمستشفيات والفنادق والجامعات و ايضا مشاريع التموين سنويا. وفي الوقت نفسه ، نفذت الشركة العديد من المشاريع مثل الفلل والشقق السكنية ، وإنشاء المباني الحكومية و مباني قطاع خاص ، والمستشفيات، .</strong></p>\r\n<p style="text-align: right;"><strong>&nbsp;خبرة الحبيب في مقاولات البناء وعقود الصيانة العامة التي يتم تنفيذها من خلال فريق من الموظفين المؤهلين في جميع التخصصات بينما لدينا أيضا الخبرة في مشاريع التخلص من النفايات</strong></p>\r\n<p style="text-align: right;"><strong>تعمل على تلبية احتياجات السوق السعودي في مختلف المجالات في مجال المقاولات العامة و الصيانة, وتقديم الوجبات المطبوخة و غير المطبوخة و صيانة و تنظيف المستشفيات و المراكز الطبية و تنظيف المدن و البيئة.</strong></p>\r\n<p style="text-align: right;"><strong>نقدم خدمات البيع بالجملة و التجزئة للأدوات و المستزمات الطبية</strong></p>', 2, 1, '', '', '', '', ''),
	(378, 'About Us Page', 'About Us', 'About Us', 'About Us', 'About Us', '<p>Al-Habeeb Trading Company is a leading catering and construction company that is currently operating exclusively in the Kingdom of Saudi Arabia. For over 40 years, the family-owned business has built a strong reputation around the country and is a well regarding businesses that provide top notch catering services, Construction, Maintenance, and Electromechanical work mostly to government entities, hospitals, hotels and Universities. They operate throughout the catering spectrum and handle numerous catering projects annually.Meanwhile, The company has carried out many projects like residential villas and apartments, government building construction, hospitals, and factories . Al Habeeb expertise lies in building contracting and general maintenance contracts executed through a team of qualified staff in all disciplines while also we have the expertise in waste disposal projects</p>', 2, 2, '', '', '', '', ''),
	(379, 'صفحة من نحن', 'بطاقات الرؤية والرسالة والاهداف والقيم2', 'بطاقات الرؤية والرسالة والاهداف والقيم', 'بطاقات الرؤية والرسالة والاهداف والقيم', 'بطاقات الرؤية والرسالة والاهداف والقيم', '', 3, 1, '<p><strong><img src="//storage/photos/shares/pexels-mikhail-nilov-8297853.jpg" alt="r" width="r" height="r" />ليمتد إلى ما هو أبعد من منتجاتنا وخدماتنا ، يتعلق الأمر ببناء إرث من التميز والثقة. نلتزم تجاه عملائنا وموظفينا ومجتمعنا بأن نكون منارة للتقدم ، وندفع باستمرار حدود ما هو ممكن. معا، نرسم مسارا نحو مستقبل أكثر إشراقا وابتكارا.</strong></p>', '<p><strong>&nbsp;نحن نركز على ما يحتاجه عملاؤنا ونعمل بجهد لمنحهم الأفضل. مهمتنا هي أن نقود الطريق في مجالنا ، ونبحث دائما عن طرق جديدة وأفضل للقيام بالأشياء. نعد بأن نكون صادقين ، وأن نعمل مع شركائنا ، وأن نستمر في التحسن في ما نقوم به ، كل يوم.</strong></p>', '', '<p><strong>تعمل خدمة العملاء على تحسين الجودة وزيادة الربحية وتعزيز الكفاءة والفعالية</strong></p>', ''),
	(380, 'About Us Page', 'Vision Cards, Message, Goals and Values', 'Vision Cards, Message, Goals and Values', 'Vision Cards, Message, Goals and Values', 'Vision Cards, Message, Goals and Values', '', 3, 2, '<p>To extends beyond our products and services, it\'s about building a legacy of excellence and trust. We commit to our customers, employees, and community to be a beacon of progress, consistently pushing the boundaries of what\'s possible. Together, we are charting a course towards a brighter, more innovative future.</p>', '<p>We\'re here to make a difference. We focus on what our customers need and work hard to give them the best. Our job is to lead the way in our field, always looking for new and better ways to do things. We promise to be honest, work together with our partners, and keep getting better at what we do, every single day.</p>', '', '<p>Customer service improves quality, increases profitability, and enhances efficiency and effectiveness.</p>', '');

-- Dumping structure for table bugshan_db.partners
CREATE TABLE IF NOT EXISTS `partners` (
  `id` bigint(20) unsigned NOT NULL AUTO_INCREMENT,
  `created_at` datetime DEFAULT NULL,
  `updated_at` datetime DEFAULT NULL,
  `deleted_at` datetime DEFAULT NULL,
  PRIMARY KEY (`id`)
) ENGINE=InnoDB AUTO_INCREMENT=45 DEFAULT CHARSET=utf8mb4 COLLATE=utf8mb4_general_ci;

-- Dumping data for table bugshan_db.partners: ~15 rows (approximately)
INSERT INTO `partners` (`id`, `created_at`, `updated_at`, `deleted_at`) VALUES
	(1, '2024-04-21 16:25:56', '2024-04-24 14:55:45', NULL),
	(2, '2024-04-21 17:34:02', '2024-04-24 14:55:45', NULL),
	(3, '2024-04-24 14:59:21', '2024-04-24 14:59:21', NULL),
	(4, '2024-04-25 13:29:07', '2024-04-25 13:29:07', NULL),
	(5, '2024-04-25 13:30:06', '2024-04-25 13:30:06', NULL),
	(6, '2024-04-25 13:31:09', '2024-04-25 13:31:09', NULL),
	(7, '2024-04-25 13:33:31', '2024-04-25 13:33:31', NULL),
	(8, '2024-04-25 13:34:12', '2024-04-25 13:34:12', NULL),
	(9, '2024-04-25 13:34:52', '2024-04-25 13:34:52', NULL),
	(10, '2024-04-25 13:35:32', '2024-04-25 13:35:32', NULL),
	(11, '2024-04-25 13:36:26', '2024-04-25 13:36:26', NULL),
	(12, '2024-04-25 13:37:06', '2024-04-25 13:37:06', NULL),
	(13, '2024-04-29 14:32:51', '2024-04-29 14:33:10', NULL),
	(14, '2024-05-23 13:49:03', '2024-05-23 13:49:03', NULL);

-- Dumping structure for table bugshan_db.partner_descriptions
CREATE TABLE IF NOT EXISTS `partner_descriptions` (
  `id` bigint(20) unsigned NOT NULL AUTO_INCREMENT,
  `title` varchar(150) DEFAULT NULL,
  `title2` varchar(150) DEFAULT NULL,
  `description` text DEFAULT NULL,
  `partner_id` bigint(20) unsigned DEFAULT NULL,
  `language_id` bigint(20) unsigned DEFAULT NULL,
  PRIMARY KEY (`id`),
  KEY `partner_descriptions_partner_id_foreign` (`partner_id`),
  KEY `partner_descriptions_language_id_foreign` (`language_id`),
  CONSTRAINT `partner_descriptions_language_id_foreign` FOREIGN KEY (`language_id`) REFERENCES `languages` (`id`) ON DELETE CASCADE ON UPDATE CASCADE,
  CONSTRAINT `partner_descriptions_partner_id_foreign` FOREIGN KEY (`partner_id`) REFERENCES `partners` (`id`) ON DELETE CASCADE ON UPDATE CASCADE
) ENGINE=InnoDB AUTO_INCREMENT=128 DEFAULT CHARSET=utf8mb4 COLLATE=utf8mb4_general_ci;

-- Dumping data for table bugshan_db.partner_descriptions: ~30 rows (approximately)
INSERT INTO `partner_descriptions` (`id`, `title`, `title2`, `description`, `partner_id`, `language_id`) VALUES
	(13, 'قوات الطوارئ السعودية', NULL, '<p>قوات الطوارئ السعودية</p>', 3, 1),
	(14, 'test Saudi Emergency Forces', NULL, '<p>test Saudi Emergency Forces</p>', 3, 2),
	(15, 'جامعة الملك سعود', NULL, '<div><span class="text__translation" dir="rtl">جامعة الملك سعود</span></div>\r\n<div id="mceu_16" class="mce-tinymce mce-container mce-panel" tabindex="-1" role="application">\r\n<div id="mceu_16-body" class="mce-container-body mce-stack-layout">\r\n<div id="mceu_17" class="mce-top-part mce-container mce-stack-layout-item mce-first">\r\n<div id="mceu_17-body" class="mce-container-body">\r\n<div id="mceu_18" class="mce-container mce-menubar mce-toolbar mce-first" role="menubar">&nbsp;</div>\r\n</div>\r\n</div>\r\n</div>\r\n</div>', 2, 1),
	(16, 'King Saud University', NULL, '<p>King Saud University</p>\r\n<div id="mceu_55" class="mce-tinymce mce-container mce-panel" tabindex="-1" role="application">\r\n<div id="mceu_55-body" class="mce-container-body mce-stack-layout">\r\n<div id="mceu_56" class="mce-top-part mce-container mce-stack-layout-item mce-first">\r\n<div id="mceu_56-body" class="mce-container-body">\r\n<div id="mceu_57" class="mce-container mce-menubar mce-toolbar mce-first" role="menubar">&nbsp;</div>\r\n</div>\r\n</div>\r\n</div>\r\n</div>', 2, 2),
	(17, 'المديرية العامة للسجون', NULL, '<div class="w-full text-token-text-primary" dir="auto" data-testid="conversation-turn-2">\r\n<div class="px-4 py-2 justify-center text-base md:gap-6 m-auto">\r\n<div class="flex flex-1 text-base mx-auto gap-3 juice:gap-4 juice:md:gap-6 md:px-5 lg:px-1 xl:px-5 md:max-w-3xl lg:max-w-[40rem] xl:max-w-[48rem]">\r\n<div class="flex-shrink-0 flex flex-col relative items-end">\r\n<div class="pt-0.5">\r\n<div class="gizmo-shadow-stroke flex h-6 w-6 items-center justify-center overflow-hidden rounded-full">\r\n<div class="relative flex">\r\n<div class="w-full text-token-text-primary" dir="auto" data-testid="conversation-turn-2">\r\n<div class="px-4 py-2 justify-center text-base md:gap-6 m-auto">\r\n<div class="flex flex-1 text-base mx-auto gap-3 juice:gap-4 juice:md:gap-6 md:px-5 lg:px-1 xl:px-5 md:max-w-3xl lg:max-w-[40rem] xl:max-w-[48rem]">\r\n<div class="flex-shrink-0 flex flex-col relative items-end">\r\n<div class="pt-0.5">المديرية العامة للسجون</div>\r\n</div>\r\n</div>\r\n</div>\r\n</div>\r\n</div>\r\n</div>\r\n</div>\r\n</div>\r\n</div>\r\n</div>\r\n</div>', 1, 1),
	(18, 'General Directorate For Prisons', NULL, '<div class="w-full text-token-text-primary" dir="auto" data-testid="conversation-turn-2">\r\n<div class="px-4 py-2 justify-center text-base md:gap-6 m-auto">\r\n<div class="flex flex-1 text-base mx-auto gap-3 juice:gap-4 juice:md:gap-6 md:px-5 lg:px-1 xl:px-5 md:max-w-3xl lg:max-w-[40rem] xl:max-w-[48rem]">\r\n<div class="flex-shrink-0 flex flex-col relative items-end">\r\n<div class="pt-0.5">\r\n<div class="gizmo-shadow-stroke flex h-6 w-6 items-center justify-center overflow-hidden rounded-full">General Directorate For Prisons</div>\r\n</div>\r\n</div>\r\n</div>\r\n</div>\r\n</div>', 1, 2),
	(19, 'قوات الدفاع الجوي الملكية السعودية', NULL, '<p>قوات الدفاع الجوي الملكية السعودية</p>', 4, 1),
	(20, 'Royal Saudi Air Defense Forces', NULL, '<div class="title">Royal Saudi Air Defense Forces</div>', 4, 2),
	(21, 'المديرية العامة لحرس الحدود', NULL, '<p>المديرية العامة لحرس الحدود</p>', 5, 1),
	(22, 'General Directorate of Border Guards', NULL, '<div class="title">General Directorate of Border Guards</div>', 5, 2),
	(23, 'القوات البرية الملكية السعودية', NULL, '<div><span class="text__translation" dir="rtl">القوات البرية الملكية السعودية</span></div>', 6, 1),
	(24, 'Royal Saudi Land Forces', NULL, '<div class="title">Royal Saudi Land Forces</div>', 6, 2),
	(25, 'جامعة القصيم', NULL, '<div><span class="text__translation" dir="rtl">جامعة القصيم</span></div>', 7, 1),
	(26, 'Qassim University', NULL, '<div class="title">Qassim University</div>', 7, 2),
	(27, 'وزارة الحرس الوطني', NULL, '<div><span class="text__translation" dir="rtl">وزارة الحرس الوطني</span></div>', 8, 1),
	(28, 'Ministry of National Guard', NULL, '<div class="title">Ministry of National Guard</div>', 8, 2),
	(29, 'رئاسة أمن الدولة', NULL, '<div><span class="text__translation" dir="rtl">رئاسة أمن الدولة</span></div>', 9, 1),
	(30, 'Presidency of State Security', NULL, '<div class="title">Presidency of State Security</div>', 9, 2),
	(31, 'قوات أمن المرافق', NULL, '<p>قوات أمن المرافق</p>', 10, 1),
	(32, 'Facilities Security Forces', NULL, '<div class="title">Facilities Security Forces</div>', 10, 2),
	(33, 'وزارة المالية', NULL, '<div><span class="text__translation" dir="rtl">وزارة المالية</span></div>', 11, 1),
	(34, 'Ministry of Finance', NULL, '<div class="title">Ministry of Finance</div>', 11, 2),
	(35, 'الخدمات الطبية للقوات المسلحة', NULL, '<div><span class="text__translation" dir="rtl">الخدمات الطبية للقوات المسلحة</span></div>', 12, 1),
	(36, 'Armed Forces Medical Services', NULL, '<div class="title">Armed Forces Medical Services</div>', 12, 2),
	(39, 'أرامكو السعودية', NULL, '<h2 class="">أرامكو السعودية</h2>', 14, 1),
	(40, 'Saudi Aramco', NULL, '<h2 class=""><span class="l_ecrd_txt_herom l_ecrd_txt_nound">Saudi Aramco</span></h2>', 14, 2),
	(41, 'المديرية العامة للسجون', NULL, NULL, 13, 1),
	(42, 'General Directorate of Prisons', NULL, NULL, 13, 2);

-- Dumping structure for table bugshan_db.partner_photos
CREATE TABLE IF NOT EXISTS `partner_photos` (
  `id` bigint(20) unsigned NOT NULL AUTO_INCREMENT,
  `type` varchar(250) DEFAULT NULL,
  `url` varchar(250) DEFAULT NULL,
  `image` varchar(250) DEFAULT NULL,
  `vedio` varchar(250) DEFAULT NULL,
  `partner_id` bigint(20) unsigned DEFAULT NULL,
  PRIMARY KEY (`id`),
  KEY `article_photos_article_id_index` (`partner_id`),
  CONSTRAINT `partner_photos_partner_id_foreign` FOREIGN KEY (`partner_id`) REFERENCES `partners` (`id`) ON DELETE CASCADE ON UPDATE CASCADE
) ENGINE=InnoDB AUTO_INCREMENT=126 DEFAULT CHARSET=utf8 COLLATE=utf8_general_ci;

-- Dumping data for table bugshan_db.partner_photos: ~42 rows (approximately)
INSERT INTO `partner_photos` (`id`, `type`, `url`, `image`, `vedio`, `partner_id`) VALUES
	(16, NULL, NULL, 'storage/photos/shares/1.png', NULL, 3),
	(17, NULL, NULL, 'storage/photos/shares/1.png', NULL, 3),
	(18, NULL, NULL, 'storage/photos/shares/1.png', NULL, 3),
	(19, NULL, NULL, 'storage/photos/shares/2.png', NULL, 2),
	(20, NULL, NULL, 'storage/photos/shares/2.png', NULL, 2),
	(21, NULL, NULL, 'storage/photos/shares/2.png', NULL, 2),
	(22, NULL, NULL, 'storage/photos/shares/3.png', NULL, 1),
	(23, NULL, NULL, 'storage/photos/shares/3.png', NULL, 1),
	(24, NULL, NULL, 'storage/photos/shares/3.png', NULL, 1),
	(25, NULL, NULL, 'storage/photos/shares/4.png', NULL, 4),
	(26, NULL, NULL, 'storage/photos/shares/4.png', NULL, 4),
	(27, NULL, NULL, 'storage/photos/shares/4.png', NULL, 4),
	(28, NULL, NULL, 'storage/photos/shares/5.png', NULL, 5),
	(29, NULL, NULL, 'storage/photos/shares/5.png', NULL, 5),
	(30, NULL, NULL, 'storage/photos/shares/5.png', NULL, 5),
	(31, NULL, NULL, 'storage/photos/shares/6.png', NULL, 6),
	(32, NULL, NULL, 'storage/photos/shares/6.png', NULL, 6),
	(33, NULL, NULL, 'storage/photos/shares/6.png', NULL, 6),
	(34, NULL, NULL, 'storage/photos/shares/7.png', NULL, 7),
	(35, NULL, NULL, 'storage/photos/shares/7.png', NULL, 7),
	(36, NULL, NULL, 'storage/photos/shares/7.png', NULL, 7),
	(37, NULL, NULL, 'storage/photos/shares/8.png', NULL, 8),
	(38, NULL, NULL, 'storage/photos/shares/8.png', NULL, 8),
	(39, NULL, NULL, 'storage/photos/shares/8.png', NULL, 8),
	(40, NULL, NULL, 'storage/photos/shares/9.png', NULL, 9),
	(41, NULL, NULL, 'storage/photos/shares/9.png', NULL, 9),
	(42, NULL, NULL, 'storage/photos/shares/9.png', NULL, 9),
	(43, NULL, NULL, 'storage/photos/shares/10.png', NULL, 10),
	(44, NULL, NULL, 'storage/photos/shares/10.png', NULL, 10),
	(45, NULL, NULL, 'storage/photos/shares/10.png', NULL, 10),
	(46, NULL, NULL, 'storage/photos/shares/11.png', NULL, 11),
	(47, NULL, NULL, 'storage/photos/shares/11.png', NULL, 11),
	(48, NULL, NULL, 'storage/photos/shares/11.png', NULL, 11),
	(49, NULL, NULL, 'storage/photos/shares/12.png', NULL, 12),
	(50, NULL, NULL, 'storage/photos/shares/12.png', NULL, 12),
	(51, NULL, NULL, 'storage/photos/shares/12.png', NULL, 12),
	(55, NULL, NULL, 'storage/photos/shares/download__2_.jfif', NULL, 14),
	(56, NULL, NULL, 'storage/photos/shares/download__2_.jfif', NULL, 14),
	(57, NULL, NULL, 'storage/photos/shares/download__2_.jfif', NULL, 14),
	(58, NULL, NULL, 'storage/photos/shares/3.png', NULL, 13),
	(59, NULL, NULL, 'storage/photos/shares/3.png', NULL, 13),
	(60, NULL, NULL, 'storage/photos/shares/3.png', NULL, 13);

-- Dumping structure for table bugshan_db.password_resets
CREATE TABLE IF NOT EXISTS `password_resets` (
  `email` varchar(191) NOT NULL,
  `token` varchar(191) NOT NULL,
  `created_at` timestamp NULL DEFAULT NULL,
  KEY `password_resets_email_index` (`email`)
) ENGINE=MyISAM DEFAULT CHARSET=utf8 COLLATE=utf8_general_ci;

-- Dumping data for table bugshan_db.password_resets: 0 rows

-- Dumping structure for table bugshan_db.photos
CREATE TABLE IF NOT EXISTS `photos` (
  `id` bigint(20) unsigned NOT NULL AUTO_INCREMENT,
  `image` varchar(200) NOT NULL,
  `photo_category_id` bigint(20) unsigned DEFAULT NULL,
  `deleted_at` timestamp NULL DEFAULT NULL,
  `created_at` timestamp NULL DEFAULT NULL,
  `updated_at` timestamp NULL DEFAULT NULL,
  PRIMARY KEY (`id`),
  KEY `photos_photo_category_id_foreign` (`photo_category_id`),
  CONSTRAINT `photos_photo_category_id_foreign` FOREIGN KEY (`photo_category_id`) REFERENCES `photo_categories` (`id`) ON DELETE CASCADE
) ENGINE=InnoDB AUTO_INCREMENT=171 DEFAULT CHARSET=utf8 COLLATE=utf8_general_ci;

-- Dumping data for table bugshan_db.photos: ~3 rows (approximately)
INSERT INTO `photos` (`id`, `image`, `photo_category_id`, `deleted_at`, `created_at`, `updated_at`) VALUES
	(164, 'storage/photos/shares/header-bg-1.png', 14, NULL, '2024-04-25 15:16:59', '2024-04-25 15:16:59'),
	(169, 'storage/photos/shares/header-bg-4.jpg', 12, NULL, '2024-05-20 11:57:58', '2024-05-20 11:57:58'),
	(170, 'storage/photos/shares/b.jpg', 12, NULL, '2024-05-20 11:57:58', '2024-05-20 11:57:58');

-- Dumping structure for table bugshan_db.photo_categories
CREATE TABLE IF NOT EXISTS `photo_categories` (
  `id` bigint(20) unsigned NOT NULL AUTO_INCREMENT,
  `show_in` tinyint(1) DEFAULT 0,
  `deleted_at` timestamp NULL DEFAULT NULL,
  `created_at` timestamp NULL DEFAULT NULL,
  `updated_at` timestamp NULL DEFAULT NULL,
  PRIMARY KEY (`id`)
) ENGINE=InnoDB AUTO_INCREMENT=15 DEFAULT CHARSET=utf8 COLLATE=utf8_general_ci;

-- Dumping data for table bugshan_db.photo_categories: ~2 rows (approximately)
INSERT INTO `photo_categories` (`id`, `show_in`, `deleted_at`, `created_at`, `updated_at`) VALUES
	(12, 1, NULL, '2024-04-22 16:22:27', '2024-04-23 10:01:54'),
	(14, 1, NULL, '2024-04-23 10:03:50', '2024-04-23 10:03:50');

-- Dumping structure for table bugshan_db.photo_category_descriptions
CREATE TABLE IF NOT EXISTS `photo_category_descriptions` (
  `id` bigint(20) unsigned NOT NULL AUTO_INCREMENT,
  `name` varchar(100) NOT NULL,
  `slug` varchar(100) DEFAULT NULL,
  `photo_category_id` bigint(20) unsigned DEFAULT NULL,
  `language_id` bigint(20) unsigned DEFAULT NULL,
  PRIMARY KEY (`id`),
  KEY `photo_category_descriptions_language_id_foreign` (`language_id`),
  KEY `photo_category_descriptions_photo_category_id_language_id_index` (`photo_category_id`,`language_id`),
  CONSTRAINT `photo_category_descriptions_language_id_foreign` FOREIGN KEY (`language_id`) REFERENCES `languages` (`id`) ON DELETE CASCADE ON UPDATE CASCADE,
  CONSTRAINT `photo_category_descriptions_photo_category_id_foreign` FOREIGN KEY (`photo_category_id`) REFERENCES `photo_categories` (`id`) ON DELETE CASCADE ON UPDATE CASCADE
) ENGINE=InnoDB AUTO_INCREMENT=51 DEFAULT CHARSET=utf8 COLLATE=utf8_general_ci;

-- Dumping data for table bugshan_db.photo_category_descriptions: ~4 rows (approximately)
INSERT INTO `photo_category_descriptions` (`id`, `name`, `slug`, `photo_category_id`, `language_id`) VALUES
	(43, 'Highlight our work from the towers', 'Highlight our work from the towers', 14, 1),
	(44, 'Highlight our work from the towers', 'Highlight our work from the towers', 14, 2),
	(49, 'Highlight our work from the towers', '.Highlight our work from the towers', 12, 1),
	(50, 'Highlight our work from the towers', '.Highlight our work from the towers', 12, 2);

-- Dumping structure for table bugshan_db.photo_descriptions
CREATE TABLE IF NOT EXISTS `photo_descriptions` (
  `id` bigint(20) unsigned NOT NULL AUTO_INCREMENT,
  `title` varchar(100) DEFAULT NULL,
  `photo_id` bigint(20) unsigned DEFAULT NULL,
  `language_id` bigint(20) unsigned DEFAULT NULL,
  PRIMARY KEY (`id`),
  KEY `photo_descriptions_language_id_foreign` (`language_id`),
  KEY `photo_descriptions_photo_id_language_id_index` (`photo_id`,`language_id`),
  CONSTRAINT `photo_descriptions_language_id_foreign` FOREIGN KEY (`language_id`) REFERENCES `languages` (`id`) ON DELETE CASCADE,
  CONSTRAINT `photo_descriptions_photo_id_foreign` FOREIGN KEY (`photo_id`) REFERENCES `photos` (`id`) ON DELETE CASCADE
) ENGINE=InnoDB AUTO_INCREMENT=123 DEFAULT CHARSET=utf8 COLLATE=utf8_general_ci;

-- Dumping data for table bugshan_db.photo_descriptions: ~6 rows (approximately)
INSERT INTO `photo_descriptions` (`id`, `title`, `photo_id`, `language_id`) VALUES
	(109, 'Highlight our work from the towers', 164, 1),
	(110, 'Highlight our work from the towers', 164, 2),
	(119, 'Highlight our work from the towers', 169, 1),
	(120, 'Highlight our work from the towers', 169, 2),
	(121, 'Experience the difference with us.', 170, 1),
	(122, 'Experience the difference with us.', 170, 2);

-- Dumping structure for table bugshan_db.projects
CREATE TABLE IF NOT EXISTS `projects` (
  `id` bigint(20) unsigned NOT NULL AUTO_INCREMENT,
  `projects_count` bigint(20) DEFAULT NULL,
  `image` varchar(512) DEFAULT NULL,
  `image2` varchar(512) DEFAULT NULL,
  `created_at` datetime DEFAULT NULL,
  `updated_at` datetime DEFAULT NULL,
  `deleted_at` datetime DEFAULT NULL,
  PRIMARY KEY (`id`)
) ENGINE=InnoDB AUTO_INCREMENT=58 DEFAULT CHARSET=utf8mb4 COLLATE=utf8mb4_general_ci;

-- Dumping data for table bugshan_db.projects: ~25 rows (approximately)
INSERT INTO `projects` (`id`, `projects_count`, `image`, `image2`, `created_at`, `updated_at`, `deleted_at`) VALUES
	(1, 5, 'storage/photos/shares/8000.jpg', NULL, '2024-04-16 15:45:22', '2024-05-22 16:04:24', NULL),
	(2, 5, 'storage/photos/shares/6333.jpg', NULL, '2024-04-16 15:51:28', '2024-05-22 16:01:45', NULL),
	(3, 5, 'storage/photos/shares/____________-__________-__________-__________________-______.jpg', NULL, '2024-04-16 15:51:59', '2024-05-23 11:06:00', NULL),
	(26, 1, 'storage/photos/shares/a01e53ff-1d7b-45fc-87ab-773778ca603c.jpg', NULL, '2024-05-22 15:38:06', '2024-05-22 15:38:06', NULL),
	(27, 1, 'storage/photos/shares/OIP.jfif', NULL, '2024-05-22 15:45:00', '2024-05-22 15:45:00', NULL),
	(28, 2, 'storage/photos/shares/8.png', NULL, '2024-05-22 15:49:43', '2024-05-22 15:50:44', NULL),
	(29, 1, 'storage/photos/shares/OIP__1_.jfif', NULL, '2024-05-22 15:55:08', '2024-05-22 15:55:08', NULL),
	(30, 1, 'storage/photos/shares/emblem_of_special_emergency_force.png', NULL, '2024-05-22 15:58:46', '2024-05-22 15:58:46', NULL),
	(31, 1, 'storage/photos/shares/________________-____________-______________-________________.png', NULL, '2024-05-22 16:07:42', '2024-05-22 16:07:42', NULL),
	(32, 1, 'storage/photos/shares/______.jpg', NULL, '2024-05-22 16:20:46', '2024-05-22 16:20:46', NULL),
	(33, 1, 'storage/photos/shares/KKUNEWLogo.png', NULL, '2024-05-22 16:24:17', '2024-05-22 16:24:17', NULL),
	(34, 1, 'storage/photos/shares/OIP__1_.jfif', NULL, '2024-05-22 16:29:17', '2024-05-22 16:29:17', NULL),
	(35, 1, 'storage/photos/shares/KFAAlogo.jpg', NULL, '2024-05-22 16:34:41', '2024-05-22 16:34:41', NULL),
	(36, 2, 'storage/photos/shares/300px-Royal_Saudi_Navy_Logo_svg.png', NULL, '2024-05-23 10:47:08', '2024-05-23 10:47:08', NULL),
	(37, 1, 'storage/photos/shares/Royal_Saudi_Air_Defense_Forces_Logo2_svg.png', NULL, '2024-05-23 10:52:59', '2024-05-23 10:52:59', NULL),
	(38, 1, 'storage/photos/shares/59937.jpg', NULL, '2024-05-23 10:56:01', '2024-05-23 10:56:01', NULL),
	(39, 1, 'storage/photos/shares/download.jfif', NULL, '2024-05-23 11:04:13', '2024-05-23 11:04:13', NULL),
	(40, 1, 'storage/photos/shares/27503686_150287739101270_9041139970018360027_o.jpg', NULL, '2024-05-23 11:09:08', '2024-08-15 22:49:36', NULL),
	(41, 1, 'storage/photos/shares/Royal_Saudi_Strategic_Missile_Force_Emblem.png', NULL, '2024-05-23 11:16:59', '2024-05-23 11:16:59', NULL),
	(42, 1, 'storage/photos/shares/download__1_.jfif', NULL, '2024-05-23 11:20:59', '2024-05-23 11:20:59', NULL),
	(43, 1, 'storage/photos/shares/AY1MAN13B-3_OUME0Ji.jpg', NULL, '2024-05-23 11:26:27', '2024-05-23 11:26:27', NULL),
	(44, 1, 'storage/photos/shares/EL4k0iNXYAAfMug.jpg', NULL, '2024-05-23 11:32:22', '2024-05-23 11:32:22', NULL),
	(45, 1, 'storage/photos/shares/list_default.jpg', NULL, '2024-05-23 11:42:27', '2024-05-23 11:42:27', NULL),
	(46, 1, 'storage/photos/shares/download__2_.jfif', NULL, '2024-05-23 13:46:29', '2024-05-23 13:46:29', NULL),
	(57, NULL, '1.jpg,1111.jpg', '12345.jpg,22222.jpg', '2024-08-16 11:24:05', '2024-08-16 11:43:37', NULL);

-- Dumping structure for table bugshan_db.project_descriptions
CREATE TABLE IF NOT EXISTS `project_descriptions` (
  `id` bigint(20) unsigned NOT NULL AUTO_INCREMENT,
  `project_id` bigint(20) unsigned DEFAULT NULL,
  `language_id` bigint(20) unsigned DEFAULT NULL,
  `title` varchar(255) DEFAULT NULL,
  `description` longtext DEFAULT NULL,
  PRIMARY KEY (`id`),
  KEY `project_descriptions_project_id_foreign` (`project_id`),
  KEY `project_descriptions_language_id_foreign` (`language_id`),
  CONSTRAINT `project_descriptions_language_id_foreign` FOREIGN KEY (`language_id`) REFERENCES `languages` (`id`) ON DELETE CASCADE ON UPDATE CASCADE,
  CONSTRAINT `project_descriptions_project_id_foreign` FOREIGN KEY (`project_id`) REFERENCES `projects` (`id`) ON DELETE CASCADE ON UPDATE CASCADE
) ENGINE=InnoDB AUTO_INCREMENT=143 DEFAULT CHARSET=utf8mb4 COLLATE=utf8mb4_general_ci;

-- Dumping data for table bugshan_db.project_descriptions: ~48 rows (approximately)
INSERT INTO `project_descriptions` (`id`, `project_id`, `language_id`, `title`, `description`) VALUES
	(63, 26, 1, 'تقديم خدمات التغذية لمستشفى الجبر للعيون والأنف والأذن والحنجرة ومركز أمراض الدم الوراثية بمحافظة الإحساء', NULL),
	(64, 26, 2, 'تقديم خدمات التغذية لمستشفى الجبر للعيون والأنف والأذن والحنجرة ومركز أمراض الدم الوراثية بمحافظة الإحساء', NULL),
	(69, 27, 1, 'الحرس الملكي', NULL),
	(70, 27, 2, 'توريد و تقديم الإعاشة للموقوفين برئاسة الحرس الملكي في مدينة جدة و الراض', NULL),
	(73, 28, 1, 'الحرس الوطني', NULL),
	(74, 28, 2, 'National Guard', NULL),
	(75, 29, 1, 'القوات المسلحة', NULL),
	(76, 29, 2, 'Armed Forces', NULL),
	(77, 30, 1, 'قوة الطوارئ الخاصة', NULL),
	(78, 30, 2, 'Special Emergency Force', NULL),
	(79, 2, 1, 'وزارة الصحة جدة', NULL),
	(80, 2, 2, 'Ministry of Health, Jeddah', NULL),
	(81, 1, 1, 'مستشفى الملك فهد الجامعي', NULL),
	(82, 1, 2, 'King Fahad University Hospital', NULL),
	(83, 31, 1, 'المديرية العامة لمكافحة المخدرات', NULL),
	(84, 31, 2, 'General Directorate of Narcotics Control', NULL),
	(85, 32, 1, 'توريد المواد الغذائية لمستشفى الامير سلطان  للقوات المسلحة بالمدينة المنورة', NULL),
	(86, 32, 2, 'توريد المواد الغذائية لمستشفى الامير سلطان  للقوات المسلحة بالمدينة المنورة', NULL),
	(87, 33, 1, 'تقديم الوجبات الغذائية لطلاب جامعة الملك خالد ومنسوبيها وتشغيل المطاعم وخدمة الحفلات', NULL),
	(88, 33, 2, 'Providing meals to King Khalid University students and employees, operating restaurants and serving parties', NULL),
	(89, 34, 1, 'توريد المواد الغذائية لمستشفى القوات المسلحة بالشمالية حفر الباطن', NULL),
	(90, 34, 2, 'Supplying of foodstuffs to the Armed Forces Hospital in the northern Hafr Al-Batin', NULL),
	(91, 35, 1, 'تقديم خدمة الطعام للأفراد وطلبة كلية الملك فيصل الجوية والمواقع التابعة لها', NULL),
	(92, 35, 2, 'Providing food service to students of King Faisal Air College', NULL),
	(93, 36, 1, 'القوات البحرية', NULL),
	(94, 36, 2, 'Navy', NULL),
	(95, 37, 1, 'الدفاع الجوي السعودي', 'ساره'),
	(96, 37, 2, 'Saudi Air Defense', NULL),
	(97, 38, 1, 'توريد إعاشة أفراد وحدات منطقة الرياض', NULL),
	(98, 38, 2, 'توريد إعاشة أفراد وحدات منطقة الرياض', NULL),
	(99, 39, 1, 'تقديم خدمة التغذية لمستشفى النساء و الولادة و الاطفال بالجوف', NULL),
	(100, 39, 2, 'Women\'s Maternity & Children Hospital', NULL),
	(103, 3, 1, 'مستشفى عبد العزيز الجامعي', NULL),
	(104, 3, 2, 'Abdul Aziz University Hospital', NULL),
	(107, 41, 1, 'تامين وتوريد إعاشة غرير مطهية لمواقع الصواريخ الاستراتيجية على المجموعة الأولى بقيادة القوة وقاعدة الإمدادات والتموين موقع الشمالي وقاعد', NULL),
	(108, 41, 2, 'تامين وتوريد إعاشة غرير مطهية لمواقع الصواريخ الاستراتيجية على المجموعة الأولى بقيادة القوة وقاعدة الإمدادات والتموين موقع الشمالي وقاعد', NULL),
	(109, 42, 1, 'خدمات إعاشة أفراد وحدات المنطقة الغربية', NULL),
	(110, 42, 2, 'Western Region units', NULL),
	(111, 43, 1, 'توريد الإعاشة غير المطهية لمراكز التأهيل الشامل', NULL),
	(112, 43, 2, 'Supplying uncooked food to comprehensive centers', NULL),
	(113, 44, 1, 'تقديم خدمات التغذية لمستشفى مجمع الامل للصحة النفسية بعرعر', NULL),
	(114, 44, 2, 'Al Amal Complex for Mental Health in Arar', NULL),
	(115, 45, 1, 'تأمين وطهي وتقديم الإعاشة للقوات المشاركة والمساندة من منسوبي الأمن العام ومن خارج القطاع بمكة المكرمة والمشاعر المقدسة العاملة بالميدان والقيادة لمهمة الحج', NULL),
	(116, 45, 2, 'Securing, cooking, and providing food to the participating and supporting forces from Public Security personnel and from outside the sector in Mecca and the Holy Sites .', NULL),
	(117, 46, 1, 'أرامكو السعودية', NULL),
	(118, 46, 2, 'Saudi Aramco', NULL),
	(127, 40, 1, 'جامعة نجران', '<p>xz</p>'),
	(128, 40, 2, 'Najran University', '<p>xsd</p>'),
	(141, 57, 1, 'اسم القطاع (Arabic)', '<p><label>وصف القطاع (Arabic)</label></p>\r\n<div id="mceu_16" class="mce-tinymce mce-container mce-panel" tabindex="-1" role="application">\r\n<div id="mceu_16-body" class="mce-container-body mce-stack-layout">\r\n<div id="mceu_17" class="mce-top-part mce-container mce-stack-layout-item mce-first">\r\n<div id="mceu_17-body" class="mce-container-body">\r\n<div id="mceu_18" class="mce-container mce-menubar mce-toolbar mce-first" role="menubar">&nbsp;</div>\r\n</div>\r\n</div>\r\n</div>\r\n</div>'),
	(142, 57, 2, 'Name of the Sector (English)', '<p><label>وصف القطاع (English)</label></p>\r\n<div id="mceu_55" class="mce-tinymce mce-container mce-panel" tabindex="-1" role="application">\r\n<div id="mceu_55-body" class="mce-container-body mce-stack-layout">\r\n<div id="mceu_56" class="mce-top-part mce-container mce-stack-layout-item mce-first">\r\n<div id="mceu_56-body" class="mce-container-body">\r\n<div id="mceu_57" class="mce-container mce-menubar mce-toolbar mce-first" role="menubar">&nbsp;</div>\r\n</div>\r\n</div>\r\n</div>\r\n</div>');

-- Dumping structure for table bugshan_db.quote_categories
CREATE TABLE IF NOT EXISTS `quote_categories` (
  `id` bigint(20) unsigned NOT NULL AUTO_INCREMENT,
  `created_at` timestamp NULL DEFAULT NULL,
  `updated_at` timestamp NULL DEFAULT NULL,
  `deleted_at` timestamp NULL DEFAULT NULL,
  PRIMARY KEY (`id`)
) ENGINE=InnoDB AUTO_INCREMENT=5 DEFAULT CHARSET=utf8 COLLATE=utf8_general_ci;

-- Dumping data for table bugshan_db.quote_categories: ~4 rows (approximately)
INSERT INTO `quote_categories` (`id`, `created_at`, `updated_at`, `deleted_at`) VALUES
	(1, '2022-11-02 21:45:15', '2022-11-03 08:13:49', '2022-11-03 08:13:49'),
	(2, '2022-11-02 21:45:15', '2022-11-03 08:13:49', '2022-11-03 08:13:49'),
	(3, '2022-11-02 21:45:15', '2023-05-03 12:17:28', NULL),
	(4, '2023-06-07 11:31:27', '2023-06-07 11:32:55', '2023-06-07 11:32:55');

-- Dumping structure for table bugshan_db.quote_category_descriptions
CREATE TABLE IF NOT EXISTS `quote_category_descriptions` (
  `id` bigint(20) unsigned NOT NULL AUTO_INCREMENT,
  `name` varchar(100) NOT NULL,
  `quote_category_id` bigint(20) unsigned NOT NULL,
  `language_id` bigint(20) unsigned NOT NULL,
  PRIMARY KEY (`id`),
  KEY `quote_category_descriptions_quote_category_id_index` (`quote_category_id`),
  KEY `quote_category_descriptions_language_id_index` (`language_id`),
  CONSTRAINT `quote_category_descriptions_language_id_foreign` FOREIGN KEY (`language_id`) REFERENCES `languages` (`id`) ON DELETE CASCADE,
  CONSTRAINT `quote_category_descriptions_quote_category_id_foreign` FOREIGN KEY (`quote_category_id`) REFERENCES `quote_categories` (`id`) ON DELETE CASCADE
) ENGINE=InnoDB AUTO_INCREMENT=17 DEFAULT CHARSET=utf8 COLLATE=utf8_general_ci;

-- Dumping data for table bugshan_db.quote_category_descriptions: ~8 rows (approximately)
INSERT INTO `quote_category_descriptions` (`id`, `name`, `quote_category_id`, `language_id`) VALUES
	(1, 'Fugiat itaque.', 1, 1),
	(2, 'Molestiae sed sed.', 1, 2),
	(3, 'Ipsa iure.', 2, 1),
	(4, 'Excepturi esse ea.', 2, 2),
	(13, 'المأكولات والمشروبات', 3, 1),
	(14, 'Food & Beverages', 3, 2),
	(15, 'تجربة', 4, 1),
	(16, 'Test', 4, 2);

-- Dumping structure for table bugshan_db.quote_sub_categories
CREATE TABLE IF NOT EXISTS `quote_sub_categories` (
  `id` bigint(20) unsigned NOT NULL AUTO_INCREMENT,
  `quote_category_id` bigint(20) unsigned NOT NULL,
  `created_at` timestamp NULL DEFAULT NULL,
  `updated_at` timestamp NULL DEFAULT NULL,
  `deleted_at` timestamp NULL DEFAULT NULL,
  PRIMARY KEY (`id`),
  KEY `quote_sub_categories_quote_category_id_index` (`quote_category_id`)
) ENGINE=InnoDB AUTO_INCREMENT=15 DEFAULT CHARSET=utf8 COLLATE=utf8_general_ci;

-- Dumping data for table bugshan_db.quote_sub_categories: ~4 rows (approximately)
INSERT INTO `quote_sub_categories` (`id`, `quote_category_id`, `created_at`, `updated_at`, `deleted_at`) VALUES
	(11, 3, '2022-11-03 08:15:59', '2022-11-03 08:15:59', NULL),
	(12, 3, '2022-11-03 08:16:26', '2022-11-03 08:16:26', NULL),
	(13, 3, '2022-11-03 08:17:01', '2022-11-03 08:17:01', NULL),
	(14, 4, '2023-06-07 11:32:31', '2023-06-07 11:32:45', '2023-06-07 11:32:45');

-- Dumping structure for table bugshan_db.quote_sub_category_descriptions
CREATE TABLE IF NOT EXISTS `quote_sub_category_descriptions` (
  `id` bigint(20) unsigned NOT NULL AUTO_INCREMENT,
  `name` varchar(100) NOT NULL,
  `quote_sub_category_id` bigint(20) unsigned NOT NULL,
  `language_id` bigint(20) unsigned NOT NULL,
  PRIMARY KEY (`id`),
  KEY `quote_sub_category_descriptions_quote_sub_category_id_index` (`quote_sub_category_id`),
  KEY `quote_sub_category_descriptions_language_id_index` (`language_id`),
  CONSTRAINT `quote_sub_category_descriptions_language_id_foreign` FOREIGN KEY (`language_id`) REFERENCES `languages` (`id`) ON DELETE CASCADE,
  CONSTRAINT `quote_sub_category_descriptions_quote_sub_category_id_foreign` FOREIGN KEY (`quote_sub_category_id`) REFERENCES `quote_sub_categories` (`id`) ON DELETE CASCADE
) ENGINE=InnoDB AUTO_INCREMENT=33 DEFAULT CHARSET=utf8 COLLATE=utf8_general_ci;

-- Dumping data for table bugshan_db.quote_sub_category_descriptions: ~8 rows (approximately)
INSERT INTO `quote_sub_category_descriptions` (`id`, `name`, `quote_sub_category_id`, `language_id`) VALUES
	(25, 'فطور', 11, 1),
	(26, 'Breakfast', 11, 2),
	(27, 'غداء', 12, 1),
	(28, 'Lunch', 12, 2),
	(29, 'عشاء', 13, 1),
	(30, 'Dinner', 13, 2),
	(31, 'تجربة', 14, 1),
	(32, 'Test', 14, 2);

-- Dumping structure for table bugshan_db.rentals
CREATE TABLE IF NOT EXISTS `rentals` (
  `id` int(10) unsigned NOT NULL AUTO_INCREMENT,
  `station_name` varchar(150) DEFAULT NULL,
  `station_address` varchar(200) DEFAULT NULL,
  `station_area` double DEFAULT NULL,
  `station_area_umbrella` double DEFAULT NULL,
  `phone` varchar(15) DEFAULT NULL,
  `email` varchar(200) DEFAULT NULL,
  `notes` longtext DEFAULT NULL,
  `tank_size` double DEFAULT NULL,
  `contract` bigint(20) unsigned DEFAULT NULL,
  `operating` bigint(20) unsigned DEFAULT NULL,
  `ahwaz_91` bigint(20) unsigned DEFAULT NULL,
  `ahwaz_95` bigint(20) unsigned DEFAULT NULL,
  `ahwaz_diesel` bigint(20) unsigned DEFAULT NULL,
  `fuel_tanks` bigint(20) unsigned DEFAULT NULL,
  `civil_sector_license` bigint(20) unsigned DEFAULT NULL,
  `municipal_license` bigint(20) unsigned DEFAULT NULL,
  `environmental_licensing_license` bigint(20) unsigned DEFAULT NULL,
  `construction_license` bigint(20) unsigned DEFAULT NULL,
  `land_deed` bigint(20) unsigned DEFAULT NULL,
  `surveillance_cameras` bigint(20) unsigned DEFAULT NULL,
  `appproved_safety` bigint(20) unsigned DEFAULT NULL,
  `applicant` bigint(20) unsigned DEFAULT NULL,
  `created_at` timestamp NULL DEFAULT NULL,
  `updated_at` timestamp NULL DEFAULT NULL,
  `deleted_at` timestamp NULL DEFAULT NULL,
  PRIMARY KEY (`id`),
  KEY `rentals_contract_foreign` (`contract`),
  KEY `rentals_operating_foreign` (`operating`),
  KEY `rentals_ahwaz_91_foreign` (`ahwaz_91`),
  KEY `rentals_ahwaz_95_foreign` (`ahwaz_95`),
  KEY `rentals_ahwaz_diesel_foreign` (`ahwaz_diesel`),
  KEY `rentals_fuel_tanks_foreign` (`fuel_tanks`),
  KEY `rentals_municipal_license_foreign` (`municipal_license`),
  KEY `rentals_civil_sector_license_foreign` (`civil_sector_license`),
  KEY `rentals_environmental_licensing_license_foreign` (`environmental_licensing_license`),
  KEY `rentals_construction_license_foreign` (`construction_license`),
  KEY `rentals_land_deed_foreign` (`land_deed`),
  KEY `rentals_surveillance_cameras_foreign` (`surveillance_cameras`),
  KEY `rentals_appproved_safety_foreign` (`appproved_safety`),
  KEY `rentals_applicant_foreign` (`applicant`)
) ENGINE=InnoDB AUTO_INCREMENT=32 DEFAULT CHARSET=utf8 COLLATE=utf8_general_ci;

-- Dumping data for table bugshan_db.rentals: ~30 rows (approximately)
INSERT INTO `rentals` (`id`, `station_name`, `station_address`, `station_area`, `station_area_umbrella`, `phone`, `email`, `notes`, `tank_size`, `contract`, `operating`, `ahwaz_91`, `ahwaz_95`, `ahwaz_diesel`, `fuel_tanks`, `civil_sector_license`, `municipal_license`, `environmental_licensing_license`, `construction_license`, `land_deed`, `surveillance_cameras`, `appproved_safety`, `applicant`, `created_at`, `updated_at`, `deleted_at`) VALUES
	(1, '*اسم المحطة', '* موقع المحطة', 12, 12, '0512345678', 'mostafa.mohamed.galal@gmail.com', 'test', 123, 1, 5, 7, 10, 13, 16, 23, 20, 25, 28, 31, 34, 36, 38, '2023-06-26 06:13:38', '2023-06-26 06:13:38', NULL),
	(2, '*اسم المحطة', '* موقع المحطة', 12, 12, '0512345678', 'mostafa.mohamed.galal@gmail.com', 'test', 123, 1, 5, 7, 10, 13, 16, 23, 20, 25, 28, 31, 34, 36, 38, '2023-06-26 06:14:29', '2023-06-26 06:14:29', NULL),
	(3, 'تان', 'الجيزان', 450, 499, '966581524713', 'ahmedaliradwan2017@gmail.com', 'عن ويل للنقليات', 450, 1, 6, 8, 12, 14, 18, 23, 20, 25, 28, 31, 34, 36, 39, '2023-07-04 10:47:49', '2023-07-04 10:47:49', NULL),
	(4, 'تان', 'الجيزان', 450, 499, '966581524713', 'ahmedaliradwan2017@gmail.com', 'عن ويل للنقليات', 450, 1, 6, 8, 12, 14, 18, 23, 20, 25, 28, 31, 34, 36, 39, '2023-07-04 10:47:49', '2023-07-04 10:47:49', NULL),
	(5, 'تان', 'الجيزان', 450, 499, '966581524713', 'ahmedaliradwan2017@gmail.com', 'عن ويل للنقليات', 450, 1, 6, 8, 12, 14, 18, 23, 20, 25, 28, 31, 34, 36, 39, '2023-07-04 10:47:49', '2023-07-04 10:47:49', NULL),
	(7, 'بسشبيسش', 'بيسبيسبيسش', 1541, 1000, '966581524713', 'ahmedaliradwan2017@gmail.com', 'تنسيق باجينشن طلبات الوظائف - لوحة التحكم', 52052, 2, 6, 8, 12, 15, 18, 23, 20, 26, 30, 55, 56, 37, 39, '2023-07-04 12:50:29', '2023-07-04 12:50:29', NULL),
	(8, 'بسشبيسش', 'بيسبيسبيسش', 1541, 1000, '966581524713', 'ahmedaliradwan2017@gmail.com', 'تنسيق باجينشن طلبات الوظائف - لوحة التحكم', 52052, 2, 6, 8, 12, 15, 18, 23, 20, 26, 30, 55, 56, 37, 39, '2023-07-04 12:50:29', '2023-07-04 12:50:29', NULL),
	(9, 'بسشبيسش', 'بيسبيسبيسش', 1541, 1000, '966581524713', 'ahmedaliradwan2017@gmail.com', 'تنسيق باجينشن طلبات الوظائف - لوحة التحكم', 52052, 2, 6, 8, 12, 15, 18, 23, 20, 26, 30, 55, 56, 37, 39, '2023-07-04 12:50:29', '2023-07-04 12:50:29', NULL),
	(10, 'سشيسش', 'سشيسشيسش', 400, 45523, '966581524713', 'ahmedaliradwan2017@gmail.com', 'سيسشيسشيسشيسشي', 4244, 2, 5, 47, 10, 14, 18, 23, 21, 26, 54, 55, 34, 37, 39, '2023-07-04 12:51:11', '2023-07-04 12:51:11', NULL),
	(11, 'سشيسش', 'سشيسشيسش', 400, 45523, '966581524713', 'ahmedaliradwan2017@gmail.com', 'سيسشيسشيسشيسشي', 4244, 2, 5, 47, 10, 14, 18, 23, 21, 26, 54, 55, 34, 37, 39, '2023-07-04 12:51:11', '2023-07-04 12:51:11', NULL),
	(12, 'سشيسش', 'سشيسشيسش', 400, 45523, '966581524713', 'ahmedaliradwan2017@gmail.com', 'سيسشيسشيسشيسشي', 4244, 2, 5, 47, 10, 14, 18, 23, 21, 26, 54, 55, 34, 37, 39, '2023-07-04 12:51:11', '2023-07-04 12:51:11', NULL),
	(13, 'سشيسش', 'سشيسشيسش', 400, 45523, '966581524713', 'ahmedaliradwan2017@gmail.com', 'سيسشيسشيسشيسشي', 4244, 2, 5, 47, 10, 14, 18, 23, 21, 26, 54, 55, 34, 37, 39, '2023-07-04 12:51:11', '2023-07-04 12:51:11', NULL),
	(14, 'سشيسش', 'سشيسشيسش', 400, 45523, '966581524713', 'ahmedaliradwan2017@gmail.com', 'سيسشيسشيسشيسشي', 4244, 2, 5, 47, 10, 14, 18, 23, 21, 26, 54, 55, 34, 37, 39, '2023-07-04 12:51:11', '2023-07-04 12:51:11', NULL),
	(15, 'Tha', 'Jeddah', 50, 47272, '966501234578', 'maged@gmail.com', 'Tha', 4393, 1, 5, 47, 11, 14, 18, 22, 20, 26, 28, 31, 35, 37, 39, '2023-07-04 14:06:02', '2023-07-04 14:06:02', NULL),
	(16, 'Samaef', 'Gedda', 6498, 656860, '966501234587', 'sa@gmail.com', 'Safns', 5609797, 3, 5, 7, 11, 15, 16, 24, 21, 27, 30, 31, 34, 36, 40, '2023-07-04 14:21:29', '2023-07-04 14:21:29', NULL),
	(17, 'للبيلب', 'سبسيب', 1217, 597, '966581524713', 'ahmedaliradwan2017@gmail.com', NULL, 299, 1, 5, 47, 48, 49, 50, 23, 19, 26, 54, 32, 33, 57, 39, '2023-07-09 14:29:28', '2023-07-09 14:29:28', NULL),
	(18, 'محطة جيزان', 'جيزان', 1000, 2000, '966501234560', 'jizan@gmail.com', 'لاتوجد', 1500, 2, 4, 7, 10, 13, 16, 22, 19, 25, 28, 31, 33, 36, 38, '2023-07-13 14:37:06', '2023-07-13 14:37:06', NULL),
	(19, 'نتان', 'تن78678اوتنمانمنم', 576, 67, '0500702585', 'salshaari57@gmail.com', '8678', 34, 2, 4, 7, 10, 13, 16, 22, 19, 25, 28, 31, 33, 36, 38, '2023-07-19 07:11:50', '2023-07-19 07:11:50', NULL),
	(20, 'test', 'test', 44, 44, '0521221852', 'test1@admin.com', 'test', 44, 1, 4, 7, 10, 13, 16, 22, 19, 26, 28, 31, 33, 36, 38, '2023-07-26 11:06:07', '2023-07-26 11:06:07', NULL),
	(21, 'TGG', 'JEDAH', 400, 200, '966501234503', 'TGG@GMAIL.COM', 'THANK YOU', 120, 1, 4, 8, 10, 15, 17, 23, 19, 25, 29, 31, 33, 37, 39, '2023-07-27 13:30:06', '2023-07-27 13:30:06', NULL),
	(22, 'test', 'test', 22, 22, '0521221852', 'test1@admin.com', 'test', 22, 1, 4, 7, 10, 13, 16, 22, 19, 25, 28, 31, 33, 36, 38, '2023-07-30 12:49:12', '2023-07-30 12:49:12', NULL),
	(23, 'asasd', 'dasdasd', 121, 123, '966501234123', 'nawaf@gmail.com', 'sdadas', 121212, 2, 5, 9, 11, 13, 18, 22, 19, 25, 28, 31, 35, 37, 39, '2023-07-30 12:58:15', '2023-07-30 12:58:15', NULL),
	(24, 'res', 'dddd', 22, 22, '0521221852', 'test1@admin.com', NULL, 22, 1, 4, 7, 10, 13, 17, 22, 19, 25, 28, 31, 33, 36, 38, '2023-07-30 13:06:39', '2023-07-30 13:06:39', NULL),
	(25, 'tttt', 'tttt', 77, 77, '0521221852', 'superdd@admin.com', '5555', 55, 2, 4, 55, 55, 55, 55, 22, 20, 25, 28, 31, 34, 36, 39, '2023-07-30 15:16:37', '2023-07-30 15:16:37', NULL),
	(26, 'يسشسش', 'سشيسش', 1400, 1500, '966501234501', 'nad@gmail.com', 'شارع النخيل', 10000, 1, 5, 120, 140, 160, 180, 23, 19, 25, 29, 31, 34, 36, 38, '2023-07-30 15:21:25', '2023-07-30 15:21:25', NULL),
	(27, 'THHH', 'JEDAH', 120, 1400, '966501234520', 'FA@GMAIL.COM', NULL, 1200, 2, 4, 7, 11, 15, 16, 23, 19, 26, 28, 31, 33, 37, 38, '2023-07-30 15:25:54', '2023-07-30 15:25:54', NULL),
	(28, 'RED', 'JED', 1000, 2000, '966501234560', 'RED@GMAIL.COM', NULL, 10200, 2, 4, 3000, 4000, 5000, 6000, 24, 19, 25, 29, 31, 33, 36, 38, '2023-07-30 15:34:18', '2023-07-30 15:34:18', NULL),
	(29, 'نادك', 'الشمال', 45000, 4100, '966501234560', 'ahmedaliradwan2017@gmail.com', 'شكرا', 45001, 3, 4, 8, 200, 13, 40, 22, 19, 25, 28, 31, 34, 37, 38, '2023-08-13 07:41:23', '2023-08-13 07:41:23', NULL),
	(30, 'العين', 'القصيم', 1400, 5000, '966501234507', 'ahmed@gmail.com', 'te4st', 800, 2, 4, 7, 12, 120, 60, 23, 19, 25, 29, 31, 33, 37, 38, '2023-08-13 10:58:41', '2023-08-13 10:58:41', NULL),
	(31, 'ينبع', 'القصيم', 9000, 4000, '966501234507', 'ahmed@gmail.com', 'اللؤلؤ', 90, 2, 4, 200, 300, 900, 600, 23, 19, 25, 28, 31, 33, 37, 38, '2023-08-14 10:52:49', '2023-08-14 10:52:49', NULL);

-- Dumping structure for table bugshan_db.services
CREATE TABLE IF NOT EXISTS `services` (
  `id` bigint(20) unsigned NOT NULL AUTO_INCREMENT,
  `url` varchar(200) DEFAULT NULL,
  `image` varchar(200) DEFAULT NULL,
  `icon` varchar(255) DEFAULT NULL,
  `created_at` timestamp NULL DEFAULT NULL,
  `updated_at` timestamp NULL DEFAULT NULL,
  `deleted_at` timestamp NULL DEFAULT NULL,
  PRIMARY KEY (`id`)
) ENGINE=InnoDB AUTO_INCREMENT=105 DEFAULT CHARSET=utf8 COLLATE=utf8_general_ci;

-- Dumping data for table bugshan_db.services: ~10 rows (approximately)
INSERT INTO `services` (`id`, `url`, `image`, `icon`, `created_at`, `updated_at`, `deleted_at`) VALUES
	(18, NULL, 'storage/photos/shares/boulud-660-a0a81c2b3993422f89a54055399f3540.jpg', 'storage/photos/shares/CATE.jpg', '2024-04-25 16:04:37', '2024-05-22 11:48:09', NULL),
	(19, NULL, 'storage/photos/shares/construction-sites-.jpg', 'storage/photos/shares/CONN.jpg', '2024-04-25 16:06:51', '2024-05-22 11:47:20', NULL),
	(20, NULL, 'storage/photos/shares/header-bg-2.jpg', 'storage/photos/shares/service-1.png', '2024-04-25 16:11:44', '2024-05-22 10:31:25', '2024-05-22 10:31:25'),
	(21, NULL, 'storage/photos/shares/Facetune_21-05-2024-22-37-39.jpeg', 'storage/photos/shares/MED.jpg', '2024-04-25 16:12:57', '2024-05-22 11:46:17', NULL),
	(29, NULL, 'storage/photos/shares/tr.jpg', 'storage/photos/shares/SER.jpg', '2024-05-22 10:53:12', '2024-05-22 11:49:16', NULL),
	(30, NULL, 'storage/photos/shares/pexels-brett-sayles-1059608.jpg', 'storage/photos/shares/121212.jpg', '2024-05-23 10:13:57', '2024-05-23 10:13:57', NULL),
	(31, NULL, 'storage/photos/shares/pexels-pixabay-258154.jpg', 'storage/photos/shares/pexels-pixabay-258154.jpg', '2024-06-06 10:27:28', '2024-06-06 10:27:28', NULL),
	(32, NULL, 'storage/photos/shares/3.jpg', 'storage/photos/shares/4.jpg', '2024-08-13 07:26:27', '2024-08-13 07:26:27', NULL),
	(99, '3,4,5', '1.jpg,1111.jpg,12345.jpg', NULL, '2024-08-14 16:56:13', '2024-08-14 16:56:13', NULL),
	(100, 'Yomna3,Yomna4', '1.jpg,1111.jpg', NULL, '2024-08-14 17:21:49', '2024-08-14 17:21:49', NULL),
	(103, 'url1,url2,url3', '1.jpg,1111.jpg,12345.jpg', NULL, '2024-08-15 19:25:39', '2024-08-15 19:25:39', NULL),
	(104, ',', '370632485_122126490164002835_7814470262877211187_n.jpg,12345.jpg', NULL, '2024-08-15 19:36:22', '2024-08-15 19:36:22', NULL);

-- Dumping structure for table bugshan_db.service_descriptions
CREATE TABLE IF NOT EXISTS `service_descriptions` (
  `id` bigint(20) unsigned NOT NULL AUTO_INCREMENT,
  `name` varchar(100) NOT NULL,
  `description` longtext DEFAULT NULL,
  `description_2` text DEFAULT NULL,
  `service_id` bigint(20) unsigned NOT NULL,
  `language_id` bigint(20) unsigned NOT NULL,
  PRIMARY KEY (`id`),
  KEY `service_descriptions_service_id_index` (`service_id`),
  KEY `service_descriptions_language_id_index` (`language_id`),
  CONSTRAINT `service_descriptions_language_id_foreign` FOREIGN KEY (`language_id`) REFERENCES `languages` (`id`) ON DELETE CASCADE,
  CONSTRAINT `service_descriptions_service_id_foreign` FOREIGN KEY (`service_id`) REFERENCES `services` (`id`) ON DELETE CASCADE
) ENGINE=InnoDB AUTO_INCREMENT=269 DEFAULT CHARSET=utf8 COLLATE=utf8_general_ci;

-- Dumping data for table bugshan_db.service_descriptions: ~16 rows (approximately)
INSERT INTO `service_descriptions` (`id`, `name`, `description`, `description_2`, `service_id`, `language_id`) VALUES
	(145, 'قطاع الصيانة والتشغيل', '<p>تزويد المستشفيات والمراكز الطبية بالمعدات واللوازم اللازمة لعمليات إدارة الرعاية الصحية</p>', 'تزويد المستشفيات والمراكز الطبية بالمعدات واللوازم اللازمة لعمليات إدارة الرعاية الصحية', 20, 1),
	(146, 'Maintenance And Operation Sector', '<p>Providing hospitals and medical centers with equipment and supplies for health care management operations</p>', 'Providing hospitals and medical centers with equipment and supplies for health care management operations', 20, 2),
	(193, 'خدمات التغذية والإعاشة', '<p style="text-align: right;"><strong>خدمة التغذية والإعاشة هي مجال يهدف إلى تلبية احتياجات العملاء في توفير الطعام والوجبات بطريقة متميزة ومتنوعة. تعتمد هذه الخدمة على توفير وجبات صحية و جودة عالية، سواء في المناسبات الكبيرة او الصغيرة، أو في الأماكن العامة او الخاصة. تشمل خدمة التغذية والإعاشة أيضًا تخطيط القوائم الغذائية وتوفير التغذية المتوازنة والمتنوعة للأفراد والمجموعات. إنها صناعة تهتم بصحة وسعادة العملاء من خلال تقديم تجربة طعام لا تُنسى وتلبية احتياجاتهم الغذائية بأفضل شكل ممكن.</strong></p>', 'خدمة التغذية والإعاشة هي مجال يهدف إلى تلبية احتياجات الناس في توفير الطعام والوجبات بطريقة متميزة ومتنوعة', 18, 1),
	(194, 'Catering Sector', '<div class="p mb-2"><strong>Catering and hospitality play a crucial role in creating memorable experiences for guests. , the quality of food and service can greatly impact the overall event experience. Catering services focus on crafting delicious menus, accommodating dietary restrictions, and ensuring impeccable presentation. Hospitality professionals work tirelessly to create a warm and welcoming atmosphere.</strong></div>', 'Serving food is an act that combines elegance with hospitality', 18, 2),
	(195, 'قطاع الصيانة والتشغيل', '<p><strong>يضمن قطاع الصيانة والتشغيل الكفاءة والموثوقية في جميع الصناعات. إنه ضروري لصيانة الأنظمة والعمليات اليومية السلسة ، مما يوفر الأساس للإنتاجية وإدارة الأصول على المدى الطويل ".</strong></p>', '"قطاع الصيانة والتشغيل هو العامود الفقري لأي صناعة', 29, 1),
	(196, 'Maintenance And Operation Sector', '<p><strong>The maintenance and operation sector ensures efficiency and reliability in all industries. It\'s essential for the upkeep of systems and smooth daily operations, providing the foundation for productivity and long-term asset management."</strong></p>', 'The maintenance and operation sector is the backbone of any industry', 29, 2),
	(197, 'خدمة السفر والسياحة', '<p style="text-align: right;"><strong>نقدم خدمات سياحية متنوعة تشمل رحلات داخلية وخارجية، حجوزات فنادق، تذاكر طيران، وبرامج سياحية متكاملة</strong></p>', 'خدمات سياحية متنوعة', 30, 1),
	(198, 'Travel And Tourism', '<p><strong>We offer a variety of tourism services including domestic and international trips, hotel reservations, flight tickets, and comprehensive tour packages.</strong></p>\r\n<p>&nbsp;</p>\r\n<p>&nbsp;</p>', 'We offer a variety of tourism services', 30, 2),
	(203, 'المقاولات', '<p><strong>نحن نتفهم أن البناء هو أكثر من مجرد اتباع المخططات. يتعلق الأمر بإحداث تأثير ملموس على حياة الأشخاص الذين يعيشون ويعملون ويلعبون في المساحات التي نخلقها. لهذا السبب نتعامل مع كل مشروع بمزيج من الخبرة المهنية والعناية الشخصية.</strong></p>', 'تقنيات البناء لضمان أن عملنا ليس فقط جميلا ولكن دائما', 19, 1),
	(204, 'Construction Sector', '<p><strong>Building with Heart</strong><br /><strong>We understand that construction is more than just following blueprints. It\'s about making a tangible impact on the lives of the people who live, work, and play in the spaces we create. That\'s why we approach every project with a combination of professional expertise and personal care.</strong></p>', 'Construction techniques to ensure that our work is not only beautiful but durable', 19, 2),
	(205, 'تصميم الديكور و الداخلي و الخارجي', '<p>نقوم بالتصميم الداخلي بإنشاء تصاميم داخلية للمباني والمستشفيات والفنادق والمطاعم، حيث يتم تحديد حجم وطبيعة العمل بالتعاون مع العميل، فيأخذ المصمم الداخلي العديد من الأمور بعين الاعتبار منها أذواق العملاء</p>\r\n<p>التصميم الخارجي هو&nbsp;<strong>عملية تصميم الجزء الظاهر الخارجي من المبنى</strong>، مثل السقف والواجهات وأي عناصر مرئية خارجية أخرى، فهو يعكس شخصية مالكه وينقل رسالة محددة من خلال إنشاء تصميم مميز وفريد.&nbsp;</p>', 'اعمال الديكور و التصميم الداخلي و الخارجي', 31, 1),
	(206, 'Interior And Exterior Design', '<p>Interior design is defined as the&nbsp;<strong>professional and comprehensive practice of creating an interior environment that addresses, protects, and responds to human need&nbsp;</strong></p>\r\n<p><strong>Exterior design</strong> is the process of designing the exterior of a building or object. This includes the facade, roof, and any other features that are visible from the outside</p>', 'Interior And Exterior Design', 31, 2),
	(207, 'المعدات و الخدمات الطبية', '<p>تزويد المستشفيات والمراكز الطبية بالمعدات واللوازم اللازمة لعمليات إدارة الرعاية الصحية</p>', 'تزويد المستشفيات والمراكز الطبية بالمعدات والمستلزمات الخاصة بعمليات إدارة الرعاية الصحية', 21, 1),
	(208, 'Medical equipment and supplies', '<p>Providing hospitals and medical centers with equipment and supplies for health care management operations</p>', 'Providing hospitals and medical centers with equipment and supplies for health care management operations', 21, 2),
	(263, 'مالك', 'وصف الشركة (Arabic)', NULL, 103, 1),
	(264, 'malek', 'وصف الشركة (Arabic)', NULL, 103, 2),
	(267, 'ساره2', 'وصف الشركة (Arabic)2', NULL, 104, 1),
	(268, 'sara2', 'وصف الشركة (English)2', NULL, 104, 2);

-- Dumping structure for table bugshan_db.settings
CREATE TABLE IF NOT EXISTS `settings` (
  `id` bigint(20) unsigned NOT NULL AUTO_INCREMENT,
  `key` varchar(100) NOT NULL,
  `value` text DEFAULT NULL,
  `created_at` timestamp NULL DEFAULT NULL,
  `updated_at` timestamp NULL DEFAULT NULL,
  PRIMARY KEY (`id`),
  KEY `settings_key_index` (`key`)
) ENGINE=InnoDB AUTO_INCREMENT=34 DEFAULT CHARSET=utf8 COLLATE=utf8_general_ci;

-- Dumping data for table bugshan_db.settings: ~33 rows (approximately)
INSERT INTO `settings` (`id`, `key`, `value`, `created_at`, `updated_at`) VALUES
	(1, 'website_name_ar', 'شركة بقشان للتجارة والتعهدات التجارية المحدودة', '2021-04-05 07:45:39', '2024-08-07 06:57:23'),
	(2, 'keywords_ar', 'شركة الحبيب للتجارة والتعهدات التجارية المحدودة', '2021-04-05 07:45:39', '2024-08-07 06:57:23'),
	(3, 'meta_description_ar', 'شركة بقشان للتجارة والتعهدات التجارية المحدودة', '2021-04-05 07:45:39', '2024-08-07 06:57:23'),
	(4, 'site_email', 'info@alHabib.com.sa', '2021-04-05 07:45:39', '2024-08-07 06:57:23'),
	(5, 'site_address_ar', 'المملكة العربية السعودية، جدة | الرياض', '2021-04-05 07:45:39', '2024-08-07 06:57:23'),
	(6, 'site_phone', '+966 12 6550839', '2021-04-05 07:45:39', '2024-08-07 06:57:23'),
	(7, 'mail_driver', 'smtp', '2021-04-05 07:45:39', '2024-08-07 06:57:23'),
	(8, 'mail_host', 'smtp.googlemail.com', '2021-04-05 07:45:39', '2024-08-07 06:57:23'),
	(9, 'mail_port', '587', '2021-04-05 07:45:39', '2024-08-07 06:57:23'),
	(10, 'mail_username', 'Habib', '2021-04-05 07:45:39', '2024-08-07 06:57:23'),
	(11, 'mail_password', 'yzhgqhqtqjdfcsnr', '2021-04-05 07:45:39', '2024-08-07 06:57:23'),
	(12, 'mail_encryption', 'tls', '2021-04-05 07:45:39', '2024-08-07 06:57:24'),
	(13, 'mail_from_address', 'admin@Habib.com.sa', '2021-04-05 07:45:39', '2024-08-07 06:57:24'),
	(14, 'mail_from_name', 'Habib', '2021-04-05 07:45:39', '2024-08-07 06:57:24'),
	(15, 'facebook', 'https://www.facebook.com', '2021-04-05 07:45:39', '2024-08-07 06:57:24'),
	(16, 'twitter', 'https://twitter.com', '2021-04-05 07:45:39', '2024-08-07 06:57:24'),
	(17, 'instagram', 'https://www.instagram.com/alhabibtrading.co?igsh=c3MxbzE1ZGhib28z&utm_source=qr', '2021-04-05 07:45:39', '2024-08-07 06:57:24'),
	(18, 'website_logo', 'storage/photos/shares/photo_2023-06-11_13-01-26.jpg', '2021-04-05 07:45:39', '2024-08-07 06:57:24'),
	(19, 'website_disable', '0', '2021-04-05 07:45:39', '2024-04-23 15:21:41'),
	(20, 'dashboard_disable', '0', '2021-04-05 07:45:39', '2024-04-23 15:21:41'),
	(21, 'linkedin', 'https://www.linkedin.com', '2021-04-05 07:45:39', '2023-08-13 14:02:40'),
	(22, 'quote_email', 'sales@mawaddah.com', '2021-04-05 07:45:39', '2023-06-21 13:23:09'),
	(23, 'mail_username_old', 'inv@mawaddah.com.sa', '2021-04-05 06:45:39', '2023-05-03 11:18:32'),
	(24, 'mail_password_old', 'Has@2022', '2021-04-05 06:45:39', '2023-05-03 11:18:32'),
	(25, 'whats', 'https://www.whatsapp.com', '2021-04-05 07:45:39', '2023-08-13 14:02:40'),
	(26, 'ios', 'https://www.apple.com/eg/app-store/', NULL, '2023-08-13 14:02:40'),
	(27, 'android', 'https://play.google.com/store/games', NULL, '2023-08-13 14:02:40'),
	(28, 'map', NULL, NULL, '2024-08-07 06:57:24'),
	(29, 'website_name_en', 'bugshan', '2021-04-05 07:45:39', '2024-08-07 06:57:23'),
	(30, 'keywords_en', 'AL Habib Company For Trading Comml. Contracts Lmt.', '2021-04-05 07:45:39', '2024-08-07 06:57:23'),
	(31, 'meta_description_en', 'bugshan', '2021-04-05 07:45:39', '2024-08-07 06:57:23'),
	(32, 'site_address_en', 'Saudi Arabia Jeddah, Riyadh', '2021-04-05 07:45:39', '2024-08-07 06:57:23'),
	(33, 'snapchat', 'https://www.snapchat.com', '2021-04-05 07:45:39', '2024-08-07 06:57:24');

-- Dumping structure for table bugshan_db.sliders
CREATE TABLE IF NOT EXISTS `sliders` (
  `id` bigint(20) unsigned NOT NULL AUTO_INCREMENT,
  `image` text DEFAULT NULL,
  `slider_type` enum('main','bugshan') DEFAULT NULL,
  `link` text DEFAULT NULL,
  `cost` double DEFAULT NULL,
  `deleted_at` timestamp NULL DEFAULT NULL,
  `created_at` timestamp NULL DEFAULT NULL,
  `updated_at` timestamp NULL DEFAULT NULL,
  PRIMARY KEY (`id`)
) ENGINE=InnoDB AUTO_INCREMENT=54 DEFAULT CHARSET=utf8 COLLATE=utf8_general_ci;

-- Dumping data for table bugshan_db.sliders: ~27 rows (approximately)
INSERT INTO `sliders` (`id`, `image`, `slider_type`, `link`, `cost`, `deleted_at`, `created_at`, `updated_at`) VALUES
	(1, 'storage/photos/shares/Facetune_21-05-2024-15-28-24.jpeg', 'main', 'https://ahg.omar.alyomhost.org/', 5000, NULL, '2021-04-07 11:50:52', '2024-05-21 12:30:06'),
	(4, 'storage/photos/shares/about-2.png', NULL, NULL, NULL, '2024-04-23 15:37:44', '2023-06-18 13:46:37', '2024-04-23 15:37:44'),
	(5, 'storage/photos/shares/about-2.png', NULL, NULL, NULL, '2024-04-23 15:37:44', '2023-06-18 14:11:47', '2024-04-23 15:37:44'),
	(7, 'storage/photos/shares/10_zha_generali_tower_huftoncrow_lowres.jpg', NULL, NULL, NULL, '2024-04-23 15:37:44', '2023-07-03 10:01:27', '2024-04-23 15:37:44'),
	(9, 'storage/photos/shares/companies-2.jpg', NULL, NULL, NULL, '2024-04-23 15:37:44', '2023-07-03 10:09:44', '2024-04-23 15:37:44'),
	(10, 'storage/photos/shares/about-1.png', NULL, NULL, NULL, '2024-05-21 12:23:55', '2023-07-09 13:52:52', '2024-05-21 12:23:55'),
	(11, 'storage/photos/shares/10_zha_generali_tower_huftoncrow_lowres.jpg', NULL, 'https://youtu.be/NRdHsuuXxfk', NULL, '2024-04-23 15:37:44', '2023-07-13 08:44:58', '2024-04-23 15:37:44'),
	(12, 'storage/photos/shares/header-bg-2.jpg', NULL, NULL, NULL, '2024-04-23 15:37:44', '2023-07-13 14:21:35', '2024-04-23 15:37:44'),
	(13, 'storage/photos/shares/companies-2.jpg', NULL, NULL, NULL, '2024-04-23 15:37:44', '2023-07-19 07:26:09', '2024-04-23 15:37:44'),
	(14, 'storage/photos/shares/manager-2.png', NULL, NULL, NULL, '2024-04-23 15:37:44', '2024-04-23 15:23:48', '2024-04-23 15:37:44'),
	(15, NULL, NULL, 'تست', NULL, '2024-04-23 15:37:44', '2024-04-23 15:30:18', '2024-04-23 15:37:44'),
	(16, 'storage/photos/shares/1.jpg', NULL, NULL, NULL, '2024-04-29 12:24:16', '2024-04-25 09:44:05', '2024-04-29 12:24:16'),
	(17, 'storage/photos/shares/construction-sites-.jpg', NULL, 'https://ahg.omar.alyomhost.org/', NULL, NULL, '2024-05-21 12:31:20', '2024-06-06 10:14:05'),
	(18, 'storage/photos/shares/IMG_0470.jpeg', NULL, 'https://ahg.omar.alyomhost.org/', NULL, NULL, '2024-05-21 12:33:51', '2024-05-21 12:33:51'),
	(19, 'storage/photos/shares/carree.jpg', NULL, 'https://ahg.omar.alyomhost.org/', NULL, NULL, '2024-05-21 19:42:44', '2024-06-06 10:11:04'),
	(20, 'storage/photos/shares/pexels-shkrabaanthony-6749723.jpg', NULL, 'https://ahg.omar.alyomhost.org/', NULL, NULL, '2024-05-22 11:54:12', '2024-05-22 11:54:12'),
	(21, 'storage/photos/shares/pexels-sonyfeo-7426527.jpg', NULL, 'https://ahg.omar.alyomhost.org/', NULL, NULL, '2024-05-22 11:58:36', '2024-05-22 11:58:36'),
	(22, 'storage/photos/shares/pexels-500photos-com-15338-93400.jpg', NULL, 'https://ahg.omar.alyomhost.org/', NULL, NULL, '2024-05-22 12:00:19', '2024-05-22 12:00:19'),
	(23, 'storage/photos/shares/tttrtrt.jpg', NULL, 'https://ahg.omar.alyomhost.org/', NULL, NULL, '2024-06-06 10:06:16', '2024-06-06 10:06:16'),
	(24, 'storage/photos/shares/GFFGG.jpg', NULL, 'https://ahg.omar.alyomhost.org/', NULL, NULL, '2024-06-06 10:07:51', '2024-06-06 10:07:51'),
	(25, 'storage/photos/shares/1210100210.jpg', NULL, 'https://ahg.omar.alyomhost.org/', NULL, NULL, '2024-06-06 10:10:01', '2024-06-06 10:10:01'),
	(26, 'storage/photos/shares/JJJU.jpg', NULL, 'https://ahg.omar.alyomhost.org/', NULL, NULL, '2024-06-06 11:51:20', '2024-06-06 11:51:20'),
	(48, 'storage/photos/shares/12345.jpg', 'main', NULL, NULL, NULL, '2024-08-12 14:01:51', '2024-08-12 14:01:51'),
	(49, 'storage/photos/shares/1.jpg', 'bugshan', NULL, NULL, NULL, '2024-08-12 14:07:48', '2024-08-12 14:07:48'),
	(50, 'storage/photos/shares/27503686_150287739101270_9041139970018360027_o.jpg', 'main', NULL, NULL, NULL, '2024-08-12 14:50:10', '2024-08-12 15:17:23'),
	(51, 'storage/photos/shares/4372937.jpg', 'bugshan', NULL, NULL, NULL, '2024-08-12 14:52:17', '2024-08-12 15:05:16'),
	(52, 'storage/photos/shares/800px-Sunflower_from_Silesia2.jpg', 'bugshan', NULL, NULL, NULL, '2024-08-12 15:31:03', '2024-08-12 15:31:36'),
	(53, 'storage/photos/shares/4.jpg', 'bugshan', NULL, NULL, NULL, '2024-08-13 08:14:14', '2024-08-13 08:14:14');

-- Dumping structure for table bugshan_db.slider_descriptions
CREATE TABLE IF NOT EXISTS `slider_descriptions` (
  `id` bigint(20) unsigned NOT NULL AUTO_INCREMENT,
  `name` varchar(400) DEFAULT NULL,
  `description` varchar(400) DEFAULT NULL,
  `slider_id` bigint(20) unsigned DEFAULT NULL,
  `language_id` bigint(20) unsigned DEFAULT NULL,
  PRIMARY KEY (`id`),
  KEY `slider_descriptions_language_id_foreign` (`language_id`),
  KEY `slider_descriptions_slider_id_language_id_index` (`slider_id`,`language_id`),
  CONSTRAINT `slider_descriptions_language_id_foreign` FOREIGN KEY (`language_id`) REFERENCES `languages` (`id`) ON DELETE CASCADE ON UPDATE CASCADE,
  CONSTRAINT `slider_descriptions_slider_id_foreign` FOREIGN KEY (`slider_id`) REFERENCES `sliders` (`id`) ON DELETE CASCADE ON UPDATE CASCADE
) ENGINE=InnoDB AUTO_INCREMENT=207 DEFAULT CHARSET=utf8 COLLATE=utf8_general_ci;

-- Dumping data for table bugshan_db.slider_descriptions: ~51 rows (approximately)
INSERT INTO `slider_descriptions` (`id`, `name`, `description`, `slider_id`, `language_id`) VALUES
	(39, NULL, NULL, 4, 1),
	(40, NULL, NULL, 4, 2),
	(43, NULL, NULL, 5, 1),
	(44, NULL, NULL, 5, 2),
	(51, NULL, NULL, 7, 1),
	(52, NULL, NULL, 7, 2),
	(61, NULL, NULL, 9, 1),
	(62, NULL, NULL, 9, 2),
	(67, 'برنامج رعاية الشباب', 'برنامج رعاية الشباب', 11, 1),
	(68, 'برنامج رعاية الشباب', 'برنامج رعاية الشباب', 11, 2),
	(75, 'mhhfgnghh', 'jhgjhgjhjhh', 13, 1),
	(76, 'm,njm', 'klkjjk', 13, 2),
	(91, 'النقليات', NULL, 12, 1),
	(92, 'Transportation', NULL, 12, 2),
	(103, 'الحبيب', NULL, 14, 1),
	(104, 'alhabib', NULL, 14, 2),
	(107, 'تست', NULL, 15, 1),
	(108, 'تست', NULL, 15, 2),
	(117, 'تعرف على المزيد', NULL, 10, 1),
	(118, 'Wil Petroleum Services Company has been established since 1990 to provide refuelling services by', NULL, 10, 2),
	(119, 'تست', NULL, 16, 1),
	(120, 'تست', NULL, 16, 2),
	(123, 'شركة ويل', NULL, 1, 1),
	(124, 'Well', NULL, 1, 2),
	(127, 'Opp', NULL, 18, 1),
	(128, 'Well', NULL, 18, 2),
	(131, 'MED', NULL, 20, 1),
	(132, 'MED', NULL, 20, 2),
	(137, 'مقاولات 1', NULL, 22, 1),
	(138, 'CON', NULL, 22, 2),
	(139, 'الاعاشة', NULL, 21, 1),
	(140, 'CAT', NULL, 21, 2),
	(141, 'الاعاشة 2', NULL, 23, 1),
	(142, 'trr', NULL, 23, 2),
	(143, 'عمال', NULL, 24, 1),
	(144, 'opp', NULL, 24, 2),
	(145, 'نقل', NULL, 25, 1),
	(146, 'car', NULL, 25, 2),
	(147, 'Lll', NULL, 19, 1),
	(148, 'Ploo', NULL, 19, 2),
	(149, 'IBb', NULL, 17, 1),
	(150, 'Well', NULL, 17, 2),
	(151, 'بنا', NULL, 26, 1),
	(152, 'CON', NULL, 26, 2),
	(183, 'تصميم المواقع', NULL, 48, 1),
	(184, 'web design', NULL, 48, 2),
	(185, NULL, NULL, 49, 1),
	(186, NULL, NULL, 49, 2),
	(199, 'تست3', NULL, 50, 1),
	(200, 'test3', NULL, 50, 2),
	(203, NULL, NULL, 52, 1),
	(204, NULL, NULL, 52, 2),
	(205, NULL, NULL, 53, 1),
	(206, NULL, NULL, 53, 2);

-- Dumping structure for table bugshan_db.teams
CREATE TABLE IF NOT EXISTS `teams` (
  `id` bigint(20) unsigned NOT NULL AUTO_INCREMENT,
  `image` varchar(255) DEFAULT NULL,
  `created_at` datetime DEFAULT NULL,
  `updated_at` datetime DEFAULT NULL,
  `deleted_at` datetime DEFAULT NULL,
  PRIMARY KEY (`id`)
) ENGINE=InnoDB AUTO_INCREMENT=8 DEFAULT CHARSET=utf8mb4 COLLATE=utf8mb4_general_ci;

-- Dumping data for table bugshan_db.teams: ~6 rows (approximately)
INSERT INTO `teams` (`id`, `image`, `created_at`, `updated_at`, `deleted_at`) VALUES
	(1, 'storage/photos/shares/pexels-jonathanborba-5563472.jpg', '2024-04-22 19:08:35', '2024-06-06 14:36:53', NULL),
	(3, 'storage/photos/shares/pexels-pixabay-258154.jpg', '2024-06-06 14:39:02', '2024-06-06 14:39:02', NULL),
	(4, 'storage/photos/shares/pexels-pixabay-258154.jpg', '2024-06-06 14:41:13', '2024-06-06 14:41:13', NULL),
	(5, 'storage/photos/shares/HR.jpg', '2024-06-06 14:43:01', '2024-06-06 14:43:01', NULL),
	(6, 'storage/photos/shares/pexels-kampus-7843990.jpg', '2024-06-06 14:45:22', '2024-06-06 14:45:22', NULL),
	(7, 'storage/photos/shares/pexels-tima-miroshnichenko-6169061.jpg', '2024-06-06 14:47:14', '2024-06-06 14:47:14', NULL);

-- Dumping structure for table bugshan_db.team_descriptions
CREATE TABLE IF NOT EXISTS `team_descriptions` (
  `id` bigint(20) unsigned NOT NULL AUTO_INCREMENT,
  `name` varchar(250) DEFAULT NULL,
  `job` varchar(250) DEFAULT NULL,
  `description` text DEFAULT NULL,
  `team_id` bigint(20) unsigned DEFAULT NULL,
  `language_id` bigint(20) unsigned DEFAULT NULL,
  PRIMARY KEY (`id`),
  KEY `team_descriptions_team_id_foreign` (`team_id`),
  KEY `team_descriptions_language_id_foreign` (`language_id`),
  CONSTRAINT `team_descriptions_language_id_foreign` FOREIGN KEY (`language_id`) REFERENCES `languages` (`id`) ON DELETE CASCADE ON UPDATE CASCADE,
  CONSTRAINT `team_descriptions_team_id_foreign` FOREIGN KEY (`team_id`) REFERENCES `teams` (`id`) ON DELETE CASCADE ON UPDATE CASCADE
) ENGINE=InnoDB AUTO_INCREMENT=25 DEFAULT CHARSET=utf8mb4 COLLATE=utf8mb4_general_ci;

-- Dumping data for table bugshan_db.team_descriptions: ~12 rows (approximately)
INSERT INTO `team_descriptions` (`id`, `name`, `job`, `description`, `team_id`, `language_id`) VALUES
	(13, 'قسم الموارد البشرية', 'قسم الموارد البشرية', 'يهتم هذا القسم بجميع الجوانب المتعلقة بالموظفين، مثل التوظيف والتدريب وتقييم الأداء', 1, 1),
	(14, 'Human Resources', 'Human Resources', 'he department within a business that is responsible for all things worker-related.', 1, 2),
	(15, 'الإدارة المالية', 'الإدارة المالية', 'الإدارة المالية هي عملية مُستمرة ومُنظمة تتضمن العديد من الإجراءات، مثل التخطيط، والتنظيم، والتوجيه، وضبط ومُراقبة استخدام المصادر المالية الحالية والمُستقبلية، وتعني تطبيق المبادئ المالية العامة على الموارد المالية المختلفة في الشركة', 3, 1),
	(16, 'Finance Department.', 'Finance Department.', 'A finance department is the part of an organization responsible for managing all financial processes and decisions', 3, 2),
	(17, 'قسم التشغيل', 'قسم التشغيل', 'فريق من المحترفين يركز على قسم التشغيل الشاملة لمجال معين من الأعمال.', 4, 1),
	(18, 'Operations Department', 'Operations Department', 'team of professionals that focuses on the overall operations of a specific area of business.', 4, 2),
	(19, 'قسم تطوير الاعمال', 'قسم تطوير الاعمال', 'تحديد الفرص وأبحاث السوق بناء العلاقات والحفاظ عليها تطوير وتنفيذ استراتيجيات النمور الاعمال', 5, 1),
	(20, 'Business Development Department', 'Business Development Department', 'Identifying Opportunities and Market Research\r\nBuilding and Maintaining Relationships\r\nDeveloping and Implementing Growth Strategies', 5, 2),
	(21, 'قسم المشتريات', 'قسم المشتريات', 'هو جزء من المنظمة الذي يدير شراء السلع والخدمات', 6, 1),
	(22, 'Procurement Department', 'Procurement Department', 'is the part of the organization that manages the purchase of goods and services', 6, 2),
	(23, 'إدارة مراقبة المخزون', 'إدارة مراقبة المخزون', 'تهدف إدارة مراقبة المخزون إلى تطبيق قواعد وإجراءات المستودعات الشركة من متابعة بطاقة مراقبة الصنف وطلبات صرف', 7, 1),
	(24, 'Inventory Control Department', 'Inventory Control Department', 'is the process of managing a company\'s inventory levels, whether that be in their own warehouse or spread over', 7, 2);

-- Dumping structure for table bugshan_db.transfers
CREATE TABLE IF NOT EXISTS `transfers` (
  `id` bigint(20) unsigned NOT NULL AUTO_INCREMENT,
  `contract_type` bigint(20) unsigned DEFAULT NULL,
  `category_id` bigint(20) unsigned DEFAULT NULL,
  `monthly_withdrawal_amount` double DEFAULT NULL,
  `distance_between` varchar(100) DEFAULT NULL,
  `supply_contract` enum('yes','no') DEFAULT NULL,
  `aramco_account` enum('yes','no','under_procedure') DEFAULT NULL,
  `commercial_register` varchar(150) DEFAULT NULL,
  `municipal_license` varchar(150) DEFAULT NULL,
  `civil_defense_license` varchar(150) DEFAULT NULL,
  `license_trade_petroleum` varchar(150) DEFAULT NULL,
  `tax_certificate` varchar(150) DEFAULT NULL,
  `owner_id` varchar(150) DEFAULT NULL,
  `address` longtext DEFAULT NULL,
  `notes` longtext DEFAULT NULL,
  `created_at` timestamp NULL DEFAULT NULL,
  `updated_at` timestamp NULL DEFAULT NULL,
  `deleted_at` timestamp NULL DEFAULT NULL,
  PRIMARY KEY (`id`),
  KEY `transfers_contract_type_foreign` (`contract_type`),
  KEY `transfers_category_id_foreign` (`category_id`),
  CONSTRAINT `transfers_category_id_foreign` FOREIGN KEY (`category_id`) REFERENCES `categories` (`id`) ON DELETE CASCADE ON UPDATE CASCADE,
  CONSTRAINT `transfers_contract_type_foreign` FOREIGN KEY (`contract_type`) REFERENCES `features` (`id`) ON DELETE CASCADE ON UPDATE CASCADE
) ENGINE=InnoDB DEFAULT CHARSET=utf8 COLLATE=utf8_general_ci;

-- Dumping data for table bugshan_db.transfers: ~0 rows (approximately)

-- Dumping structure for table bugshan_db.users
CREATE TABLE IF NOT EXISTS `users` (
  `id` bigint(20) unsigned NOT NULL AUTO_INCREMENT,
  `name` varchar(300) NOT NULL,
  `email` varchar(250) NOT NULL,
  `phone` varchar(14) DEFAULT NULL,
  `photo` varchar(300) DEFAULT NULL,
  `admin_token` varchar(100) DEFAULT NULL,
  `email_verified_at` timestamp NULL DEFAULT NULL,
  `password` varchar(100) NOT NULL,
  `role` enum('super_admin','admin','sub_admin') DEFAULT NULL,
  `isactive` enum('active','inactive') DEFAULT NULL,
  `remember_token` varchar(100) DEFAULT NULL,
  `created_at` timestamp NULL DEFAULT NULL,
  `updated_at` timestamp NULL DEFAULT NULL,
  `deleted_at` timestamp NULL DEFAULT NULL,
  PRIMARY KEY (`id`),
  UNIQUE KEY `users_email_unique` (`email`),
  UNIQUE KEY `users_phone_unique` (`phone`)
) ENGINE=InnoDB AUTO_INCREMENT=26 DEFAULT CHARSET=utf8 COLLATE=utf8_general_ci;

-- Dumping data for table bugshan_db.users: ~19 rows (approximately)
INSERT INTO `users` (`id`, `name`, `email`, `phone`, `photo`, `admin_token`, `email_verified_at`, `password`, `role`, `isactive`, `remember_token`, `created_at`, `updated_at`, `deleted_at`) VALUES
	(1, 'Super Admin', 'super@admin.com', '9665012345678', 'storage/photos/shares/photo_2023-06-11_13-01-26.jpg', 'd719168017ea9b83c676e932a5649443', '2021-04-05 07:45:40', '$2y$10$C5lXsi/JZaW3H8Rf8wWSK.tESjns8d6KXTkHy.hn9ExIQeEMVy3AO', 'super_admin', 'active', '4YT9D4D5uXjAN2XpwKtLc0kihpHIJUbCKqfwZWqbe5cGTMXnpzBkfquUmoUa', NULL, '2023-06-26 14:10:17', NULL),
	(2, 'Admin', 'admin@admin.com', '599444279', NULL, NULL, '2021-04-05 07:45:40', '$2y$10$jao6Ch1J.jbSyDjuLc0pb.lm0QpsgiSMz4M9yeTX/912qRHZrohUe', 'admin', 'active', 'uWjsUgKJUMYIZwUzE38Xv131wpJNB6ujJPMSxYKacEIGzTHYpPWSfDJJ79aQ', NULL, '2024-05-26 11:55:50', NULL),
	(5, 'anmar', 'anmar@gmail.com', '501234560', 'storage/photos/shares/10_zha_generali_tower_huftoncrow_lowres.jpg', NULL, NULL, '$2y$10$PoTkc.gJ0g8eRF5ZefjbSOX7gzvPU2rRTf7Zp.1RfMl55zHHdMHp6', 'sub_admin', 'active', NULL, '2023-07-03 12:37:02', '2024-04-25 09:35:53', '2024-04-25 09:35:53'),
	(6, 'admin', 'fawaz@gmail.com', '96650000000', 'storage/photos/shares/about-1.png', NULL, NULL, '$2y$10$90XyCjK01F23jrHAMbiH1eDm7/bDXug3KXarQVPkfHIeeUdcX3caG', 'sub_admin', 'active', NULL, '2023-07-13 14:16:33', '2024-04-25 09:35:53', '2024-04-25 09:35:53'),
	(7, 'safaa alshaarri', 'salshaarri@gmail.com', '00501630764', NULL, NULL, NULL, '$2y$10$kdJM.w.gIuqh58maYT32/.e.JNpxJmhREnfHWxDoT59mxHl74jkie', 'sub_admin', 'active', NULL, '2023-07-19 07:17:49', '2024-04-25 09:35:53', '2024-04-25 09:35:53'),
	(8, 'nader', 'nader@gmail.com', '501234507', NULL, NULL, NULL, '$2y$10$tlnakvBSznvU5VG6JDuHDOKcK8JTwooJPGOQnr5WnWnBMU1JSfAFq', 'sub_admin', 'active', NULL, '2023-08-08 07:09:04', '2024-04-25 09:35:53', '2024-04-25 09:35:53'),
	(9, 'Fahd', 'fahd@gmail.com', '501234509', NULL, NULL, NULL, '$2y$10$K2zYdeb.OnCntj5VuETAOeuPBEE1Jr5gJV4q.aP4a.cG6yIxybSr.', 'sub_admin', 'active', NULL, '2023-08-10 13:34:04', '2024-04-25 09:35:53', '2024-04-25 09:35:53'),
	(10, 'خالد', 'khalid@admin.com', '050000000', NULL, NULL, NULL, '$2y$10$sAxcg3ixaI.C7CItKHz1EOngjiaXwC/Y/aXAxSjy.6GLaGGKNgsby', 'sub_admin', 'active', NULL, '2024-04-23 13:59:47', '2024-04-25 09:35:53', '2024-04-25 09:35:53'),
	(11, 'abu ghaleb', 'abdulellah.fakeeh@alhabibco.com', '544214408', NULL, NULL, NULL, '$2y$10$wbSyyRGWcif2byyopzbQXuPzdFyk0TIEJkjI/TAKPKS8c2mnFOe3i', 'sub_admin', 'inactive', NULL, '2024-04-29 10:10:23', '2024-05-20 10:27:57', NULL),
	(12, 'abo ghaleb', 'abdulellah.fakeeh@hotmail.com', '544214488', NULL, NULL, NULL, '$2y$10$93llx1aWagza9Mk13sIX/e0SLeGM5ysZx71usm2tgT51S7ytncRnC', 'sub_admin', 'active', NULL, '2024-05-20 10:16:42', '2024-05-20 10:25:39', '2024-05-20 10:25:39'),
	(13, 'mahmoud', 'admin2@admin.com', '11111111111', NULL, NULL, NULL, '$2y$10$oTxV77X/ZHySa.O5CRZNdejfe8jkoUZ4IieWrVxecVEuIn4O.OaqK', 'admin', 'inactive', NULL, '2024-08-06 09:02:19', '2024-08-06 22:05:22', NULL),
	(14, 'ahmed', 'admin3@admin.com', '66666666666', NULL, NULL, NULL, '$2y$10$7LZsJ8.1bkEK/SReeZ0xWeoFB1hyr3bkUVc4p5od.aqS.vsYzKCQa', 'sub_admin', 'inactive', NULL, '2024-08-06 09:12:31', '2024-08-06 09:12:31', NULL),
	(15, 'احمد', 'admin4@admin.com', '77777777777', NULL, NULL, NULL, '$2y$10$Xt6llDmzpL6BOGFjEcaM4enL7IIBhLHK.f3d8IbvVCVY4o6bSSsdu', 'sub_admin', 'active', NULL, '2024-08-06 21:03:21', '2024-08-06 21:03:21', NULL),
	(16, 'يمني', 'admin5@admin.com', '55555555555', NULL, NULL, NULL, '$2y$10$l4KYt//01btajQuqanrH8eZwCwko6DgV1uDJhzpXsuYVtO1Vp6jza', 'sub_admin', 'active', NULL, '2024-08-06 21:06:31', '2024-08-06 21:06:31', NULL),
	(18, 'يمني', 'admin9@admin.com', '99999999999', NULL, NULL, NULL, '$2y$10$AHZHnN7mmPwGFmkm09AKVeDuMLcu5GlujQOkYV4scdsfY72b8SRdS', 'sub_admin', NULL, NULL, '2024-08-06 21:14:04', '2024-08-06 21:14:04', NULL),
	(19, 'يمني', 'admin10@admin.com', '10101010101', NULL, NULL, NULL, '$2y$10$m5YW6vrtWDiOhoSZda5/jO/Zvb2bqG8YvmijCd8p5WJoCJnCToIlu', 'sub_admin', NULL, NULL, '2024-08-06 21:16:27', '2024-08-06 21:16:27', NULL),
	(22, 'احمد13', 'admin16@admin.com', '98765432156', NULL, NULL, NULL, '$2y$10$mQAJEC2i2wO9k91GsdxJreJsXbqy/23KeqQhcmG2M4PSnvWHlv5Zq', 'admin', 'active', NULL, '2024-08-06 21:51:12', '2024-08-06 21:51:12', NULL),
	(23, 'احمد17', 'admin17@admin.com', '98765433356', NULL, NULL, NULL, '$2y$10$KwFufSSIIMRTqB2Rs7yPPeqShoU9VLRFSNiIjiSAdeiVYaaWXVkEu', 'sub_admin', 'active', NULL, '2024-08-06 21:56:14', '2024-08-06 22:08:13', NULL),
	(24, 'احمد18', 'admin187@admin.com', '98765435856', NULL, NULL, NULL, '$2y$10$m0n0ESJg/9Jvxc82lwoFFeLD2bMWICmOrD4TSFzMzRB2zmP40CV8u', 'admin', 'inactive', NULL, '2024-08-06 21:58:26', '2024-08-06 21:58:26', NULL);

-- Dumping structure for table bugshan_db.user_modules
CREATE TABLE IF NOT EXISTS `user_modules` (
  `id` bigint(20) unsigned NOT NULL AUTO_INCREMENT,
  `user_id` bigint(20) unsigned DEFAULT NULL,
  `module_id` bigint(20) unsigned DEFAULT NULL,
  `created_at` timestamp NULL DEFAULT NULL,
  `updated_at` timestamp NULL DEFAULT NULL,
  PRIMARY KEY (`id`),
  KEY `user_modules_module_id_foreign` (`module_id`),
  KEY `user_modules_user_id_module_id_index` (`user_id`,`module_id`),
  CONSTRAINT `user_modules_module_id_foreign` FOREIGN KEY (`module_id`) REFERENCES `modules` (`id`) ON DELETE CASCADE,
  CONSTRAINT `user_modules_user_id_foreign` FOREIGN KEY (`user_id`) REFERENCES `users` (`id`) ON DELETE CASCADE
) ENGINE=InnoDB AUTO_INCREMENT=124 DEFAULT CHARSET=utf8 COLLATE=utf8_general_ci;

-- Dumping data for table bugshan_db.user_modules: ~0 rows (approximately)

-- Dumping structure for table bugshan_db.vacancies
CREATE TABLE IF NOT EXISTS `vacancies` (
  `id` bigint(20) unsigned NOT NULL AUTO_INCREMENT,
  `category_id` bigint(20) unsigned DEFAULT NULL,
  `article_id` bigint(20) unsigned DEFAULT NULL,
  `services_ids` text DEFAULT NULL,
  `deleted_at` timestamp NULL DEFAULT NULL,
  `created_at` timestamp NULL DEFAULT NULL,
  `updated_at` timestamp NULL DEFAULT NULL,
  PRIMARY KEY (`id`),
  KEY `articles_category_id_article_id_index` (`category_id`),
  KEY `vacancies_article_id_foreign` (`article_id`),
  CONSTRAINT `vacancies_article_id_foreign` FOREIGN KEY (`article_id`) REFERENCES `articles` (`id`) ON DELETE CASCADE ON UPDATE CASCADE
) ENGINE=InnoDB AUTO_INCREMENT=13 DEFAULT CHARSET=utf8 COLLATE=utf8_general_ci;

-- Dumping data for table bugshan_db.vacancies: ~0 rows (approximately)

-- Dumping structure for table bugshan_db.vacancie_descriptions
CREATE TABLE IF NOT EXISTS `vacancie_descriptions` (
  `id` bigint(20) unsigned NOT NULL AUTO_INCREMENT,
  `title` varchar(191) DEFAULT NULL,
  `description` longtext DEFAULT NULL,
  `meta_description` text DEFAULT NULL,
  `keywords` varchar(400) DEFAULT NULL,
  `vacancie_id` bigint(20) unsigned DEFAULT NULL,
  `language_id` bigint(20) unsigned DEFAULT NULL,
  PRIMARY KEY (`id`),
  KEY `article_descriptions_language_id_foreign` (`language_id`),
  KEY `article_descriptions_article_id_language_id_index` (`vacancie_id`,`language_id`),
  CONSTRAINT `vacancies_descriptions_language_id_foreign` FOREIGN KEY (`language_id`) REFERENCES `languages` (`id`) ON DELETE CASCADE ON UPDATE CASCADE,
  CONSTRAINT `vacancies_descriptions_vacancies_id_foreign` FOREIGN KEY (`vacancie_id`) REFERENCES `vacancies` (`id`) ON DELETE CASCADE ON UPDATE CASCADE
) ENGINE=InnoDB AUTO_INCREMENT=53 DEFAULT CHARSET=utf8 COLLATE=utf8_general_ci;

-- Dumping data for table bugshan_db.vacancie_descriptions: ~0 rows (approximately)

-- Dumping structure for table bugshan_db.vacancie_photos
CREATE TABLE IF NOT EXISTS `vacancie_photos` (
  `id` bigint(20) unsigned NOT NULL AUTO_INCREMENT,
  `image` varchar(250) DEFAULT NULL,
  `vacancie_id` bigint(20) unsigned DEFAULT NULL,
  PRIMARY KEY (`id`),
  KEY `article_photos_article_id_index` (`vacancie_id`),
  CONSTRAINT `vacancie_photos_vacancie_id_foreign` FOREIGN KEY (`vacancie_id`) REFERENCES `vacancies` (`id`) ON DELETE CASCADE ON UPDATE CASCADE
) ENGINE=InnoDB AUTO_INCREMENT=90 DEFAULT CHARSET=utf8 COLLATE=utf8_general_ci;

-- Dumping data for table bugshan_db.vacancie_photos: ~0 rows (approximately)

-- Dumping structure for table bugshan_db.vacancie_requests
CREATE TABLE IF NOT EXISTS `vacancie_requests` (
  `id` int(10) unsigned NOT NULL AUTO_INCREMENT,
  `vacancie_id` bigint(20) unsigned DEFAULT NULL,
  `trade_name` varchar(200) DEFAULT NULL,
  `stores_numbers` double DEFAULT NULL,
  `facility_type` enum('company','institution','individual') DEFAULT NULL,
  `commercial_register` varchar(150) DEFAULT NULL,
  `tax_certificate` varchar(150) DEFAULT NULL,
  `owner_id` varchar(150) DEFAULT NULL,
  `profile` varchar(150) DEFAULT NULL,
  `email` varchar(150) DEFAULT NULL,
  `phone` varchar(150) DEFAULT NULL,
  `created_at` timestamp NULL DEFAULT NULL,
  `updated_at` timestamp NULL DEFAULT NULL,
  `deleted_at` timestamp NULL DEFAULT NULL,
  PRIMARY KEY (`id`),
  KEY `vacancies_vacancie_id_foreign` (`vacancie_id`)
) ENGINE=InnoDB AUTO_INCREMENT=26 DEFAULT CHARSET=utf8 COLLATE=utf8_general_ci;

-- Dumping data for table bugshan_db.vacancie_requests: ~24 rows (approximately)
INSERT INTO `vacancie_requests` (`id`, `vacancie_id`, `trade_name`, `stores_numbers`, `facility_type`, `commercial_register`, `tax_certificate`, `owner_id`, `profile`, `email`, `phone`, `created_at`, `updated_at`, `deleted_at`) VALUES
	(2, 1, 'الاسم التجاري للمنشأة', 12, 'institution', '/storage/files/1687769118.pdf', '/storage/files/1687769118.pdf', '/storage/files/1687769118.pdf', '/storage/files/1687769118.pdf', 'test@gmail.com', '0512345678', '2023-06-26 08:45:18', '2023-06-26 08:45:18', NULL),
	(3, 3, 'شاغر', 20, 'company', '/storage/files/1688469661.png', '/storage/files/1688469661.pdf', '/storage/files/1688469661.png', '/storage/files/1688469661.png', 'nader@gmail.com', '966501234569', '2023-07-04 11:21:01', '2023-07-04 11:21:01', NULL),
	(4, 7, 'العدنان', 10, 'individual', '/storage/files/1688471226.png', '/storage/files/1688471226.png', '/storage/files/1688471226.png', '/storage/files/1688471226.jpg', 'fahd@gmail.com', '966500000022', '2023-07-04 11:47:06', '2023-07-04 11:47:06', NULL),
	(5, 5, 'الحاج', 120, 'institution', '/storage/files/1688474965.png', '/storage/files/1688474965.png', '/storage/files/1688474965.png', '/storage/files/1688474965.png', 'ahmedaliradwan2017@gmail.com', '966581524713', '2023-07-04 12:49:25', '2023-07-04 12:49:25', NULL),
	(6, 5, 'الحاج', 120, 'institution', '/storage/files/1688474967.png', '/storage/files/1688474967.png', '/storage/files/1688474967.png', '/storage/files/1688474967.png', 'ahmedaliradwan2017@gmail.com', '966581524713', '2023-07-04 12:49:27', '2023-07-04 12:49:27', NULL),
	(7, 5, 'الحاج', 120, 'institution', '/storage/files/1688474967.png', '/storage/files/1688474967.png', '/storage/files/1688474967.png', '/storage/files/1688474967.png', 'ahmedaliradwan2017@gmail.com', '966581524713', '2023-07-04 12:49:27', '2023-07-04 12:49:27', NULL),
	(8, 5, 'الحاج', 120, 'institution', '/storage/files/1688474967.png', '/storage/files/1688474967.png', '/storage/files/1688474967.png', '/storage/files/1688474967.png', 'ahmedaliradwan2017@gmail.com', '966581524713', '2023-07-04 12:49:27', '2023-07-04 12:49:27', NULL),
	(9, 5, 'الحاج', 120, 'institution', '/storage/files/1688474968.png', '/storage/files/1688474968.png', '/storage/files/1688474968.png', '/storage/files/1688474968.png', 'ahmedaliradwan2017@gmail.com', '966581524713', '2023-07-04 12:49:28', '2023-07-04 12:49:28', NULL),
	(10, 5, 'الحاج', 120, 'institution', '/storage/files/1688474968.png', '/storage/files/1688474968.png', '/storage/files/1688474968.png', '/storage/files/1688474968.png', 'ahmedaliradwan2017@gmail.com', '966581524713', '2023-07-04 12:49:28', '2023-07-04 12:49:28', NULL),
	(11, 5, 'الحاج', 120, 'institution', '/storage/files/1688474968.png', '/storage/files/1688474968.png', '/storage/files/1688474968.png', '/storage/files/1688474968.png', 'ahmedaliradwan2017@gmail.com', '966581524713', '2023-07-04 12:49:28', '2023-07-04 12:49:28', NULL),
	(12, 5, 'الحاج', 120, 'institution', '/storage/files/1688474968.png', '/storage/files/1688474968.png', '/storage/files/1688474968.png', '/storage/files/1688474968.png', 'ahmedaliradwan2017@gmail.com', '966581524713', '2023-07-04 12:49:28', '2023-07-04 12:49:28', NULL),
	(13, 5, 'الحاج', 120, 'institution', '/storage/files/1688474968.png', '/storage/files/1688474968.png', '/storage/files/1688474968.png', '/storage/files/1688474968.png', 'ahmedaliradwan2017@gmail.com', '966581524713', '2023-07-04 12:49:28', '2023-07-04 12:49:28', NULL),
	(14, 2, 'Nad', 538, 'institution', '/storage/files/1688479817.png', '/storage/files/1688479817.png', '/storage/files/1688479817.png', '/storage/files/1688479817.png', 'nadec@gmail.com', '966501234567', '2023-07-04 14:10:17', '2023-07-04 14:10:17', NULL),
	(15, 8, 'Nawaf', 80, 'individual', '/storage/files/1688480288.pdf', '/storage/files/1688480288.pdf', '/storage/files/1688480288.pdf', '/storage/files/1688480288.pdf', 'nawaf@gmail.com', '966501234566', '2023-07-04 14:18:08', '2023-07-04 14:18:08', NULL),
	(16, 11, 'المنحدة', 40, 'company', '/storage/files/1689259183.png', '/storage/files/1689259183.pdf', '/storage/files/1689259183.pdf', '/storage/files/1689259184.jpg', 'motahad@gmail.com', '966501234544', '2023-07-13 14:39:43', '2023-07-13 14:39:44', NULL),
	(17, 11, 'dggdsgdsf', 20, 'company', '/storage/files/1690201290.jpg', '/storage/files/1690201290.jpg', '/storage/files/1690201290.jpg', '/storage/files/1690201290.jpg', 'ahmedaliradwan2017@gmail.com', '966501234569', '2023-07-24 12:21:30', '2023-07-24 12:21:30', NULL),
	(18, 11, 'test', 44, 'company', '/storage/files/220601690371371.about_1.png', '/storage/files/555571690371371.about_2.png', '/storage/files/947821690371371.about_3.png', '/storage/files/913581690371371.Test Jpg.jpg', 'test1@admin.com', '0521221852', '2023-07-26 11:36:11', '2023-07-26 11:36:11', NULL),
	(19, 11, 'استفسار بخصوص الشحنات', 140, 'company', '/storage/files/480551690728945.Saudi-arabia-oil.jpg', '/storage/files/157861690728945.siri-cnet-tylerlizenby.jpg', '/storage/files/521901690728945.كيف-اكلم-سيري.jpg', '/storage/files/829101690728945.why-is-it-information-technology-great-career-choice.jpg', 'ahmedaliradwan2017@gmail.com', '966501234502', '2023-07-30 14:55:45', '2023-07-30 14:55:45', NULL),
	(20, 2, 'GSFS', 120, 'institution', '/storage/files/237011690731443.Saudi-arabia-oil.jpg', '/storage/files/615221690731443.كيف-اكلم-سيري.jpg', '/storage/files/427571690731443.oa2SYdY4mXFYv1kzORc9U8pS46QPuzVfdKls6gWk.pdf', '/storage/files/825051690731443.siri-cnet-tylerlizenby.jpg', 'NE@GMAIL.COM', '966501234501', '2023-07-30 15:37:23', '2023-07-30 15:37:23', NULL),
	(21, 2, 'لتلاتلا', 2, 'institution', '/storage/files/328281690966166.IMG-20230228-WA0035-fotor-20230730113620-fotor-20230730114522.jpg', '/storage/files/318641690966167.IMG-20230228-WA0035-fotor-20230730113620-fotor-20230730114522.jpg', '/storage/files/701931690966169.IMG-20230228-WA0035-fotor-20230730113620-fotor-20230730114522.jpg', '/storage/files/742741690966170.IMG-20230228-WA0035-fotor-20230730113620-fotor-20230730114522.jpg', 'salshaarri@gmail.com', '0501630764', '2023-08-02 08:49:26', '2023-08-02 08:49:31', NULL),
	(22, 12, 'gfdg', 423, 'company', '/storage/files/219111691914188.Icon awesome-eye.png', '/storage/files/349201691914188.Icon awesome-briefcase.png', '/storage/files/116541691914188.Icon metro-target.png', '/storage/files/487091691914188.Icon awesome-eye.png', 'ttt@admin.com', '508754862', '2023-08-13 08:09:48', '2023-08-13 08:09:48', NULL),
	(23, 12, 'فوازكو', 40, 'institution', '/storage/files/462511691916280.1.1528289486.0503.jpg', '/storage/files/358971691916280.photo_2023-07-04_13-39-42.jpg', '/storage/files/728041691916280.2560px-Apple_Pay_logo.svg.png', '/storage/files/441501691916280.Picture1.jpg', 'ahmedaliradwan2017@gmail.com', '966501234508', '2023-08-13 08:44:40', '2023-08-13 08:44:40', NULL),
	(24, 12, 'صفاء شركة', 1, 'company', '/storage/files/851391691933489.IMG-20230811-WA0026-fotor-20230811104938.jpg', '/storage/files/108921691933489.IMG-20230811-WA0026-fotor-20230811104938.jpg', '/storage/files/596241691933489.IMG-20230811-WA0026-fotor-20230811104938.jpg', '/storage/files/367611691933489.IMG-20230811-WA0026-fotor-20230811104938.jpg', 'salshaarri@gmail.com', '0501630764', '2023-08-13 13:31:29', '2023-08-13 13:31:29', NULL),
	(25, 12, 'الفؤاد', 20, 'company', '/storage/files/616231692010429.1.1528289486.0503.jpg', '/storage/files/622711692010429.photo_2023-07-04_13-39-42.jpg', '/storage/files/723901692010429.photo_2023-05-29_16-26-49.jpg', '/storage/files/636641692010429.Picture1.jpg', 'alir@gmail.com', '966501234509', '2023-08-14 10:53:49', '2023-08-14 10:53:49', NULL);

-- Dumping structure for table bugshan_db.videos
CREATE TABLE IF NOT EXISTS `videos` (
  `id` bigint(20) unsigned NOT NULL AUTO_INCREMENT,
  `video` varchar(300) DEFAULT NULL,
  `image` varchar(200) DEFAULT NULL,
  `type` enum('1','2') DEFAULT NULL COMMENT '1-> Youtube video file, 2-> localfile',
  `video_category_id` bigint(20) unsigned DEFAULT NULL,
  `created_at` timestamp NULL DEFAULT NULL,
  `updated_at` timestamp NULL DEFAULT NULL,
  `deleted_at` timestamp NULL DEFAULT NULL,
  PRIMARY KEY (`id`),
  KEY `videos_video_category_id_foreign` (`video_category_id`),
  CONSTRAINT `videos_video_category_id_foreign` FOREIGN KEY (`video_category_id`) REFERENCES `video_categories` (`id`) ON DELETE CASCADE
) ENGINE=InnoDB AUTO_INCREMENT=19 DEFAULT CHARSET=utf8 COLLATE=utf8_general_ci;

-- Dumping data for table bugshan_db.videos: ~0 rows (approximately)

-- Dumping structure for table bugshan_db.video_categories
CREATE TABLE IF NOT EXISTS `video_categories` (
  `id` bigint(20) unsigned NOT NULL AUTO_INCREMENT,
  `image` varchar(200) DEFAULT NULL,
  `created_at` timestamp NULL DEFAULT NULL,
  `updated_at` timestamp NULL DEFAULT NULL,
  `deleted_at` timestamp NULL DEFAULT NULL,
  PRIMARY KEY (`id`)
) ENGINE=InnoDB AUTO_INCREMENT=4 DEFAULT CHARSET=utf8 COLLATE=utf8_general_ci;

-- Dumping data for table bugshan_db.video_categories: ~2 rows (approximately)
INSERT INTO `video_categories` (`id`, `image`, `created_at`, `updated_at`, `deleted_at`) VALUES
	(2, '1', NULL, NULL, NULL),
	(3, '2', NULL, NULL, NULL);

-- Dumping structure for table bugshan_db.video_category_descriptions
CREATE TABLE IF NOT EXISTS `video_category_descriptions` (
  `id` bigint(20) unsigned NOT NULL AUTO_INCREMENT,
  `name` varchar(100) NOT NULL,
  `slug` varchar(100) NOT NULL,
  `keywords` varchar(400) NOT NULL,
  `meta_description` text NOT NULL,
  `video_category_id` bigint(20) unsigned DEFAULT NULL,
  `language_id` bigint(20) unsigned DEFAULT NULL,
  PRIMARY KEY (`id`),
  KEY `video_category_descriptions_language_id_foreign` (`language_id`),
  KEY `video_category_descriptions_video_category_id_language_id_index` (`video_category_id`,`language_id`),
  CONSTRAINT `video_category_descriptions_language_id_foreign` FOREIGN KEY (`language_id`) REFERENCES `languages` (`id`) ON DELETE CASCADE,
  CONSTRAINT `video_category_descriptions_video_category_id_foreign` FOREIGN KEY (`video_category_id`) REFERENCES `video_categories` (`id`) ON DELETE CASCADE
) ENGINE=InnoDB AUTO_INCREMENT=3 DEFAULT CHARSET=utf8 COLLATE=utf8_general_ci;

-- Dumping data for table bugshan_db.video_category_descriptions: ~0 rows (approximately)

-- Dumping structure for table bugshan_db.video_descriptions
CREATE TABLE IF NOT EXISTS `video_descriptions` (
  `id` bigint(20) unsigned NOT NULL AUTO_INCREMENT,
  `title` varchar(200) NOT NULL,
  `video_id` bigint(20) unsigned NOT NULL,
  `language_id` bigint(20) unsigned NOT NULL,
  PRIMARY KEY (`id`),
  KEY `video_descriptions_language_id_foreign` (`language_id`),
  KEY `video_descriptions_video_id_language_id_index` (`video_id`,`language_id`),
  CONSTRAINT `video_descriptions_language_id_foreign` FOREIGN KEY (`language_id`) REFERENCES `languages` (`id`) ON DELETE CASCADE,
  CONSTRAINT `video_descriptions_video_id_foreign` FOREIGN KEY (`video_id`) REFERENCES `videos` (`id`) ON DELETE CASCADE
) ENGINE=InnoDB AUTO_INCREMENT=223 DEFAULT CHARSET=utf8 COLLATE=utf8_general_ci;

-- Dumping data for table bugshan_db.video_descriptions: ~0 rows (approximately)

-- Dumping structure for table bugshan_db.visitor_jobs
CREATE TABLE IF NOT EXISTS `visitor_jobs` (
  `id` bigint(20) unsigned NOT NULL AUTO_INCREMENT,
  `name` varchar(190) DEFAULT NULL,
  `email` varchar(190) DEFAULT NULL,
  `phone` varchar(15) DEFAULT NULL,
  `cv` varchar(200) DEFAULT NULL,
  `notes` longtext DEFAULT NULL,
  `created_at` timestamp NULL DEFAULT NULL,
  `updated_at` timestamp NULL DEFAULT NULL,
  `deleted_at` timestamp NULL DEFAULT NULL,
  PRIMARY KEY (`id`)
) ENGINE=InnoDB AUTO_INCREMENT=32 DEFAULT CHARSET=utf8 COLLATE=utf8_general_ci;

-- Dumping data for table bugshan_db.visitor_jobs: ~31 rows (approximately)
INSERT INTO `visitor_jobs` (`id`, `name`, `email`, `phone`, `cv`, `notes`, `created_at`, `updated_at`, `deleted_at`) VALUES
	(1, 'test', 'testtest@gmail.com', '512345678', '/storage/files/1713806820.pdf', 'test', '2024-04-22 17:27:00', '2024-04-29 11:25:45', '2024-04-29 11:25:45'),
	(2, 'خالد', 'khalidbehis@gmail.com', '0531245689', '/storage/files/1713950752.pdf', 'تست تست', '2024-04-24 09:25:52', '2024-04-24 09:25:54', NULL),
	(3, 'خالد', 'khalidbehis@gmail.com', '0531245689', '/storage/files/1713950771.pdf', 'تست تست', '2024-04-24 09:26:11', '2024-04-24 09:26:13', NULL),
	(4, 'خالد', 'khalidbehis@gmail.com', '0531245689', '/storage/files/1713950783.pdf', 'تست تست', '2024-04-24 09:26:23', '2024-04-24 09:26:25', NULL),
	(5, 'خالد', 'khalidbehis@gmail.com', '0531245689', '/storage/files/1713950795.pdf', 'تست تست', '2024-04-24 09:26:35', '2024-04-24 09:26:37', NULL),
	(6, 'خالد', 'khalidbehis@gmail.com', '0531245689', '/storage/files/1713950797.pdf', 'تست تست', '2024-04-24 09:26:37', '2024-04-24 09:26:39', NULL),
	(7, 'خالد', 'khalidbehis@gmail.com', '0531245689', '/storage/files/1713950797.pdf', 'تست تست', '2024-04-24 09:26:37', '2024-04-24 09:26:41', NULL),
	(8, 'خالد', 'khalidbehis@gmail.com', '0531245689', '/storage/files/1713950802.pdf', 'تست تست', '2024-04-24 09:26:42', '2024-04-24 09:26:44', NULL),
	(9, 'خالد', 'khalidbehis@gmail.com', '0531245689', '/storage/files/1713950802.pdf', 'تست تست', '2024-04-24 09:26:42', '2024-04-24 09:26:46', NULL),
	(10, 'خالد', 'khalidbehis@gmail.com', '0531245689', '/storage/files/1713950815.pdf', 'تست تست', '2024-04-24 09:26:55', '2024-04-29 11:25:54', '2024-04-29 11:25:54'),
	(11, 'خالد', 'khalidbehis@gmail.com', '0531245689', '/storage/files/1713950822.pdf', 'تست تست', '2024-04-24 09:27:02', '2024-04-29 11:25:54', '2024-04-29 11:25:54'),
	(12, 'خالد', 'khalidbehis@gmail.com', '0531245689', '/storage/files/1713950822.pdf', 'تست تست', '2024-04-24 09:27:02', '2024-04-29 11:25:54', '2024-04-29 11:25:54'),
	(13, 'خالد', 'khalidbehis@gmail.com', '0531245689', '/storage/files/1713950822.pdf', 'تست تست', '2024-04-24 09:27:02', '2024-04-29 11:25:54', '2024-04-29 11:25:54'),
	(14, 'خالد', 'khalidbehis@gmail.com', '0531245689', '/storage/files/1713950822.pdf', 'تست تست', '2024-04-24 09:27:02', '2024-04-29 11:25:54', '2024-04-29 11:25:54'),
	(15, 'خالد بحيص', 'khalidbehis@gmail.com', '0531245689', '/storage/files/1713952951.pdf', 'تست', '2024-04-24 10:02:31', '2024-04-29 11:25:54', '2024-04-29 11:25:54'),
	(16, 'خالد بحيص', 'khalidbehis@gmail.com', '0531245689', '/storage/files/1713952959.pdf', 'تست', '2024-04-24 10:02:39', '2024-04-29 11:25:54', '2024-04-29 11:25:54'),
	(17, 'خالد بحيص', 'khalidbehis@gmail.com', '0531245689', '/storage/files/1713952961.pdf', 'تست', '2024-04-24 10:02:41', '2024-04-29 11:25:54', '2024-04-29 11:25:54'),
	(18, 'خالد بحيص', 'khalidbehis@gmail.com', '0531245689', '/storage/files/1713952963.pdf', 'تست', '2024-04-24 10:02:43', '2024-04-29 11:25:49', '2024-04-29 11:25:49'),
	(19, 'خالد بحيص', 'khalidbehis@gmail.com', '0531245689', '/storage/files/1713952963.pdf', 'تست', '2024-04-24 10:02:43', '2024-04-29 11:25:54', '2024-04-29 11:25:54'),
	(20, 'خالد بحيص', 'khalidbehis@gmail.com', '0531245689', '/storage/files/1713952963.pdf', 'تست', '2024-04-24 10:02:43', '2024-04-29 11:25:54', '2024-04-29 11:25:54'),
	(21, 'خالد بحيص', 'khalidbehis@gmail.com', '0531245689', '/storage/files/1713952974.pdf', 'تست', '2024-04-24 10:02:54', '2024-04-29 11:25:49', '2024-04-29 11:25:49'),
	(22, 'خالد بحيص', 'khalidbehis@gmail.com', '0531245689', '/storage/files/1713952974.pdf', 'تست', '2024-04-24 10:02:54', '2024-04-29 11:25:49', '2024-04-29 11:25:49'),
	(23, 'خالد بحيص', 'khalidbehis@gmail.com', '0531245689', '/storage/files/1713952978.pdf', 'تست', '2024-04-24 10:02:58', '2024-04-29 11:25:49', '2024-04-29 11:25:49'),
	(24, 'خالد بحيص', 'khalidbehis@gmail.com', '0531245689', '/storage/files/1713952978.pdf', 'تست', '2024-04-24 10:02:58', '2024-04-29 11:25:49', '2024-04-29 11:25:49'),
	(25, 'خالد بحيص', 'khalidbehis@gmail.com', '0531245689', '/storage/files/1713952978.pdf', 'تست', '2024-04-24 10:02:58', '2024-04-29 11:25:49', '2024-04-29 11:25:49'),
	(26, 'خالد بحيص', 'khalidbehis@gmail.com', '0531245689', '/storage/files/1713952978.pdf', 'تست', '2024-04-24 10:02:58', '2024-04-29 11:25:49', '2024-04-29 11:25:49'),
	(27, 'خالد بحيص', 'khalidbehis@gmail.com', '0531245689', '/storage/files/1713952986.pdf', 'تست', '2024-04-24 10:03:06', '2024-04-29 11:25:49', '2024-04-29 11:25:49'),
	(28, 'خالد بحيص', 'khalidbehis@gmail.com', '0531245689', '/storage/files/1713969762.pdf', 'نتالبيسئ', '2024-04-24 14:42:42', '2024-04-29 11:25:49', '2024-04-29 11:25:49'),
	(29, 'خالد بحيص', 'khalidbehis@gmail.com', '0531245689', '/storage/files/1714389930.pdf', 'يشؤؤشؤ', '2024-04-29 11:25:30', '2024-04-29 11:25:49', '2024-04-29 11:25:49'),
	(30, 'خالد', 'khalidbehis@gmail.com', '0531249726', '/storage/files/1714390002.pdf', 'ءرءءءءءءءء', '2024-04-29 11:26:42', '2024-04-29 11:26:42', NULL),
	(31, 'خالد بحيص', 'khalidbehis@gmail.com', '0531245689', '/storage/files/1714390028.pdf', 'ئؤءءؤء', '2024-04-29 11:27:08', '2024-04-29 11:27:08', NULL);

-- Dumping structure for table bugshan_db.visitor_messages
CREATE TABLE IF NOT EXISTS `visitor_messages` (
  `id` bigint(20) unsigned NOT NULL AUTO_INCREMENT,
  `name` varchar(191) NOT NULL,
  `email` varchar(191) NOT NULL,
  `phone` varchar(15) DEFAULT NULL,
  `subject` varchar(191) NOT NULL,
  `message` longtext NOT NULL,
  `read` tinyint(1) NOT NULL DEFAULT 0,
  `reply` tinyint(1) NOT NULL DEFAULT 0,
  `deleted_at` timestamp NULL DEFAULT NULL,
  `created_at` timestamp NULL DEFAULT NULL,
  `updated_at` timestamp NULL DEFAULT NULL,
  PRIMARY KEY (`id`),
  KEY `visitor_messages_id_index` (`id`)
) ENGINE=InnoDB AUTO_INCREMENT=4 DEFAULT CHARSET=utf8 COLLATE=utf8_general_ci;

-- Dumping data for table bugshan_db.visitor_messages: ~3 rows (approximately)
INSERT INTO `visitor_messages` (`id`, `name`, `email`, `phone`, `subject`, `message`, `read`, `reply`, `deleted_at`, `created_at`, `updated_at`) VALUES
	(1, 'test', 'testtest@gmail.com', '512345678', 'test', 'test', 0, 0, '2024-04-29 11:12:47', '2024-04-22 17:26:38', '2024-04-29 11:12:47'),
	(2, 'خالد بحيص', 'khalidbehis@gmail.com', '0531245689', 'رمضان كريم', 'رمضان كريم رمضان كريم رمضان كريم رمضان كريم رمضان كريم رمضان كريم رمضان كريم رمضان كريم', 1, 0, NULL, '2024-04-23 13:31:38', '2024-04-23 13:31:47'),
	(3, 'خالد بحيص', 'khalidbehis@gmail.com', '0531245689', 'عيد مبارك', 'عيد مبارك على الجميع', 1, 0, NULL, '2024-04-24 12:42:54', '2024-04-24 12:43:07');

-- Dumping structure for table bugshan_db.visitor_message_replies
CREATE TABLE IF NOT EXISTS `visitor_message_replies` (
  `id` bigint(20) unsigned NOT NULL AUTO_INCREMENT,
  `reply` text DEFAULT NULL,
  `visitor_email` varchar(191) DEFAULT NULL,
  `user_id` bigint(20) unsigned DEFAULT NULL,
  `visitor_message_id` bigint(20) unsigned DEFAULT NULL,
  `created_at` timestamp NULL DEFAULT NULL,
  `updated_at` timestamp NULL DEFAULT NULL,
  PRIMARY KEY (`id`),
  KEY `visitor_message_replies_user_id_visitor_message_id_index` (`user_id`,`visitor_message_id`)
) ENGINE=MyISAM DEFAULT CHARSET=utf8 COLLATE=utf8_general_ci;

-- Dumping data for table bugshan_db.visitor_message_replies: 0 rows

-- Dumping structure for table bugshan_db.website_categories
CREATE TABLE IF NOT EXISTS `website_categories` (
  `id` bigint(20) unsigned NOT NULL AUTO_INCREMENT,
  `deleted_at` timestamp NULL DEFAULT NULL,
  `created_at` timestamp NULL DEFAULT NULL,
  `updated_at` timestamp NULL DEFAULT NULL,
  PRIMARY KEY (`id`)
) ENGINE=InnoDB DEFAULT CHARSET=utf8 COLLATE=utf8_general_ci;

-- Dumping data for table bugshan_db.website_categories: ~0 rows (approximately)

-- Dumping structure for table bugshan_db.website_category_descriptions
CREATE TABLE IF NOT EXISTS `website_category_descriptions` (
  `id` bigint(20) unsigned NOT NULL AUTO_INCREMENT,
  `name` varchar(200) NOT NULL,
  `slug` varchar(200) NOT NULL,
  `website_category_id` bigint(20) unsigned DEFAULT NULL,
  `language_id` bigint(20) unsigned DEFAULT NULL,
  PRIMARY KEY (`id`),
  KEY `website_category_descriptions_language_id_foreign` (`language_id`),
  KEY `language_id_index` (`website_category_id`,`language_id`),
  CONSTRAINT `website_category_descriptions_language_id_foreign` FOREIGN KEY (`language_id`) REFERENCES `languages` (`id`) ON DELETE CASCADE ON UPDATE CASCADE,
  CONSTRAINT `website_category_descriptions_website_category_id_foreign` FOREIGN KEY (`website_category_id`) REFERENCES `website_categories` (`id`) ON DELETE CASCADE ON UPDATE CASCADE
) ENGINE=InnoDB DEFAULT CHARSET=utf8 COLLATE=utf8_general_ci;

-- Dumping data for table bugshan_db.website_category_descriptions: ~0 rows (approximately)

-- Dumping structure for table bugshan_db.website_disabled
CREATE TABLE IF NOT EXISTS `website_disabled` (
  `id` int(11) NOT NULL AUTO_INCREMENT,
  `link` text CHARACTER SET utf8 COLLATE utf8_general_ci DEFAULT NULL,
  PRIMARY KEY (`id`)
) ENGINE=InnoDB DEFAULT CHARSET=latin1 COLLATE=latin1_swedish_ci;

-- Dumping data for table bugshan_db.website_disabled: ~0 rows (approximately)

-- Dumping structure for table bugshan_db.website_photos
CREATE TABLE IF NOT EXISTS `website_photos` (
  `id` bigint(20) unsigned NOT NULL AUTO_INCREMENT,
  `url` varchar(250) NOT NULL,
  `image` varchar(200) NOT NULL,
  `website_category_id` bigint(20) unsigned DEFAULT NULL,
  PRIMARY KEY (`id`),
  KEY `website_photos_website_category_id_foreign` (`website_category_id`),
  CONSTRAINT `website_photos_website_category_id_foreign` FOREIGN KEY (`website_category_id`) REFERENCES `website_categories` (`id`) ON DELETE CASCADE ON UPDATE CASCADE
) ENGINE=InnoDB DEFAULT CHARSET=utf8 COLLATE=utf8_general_ci;

-- Dumping data for table bugshan_db.website_photos: ~0 rows (approximately)

-- Dumping structure for table bugshan_db.website_photo_descriptions
CREATE TABLE IF NOT EXISTS `website_photo_descriptions` (
  `id` bigint(20) unsigned NOT NULL AUTO_INCREMENT,
  `title` varchar(200) DEFAULT NULL,
  `website_photo_id` bigint(20) unsigned DEFAULT NULL,
  `language_id` bigint(20) unsigned DEFAULT NULL,
  PRIMARY KEY (`id`),
  KEY `website_photo_descriptions_language_id_foreign` (`language_id`),
  KEY `website_photo_descriptions_website_photo_id_language_id_index` (`website_photo_id`,`language_id`),
  CONSTRAINT `website_photo_descriptions_language_id_foreign` FOREIGN KEY (`language_id`) REFERENCES `languages` (`id`) ON DELETE CASCADE,
  CONSTRAINT `website_photo_descriptions_website_photo_id_foreign` FOREIGN KEY (`website_photo_id`) REFERENCES `website_photos` (`id`) ON DELETE CASCADE
) ENGINE=InnoDB DEFAULT CHARSET=utf8 COLLATE=utf8_general_ci;

-- Dumping data for table bugshan_db.website_photo_descriptions: ~0 rows (approximately)

-- Dumping structure for table bugshan_db.website_visitors
CREATE TABLE IF NOT EXISTS `website_visitors` (
  `id` bigint(20) unsigned NOT NULL AUTO_INCREMENT,
  `ip` varchar(45) DEFAULT NULL,
  `created_at` timestamp NULL DEFAULT NULL,
  `updated_at` timestamp NULL DEFAULT NULL,
  PRIMARY KEY (`id`)
) ENGINE=MyISAM AUTO_INCREMENT=1359 DEFAULT CHARSET=utf8 COLLATE=utf8_general_ci;

-- Dumping data for table bugshan_db.website_visitors: 1,358 rows
INSERT INTO `website_visitors` (`id`, `ip`, `created_at`, `updated_at`) VALUES
	(1, '::1', '2024-04-21 10:43:38', '2024-04-21 10:43:38'),
	(2, '::1', '2024-04-22 11:25:26', '2024-04-22 11:25:26'),
	(3, '::1', '2024-04-22 11:47:00', '2024-04-22 11:47:00'),
	(4, '105.32.35.34', '2024-04-22 17:24:41', '2024-04-22 17:24:41'),
	(5, '149.154.161.251', '2024-04-22 17:25:23', '2024-04-22 17:25:23'),
	(6, '157.90.7.190', '2024-04-22 17:25:51', '2024-04-22 17:25:51'),
	(7, '129.213.88.75', '2024-04-22 17:25:52', '2024-04-22 17:25:52'),
	(8, '80.255.7.122', '2024-04-22 17:25:56', '2024-04-22 17:25:56'),
	(9, '34.132.249.80', '2024-04-22 17:26:15', '2024-04-22 17:26:15'),
	(10, '146.70.128.218', '2024-04-22 17:26:42', '2024-04-22 17:26:42'),
	(11, '34.29.22.203', '2024-04-22 17:26:50', '2024-04-22 17:26:50'),
	(12, '5.78.42.5', '2024-04-22 17:27:05', '2024-04-22 17:27:05'),
	(13, '5.78.42.5', '2024-04-22 17:27:06', '2024-04-22 17:27:06'),
	(14, '89.248.171.23', '2024-04-22 17:28:16', '2024-04-22 17:28:16'),
	(15, '212.143.94.254', '2024-04-22 17:28:27', '2024-04-22 17:28:27'),
	(16, '212.143.94.254', '2024-04-22 17:28:28', '2024-04-22 17:28:28'),
	(17, '31.6.10.180', '2024-04-22 17:28:30', '2024-04-22 17:28:30'),
	(18, '54.245.46.237', '2024-04-22 17:28:30', '2024-04-22 17:28:30'),
	(19, '87.101.94.201', '2024-04-22 17:28:30', '2024-04-22 17:28:30'),
	(20, '128.90.61.231', '2024-04-22 17:28:30', '2024-04-22 17:28:30'),
	(21, '128.90.61.231', '2024-04-22 17:28:31', '2024-04-22 17:28:31'),
	(22, '51.178.81.195', '2024-04-22 17:28:33', '2024-04-22 17:28:33'),
	(23, '164.90.241.135', '2024-04-22 17:28:33', '2024-04-22 17:28:33'),
	(24, '191.101.157.9', '2024-04-22 17:30:02', '2024-04-22 17:30:02'),
	(25, '128.90.61.231', '2024-04-22 17:30:12', '2024-04-22 17:30:12'),
	(26, '119.12.192.183', '2024-04-22 17:30:15', '2024-04-22 17:30:15'),
	(27, '208.86.196.35', '2024-04-22 17:30:15', '2024-04-22 17:30:15'),
	(28, '168.151.240.232', '2024-04-22 17:30:15', '2024-04-22 17:30:15'),
	(29, '152.39.235.187', '2024-04-22 17:30:15', '2024-04-22 17:30:15'),
	(30, '51.178.81.195', '2024-04-22 17:31:00', '2024-04-22 17:31:00'),
	(31, '104.165.199.216', '2024-04-22 17:31:06', '2024-04-22 17:31:06'),
	(32, '64.57.140.97', '2024-04-22 17:31:15', '2024-04-22 17:31:15'),
	(33, '128.90.61.231', '2024-04-22 17:31:21', '2024-04-22 17:31:21'),
	(34, '192.175.111.249', '2024-04-22 17:32:15', '2024-04-22 17:32:15'),
	(35, '64.15.129.109', '2024-04-22 17:32:16', '2024-04-22 17:32:16'),
	(36, '192.175.111.238', '2024-04-22 17:32:18', '2024-04-22 17:32:18'),
	(37, '64.15.129.109', '2024-04-22 17:32:39', '2024-04-22 17:32:39'),
	(38, '128.90.61.231', '2024-04-22 17:32:49', '2024-04-22 17:32:49'),
	(39, '74.63.239.217', '2024-04-22 17:32:56', '2024-04-22 17:32:56'),
	(40, '176.126.245.48', '2024-04-22 17:42:22', '2024-04-22 17:42:22'),
	(41, '54.79.118.38', '2024-04-22 17:45:11', '2024-04-22 17:45:11'),
	(42, '156.197.164.66', '2024-04-22 17:46:09', '2024-04-22 17:46:09'),
	(43, '173.205.85.179', '2024-04-22 17:46:49', '2024-04-22 17:46:49'),
	(44, '106.161.65.206', '2024-04-22 17:46:50', '2024-04-22 17:46:50'),
	(45, '103.1.212.246', '2024-04-22 17:46:50', '2024-04-22 17:46:50'),
	(46, '179.61.240.147', '2024-04-22 17:46:51', '2024-04-22 17:46:51'),
	(47, '197.242.159.238', '2024-04-22 17:46:57', '2024-04-22 17:46:57'),
	(48, '103.1.212.246', '2024-04-22 17:48:25', '2024-04-22 17:48:25'),
	(49, '51.81.46.212', '2024-04-22 17:58:36', '2024-04-22 17:58:36'),
	(50, '205.169.39.128', '2024-04-22 19:07:10', '2024-04-22 19:07:10'),
	(51, '156.197.130.192', '2024-04-22 19:39:54', '2024-04-22 19:39:54'),
	(52, '191.101.210.11', '2024-04-22 19:41:07', '2024-04-22 19:41:07'),
	(53, '104.166.80.252', '2024-04-22 20:02:12', '2024-04-22 20:02:12'),
	(54, '104.166.80.175', '2024-04-22 20:03:33', '2024-04-22 20:03:33'),
	(55, '156.197.51.69', '2024-04-22 21:18:54', '2024-04-22 21:18:54'),
	(56, '84.255.185.197', '2024-04-22 21:27:27', '2024-04-22 21:27:27'),
	(57, '104.166.80.21', '2024-04-22 22:15:37', '2024-04-22 22:15:37'),
	(58, '104.166.80.21', '2024-04-22 22:15:38', '2024-04-22 22:15:38'),
	(59, '104.166.80.228', '2024-04-22 22:17:35', '2024-04-22 22:17:35'),
	(60, '104.166.80.228', '2024-04-22 22:17:36', '2024-04-22 22:17:36'),
	(61, '179.61.240.111', '2024-04-22 22:34:17', '2024-04-22 22:34:17'),
	(62, '80.255.7.100', '2024-04-22 22:48:36', '2024-04-22 22:48:36'),
	(63, '146.70.128.218', '2024-04-22 22:49:22', '2024-04-22 22:49:22'),
	(64, '188.241.80.47', '2024-04-22 22:49:40', '2024-04-22 22:49:40'),
	(65, '5.161.154.23', '2024-04-22 22:50:23', '2024-04-22 22:50:23'),
	(66, '185.195.19.200', '2024-04-22 22:50:35', '2024-04-22 22:50:35'),
	(67, '184.174.10.126', '2024-04-22 22:50:41', '2024-04-22 22:50:41'),
	(68, '212.143.94.254', '2024-04-22 22:50:52', '2024-04-22 22:50:52'),
	(69, '212.143.94.254', '2024-04-22 22:50:54', '2024-04-22 22:50:54'),
	(70, '89.248.171.23', '2024-04-22 22:52:20', '2024-04-22 22:52:20'),
	(71, '3.68.199.254', '2024-04-22 22:56:31', '2024-04-22 22:56:31'),
	(72, '172.241.26.84', '2024-04-22 22:56:31', '2024-04-22 22:56:31'),
	(73, '128.90.61.163', '2024-04-22 22:56:31', '2024-04-22 22:56:31'),
	(74, '128.90.104.132', '2024-04-22 22:56:31', '2024-04-22 22:56:31'),
	(75, '15.222.235.159', '2024-04-22 22:58:34', '2024-04-22 22:58:34'),
	(76, '69.158.246.22', '2024-04-22 22:58:40', '2024-04-22 22:58:40'),
	(77, '128.90.61.163', '2024-04-22 22:59:37', '2024-04-22 22:59:37'),
	(78, '31.6.10.185', '2024-04-22 22:59:37', '2024-04-22 22:59:37'),
	(79, '104.244.210.252', '2024-04-22 22:59:38', '2024-04-22 22:59:38'),
	(80, '165.231.253.221', '2024-04-22 22:59:41', '2024-04-22 22:59:41'),
	(81, '128.90.61.163', '2024-04-22 23:00:02', '2024-04-22 23:00:02'),
	(82, '69.158.246.22', '2024-04-22 23:01:40', '2024-04-22 23:01:40'),
	(83, '89.208.29.64', '2024-04-22 23:10:17', '2024-04-22 23:10:17'),
	(84, '54.66.55.193', '2024-04-22 23:13:09', '2024-04-22 23:13:09'),
	(85, '102.129.152.160', '2024-04-22 23:15:09', '2024-04-22 23:15:09'),
	(86, '106.161.65.206', '2024-04-22 23:15:10', '2024-04-22 23:15:10'),
	(87, '179.61.240.125', '2024-04-22 23:15:11', '2024-04-22 23:15:11'),
	(88, '116.206.228.187', '2024-04-22 23:15:16', '2024-04-22 23:15:16'),
	(89, '179.61.240.125', '2024-04-22 23:16:50', '2024-04-22 23:16:50'),
	(90, '122.173.239.128', '2024-04-22 23:25:05', '2024-04-22 23:25:05'),
	(91, '193.32.248.225', '2024-04-22 23:35:17', '2024-04-22 23:35:17'),
	(92, '34.72.179.12', '2024-04-22 23:49:13', '2024-04-22 23:49:13'),
	(93, '54.89.140.208', '2024-04-23 01:13:54', '2024-04-23 01:13:54'),
	(94, '54.89.140.208', '2024-04-23 01:13:54', '2024-04-23 01:13:54'),
	(95, '54.89.140.208', '2024-04-23 01:13:58', '2024-04-23 01:13:58'),
	(96, '54.89.140.208', '2024-04-23 01:13:58', '2024-04-23 01:13:58'),
	(97, '44.197.173.171', '2024-04-23 01:14:09', '2024-04-23 01:14:09'),
	(98, '54.210.62.246', '2024-04-23 01:14:11', '2024-04-23 01:14:11'),
	(99, '44.210.19.170', '2024-04-23 01:14:11', '2024-04-23 01:14:11'),
	(100, '3.236.70.40', '2024-04-23 01:14:17', '2024-04-23 01:14:17'),
	(101, '34.236.146.122', '2024-04-23 01:14:17', '2024-04-23 01:14:17'),
	(102, '44.222.110.41', '2024-04-23 01:14:20', '2024-04-23 01:14:20'),
	(103, '52.91.38.188', '2024-04-23 01:14:21', '2024-04-23 01:14:21'),
	(104, '44.220.58.11', '2024-04-23 01:24:11', '2024-04-23 01:24:11'),
	(105, '34.236.146.122', '2024-04-23 01:24:19', '2024-04-23 01:24:19'),
	(106, '18.207.133.240', '2024-04-23 01:24:21', '2024-04-23 01:24:21'),
	(107, '34.236.146.122', '2024-04-23 01:34:17', '2024-04-23 01:34:17'),
	(108, '44.221.50.79', '2024-04-23 01:44:17', '2024-04-23 01:44:17'),
	(109, '3.82.150.60', '2024-04-23 01:54:17', '2024-04-23 01:54:17'),
	(110, '35.172.200.41', '2024-04-23 02:05:13', '2024-04-23 02:05:13'),
	(111, '100.26.141.209', '2024-04-23 04:01:16', '2024-04-23 04:01:16'),
	(112, '34.227.115.197', '2024-04-23 04:38:55', '2024-04-23 04:38:55'),
	(113, '34.227.115.197', '2024-04-23 04:38:55', '2024-04-23 04:38:55'),
	(114, '34.227.115.197', '2024-04-23 04:38:55', '2024-04-23 04:38:55'),
	(115, '34.227.115.197', '2024-04-23 04:38:58', '2024-04-23 04:38:58'),
	(116, '44.222.132.21', '2024-04-23 04:39:05', '2024-04-23 04:39:05'),
	(117, '50.17.140.172', '2024-04-23 04:39:05', '2024-04-23 04:39:05'),
	(118, '3.235.25.95', '2024-04-23 04:39:06', '2024-04-23 04:39:06'),
	(119, '44.223.94.82', '2024-04-23 04:39:08', '2024-04-23 04:39:08'),
	(120, '104.164.173.215', '2024-04-23 04:46:41', '2024-04-23 04:46:41'),
	(121, '207.241.236.85', '2024-04-23 06:03:12', '2024-04-23 06:03:12'),
	(122, '207.241.236.85', '2024-04-23 06:03:59', '2024-04-23 06:03:59'),
	(123, '52.205.253.171', '2024-04-23 06:09:18', '2024-04-23 06:09:18'),
	(124, '3.87.119.32', '2024-04-23 06:53:12', '2024-04-23 06:53:12'),
	(125, '3.87.119.32', '2024-04-23 06:53:12', '2024-04-23 06:53:12'),
	(126, '3.87.119.32', '2024-04-23 06:53:12', '2024-04-23 06:53:12'),
	(127, '3.87.119.32', '2024-04-23 06:53:18', '2024-04-23 06:53:18'),
	(128, '3.90.201.239', '2024-04-23 06:53:24', '2024-04-23 06:53:24'),
	(129, '54.156.47.136', '2024-04-23 06:53:24', '2024-04-23 06:53:24'),
	(130, '3.238.205.48', '2024-04-23 06:53:24', '2024-04-23 06:53:24'),
	(131, '44.211.189.86', '2024-04-23 06:53:28', '2024-04-23 06:53:28'),
	(132, '156.197.26.202', '2024-04-23 08:04:51', '2024-04-23 08:04:51'),
	(133, '104.166.80.213', '2024-04-23 08:05:01', '2024-04-23 08:05:01'),
	(134, '104.166.80.213', '2024-04-23 08:05:24', '2024-04-23 08:05:24'),
	(135, '54.164.101.13', '2024-04-23 08:26:48', '2024-04-23 08:26:48'),
	(136, '54.164.101.13', '2024-04-23 08:26:48', '2024-04-23 08:26:48'),
	(137, '54.164.101.13', '2024-04-23 08:26:48', '2024-04-23 08:26:48'),
	(138, '54.164.101.13', '2024-04-23 08:26:48', '2024-04-23 08:26:48'),
	(139, '34.205.2.68', '2024-04-23 08:27:00', '2024-04-23 08:27:00'),
	(140, '44.211.247.117', '2024-04-23 08:27:00', '2024-04-23 08:27:00'),
	(141, '54.172.28.132', '2024-04-23 08:27:00', '2024-04-23 08:27:00'),
	(142, '44.215.121.182', '2024-04-23 08:27:00', '2024-04-23 08:27:00'),
	(143, '156.197.26.202', '2024-04-23 08:58:39', '2024-04-23 08:58:39'),
	(144, '44.203.150.137', '2024-04-23 09:32:11', '2024-04-23 09:32:11'),
	(145, '3.231.25.69', '2024-04-23 09:51:08', '2024-04-23 09:51:08'),
	(146, '104.166.80.166', '2024-04-23 09:52:30', '2024-04-23 09:52:30'),
	(147, '104.166.80.166', '2024-04-23 09:52:30', '2024-04-23 09:52:30'),
	(148, '88.201.19.107', '2024-04-23 09:53:34', '2024-04-23 09:53:34'),
	(149, '104.166.80.111', '2024-04-23 09:57:32', '2024-04-23 09:57:32'),
	(150, '104.166.80.111', '2024-04-23 09:57:33', '2024-04-23 09:57:33'),
	(151, '156.197.26.202', '2024-04-23 09:57:38', '2024-04-23 09:57:38'),
	(152, '3.92.144.5', '2024-04-23 10:05:11', '2024-04-23 10:05:11'),
	(153, '156.197.26.202', '2024-04-23 12:04:37', '2024-04-23 12:04:37'),
	(154, '3.89.112.216', '2024-04-23 12:28:13', '2024-04-23 12:28:13'),
	(155, '54.82.120.143', '2024-04-23 12:28:35', '2024-04-23 12:28:35'),
	(156, '54.163.55.138', '2024-04-23 12:46:58', '2024-04-23 12:46:58'),
	(157, '47.254.16.187', '2024-04-23 13:04:34', '2024-04-23 13:04:34'),
	(158, '156.197.41.98', '2024-04-23 14:00:38', '2024-04-23 14:00:38'),
	(159, '34.226.148.208', '2024-04-23 14:06:16', '2024-04-23 14:06:16'),
	(160, '156.197.41.98', '2024-04-23 14:44:23', '2024-04-23 14:44:23'),
	(161, '3.235.129.121', '2024-04-23 15:43:49', '2024-04-23 15:43:49'),
	(162, '3.86.145.83', '2024-04-23 15:44:13', '2024-04-23 15:44:13'),
	(163, '156.197.41.98', '2024-04-23 15:44:42', '2024-04-23 15:44:42'),
	(164, '52.87.155.119', '2024-04-23 18:13:40', '2024-04-23 18:13:40'),
	(165, '104.166.80.241', '2024-04-23 19:59:34', '2024-04-23 19:59:34'),
	(166, '104.166.80.164', '2024-04-23 20:00:26', '2024-04-23 20:00:26'),
	(167, '54.147.133.250', '2024-04-23 22:06:38', '2024-04-23 22:06:38'),
	(168, '80.82.70.198', '2024-04-23 23:10:13', '2024-04-23 23:10:13'),
	(169, '154.92.122.59', '2024-04-23 23:57:11', '2024-04-23 23:57:11'),
	(170, '80.82.70.198', '2024-04-24 01:30:00', '2024-04-24 01:30:00'),
	(171, '34.201.33.243', '2024-04-24 02:07:21', '2024-04-24 02:07:21'),
	(172, '64.23.155.159', '2024-04-24 02:40:49', '2024-04-24 02:40:49'),
	(173, '64.23.155.159', '2024-04-24 02:40:50', '2024-04-24 02:40:50'),
	(174, '44.212.42.137', '2024-04-24 06:07:04', '2024-04-24 06:07:04'),
	(175, '3.89.103.243', '2024-04-24 06:12:59', '2024-04-24 06:12:59'),
	(176, '156.197.60.31', '2024-04-24 07:16:25', '2024-04-24 07:16:25'),
	(177, '104.166.80.15', '2024-04-24 08:05:25', '2024-04-24 08:05:25'),
	(178, '104.166.80.19', '2024-04-24 08:09:12', '2024-04-24 08:09:12'),
	(179, '54.237.236.252', '2024-04-24 08:32:08', '2024-04-24 08:32:08'),
	(180, '104.166.80.70', '2024-04-24 08:35:14', '2024-04-24 08:35:14'),
	(181, '156.197.60.31', '2024-04-24 08:36:08', '2024-04-24 08:36:08'),
	(182, '156.197.60.31', '2024-04-24 08:47:43', '2024-04-24 08:47:43'),
	(183, '34.201.6.151', '2024-04-24 09:00:10', '2024-04-24 09:00:10'),
	(184, '34.229.198.2', '2024-04-24 10:02:35', '2024-04-24 10:02:35'),
	(185, '3.92.186.25', '2024-04-24 10:06:04', '2024-04-24 10:06:04'),
	(186, '3.233.224.218', '2024-04-24 11:23:19', '2024-04-24 11:23:19'),
	(187, '54.242.123.51', '2024-04-24 11:41:47', '2024-04-24 11:41:47'),
	(188, '156.197.60.31', '2024-04-24 12:27:11', '2024-04-24 12:27:11'),
	(189, '18.212.194.226', '2024-04-24 14:04:29', '2024-04-24 14:04:29'),
	(190, '107.21.69.252', '2024-04-24 14:05:32', '2024-04-24 14:05:32'),
	(191, '197.35.227.40', '2024-04-24 14:22:43', '2024-04-24 14:22:43'),
	(192, '197.35.227.40', '2024-04-24 14:44:03', '2024-04-24 14:44:03'),
	(193, '217.114.218.23', '2024-04-24 14:46:32', '2024-04-24 14:46:32'),
	(194, '35.170.74.174', '2024-04-24 15:05:17', '2024-04-24 15:05:17'),
	(195, '104.166.80.6', '2024-04-24 15:52:58', '2024-04-24 15:52:58'),
	(196, '104.166.80.6', '2024-04-24 15:52:59', '2024-04-24 15:52:59'),
	(197, '81.95.5.44', '2024-04-24 17:41:33', '2024-04-24 17:41:33'),
	(198, '3.92.56.19', '2024-04-24 18:07:33', '2024-04-24 18:07:33'),
	(199, '3.94.160.107', '2024-04-24 18:09:58', '2024-04-24 18:09:58'),
	(200, '146.190.112.5', '2024-04-24 18:40:53', '2024-04-24 18:40:53'),
	(201, '146.190.112.5', '2024-04-24 18:40:54', '2024-04-24 18:40:54'),
	(202, '104.166.80.8', '2024-04-24 19:56:00', '2024-04-24 19:56:00'),
	(203, '104.166.80.64', '2024-04-24 19:56:40', '2024-04-24 19:56:40'),
	(204, '34.202.236.147', '2024-04-24 22:06:32', '2024-04-24 22:06:32'),
	(205, '18.212.235.101', '2024-04-25 02:07:05', '2024-04-25 02:07:05'),
	(206, '52.91.205.99', '2024-04-25 02:09:08', '2024-04-25 02:09:08'),
	(207, '52.55.86.198', '2024-04-25 06:05:36', '2024-04-25 06:05:36'),
	(208, '104.166.80.252', '2024-04-25 07:59:48', '2024-04-25 07:59:48'),
	(209, '104.166.80.196', '2024-04-25 08:00:34', '2024-04-25 08:00:34'),
	(210, '35.173.50.163', '2024-04-25 08:38:57', '2024-04-25 08:38:57'),
	(211, '3.238.218.240', '2024-04-25 08:39:01', '2024-04-25 08:39:01'),
	(212, '54.166.119.29', '2024-04-25 08:39:42', '2024-04-25 08:39:42'),
	(213, '3.239.216.116', '2024-04-25 08:39:53', '2024-04-25 08:39:53'),
	(214, '54.144.69.204', '2024-04-25 08:40:10', '2024-04-25 08:40:10'),
	(215, '54.158.37.77', '2024-04-25 08:40:22', '2024-04-25 08:40:22'),
	(216, '156.197.19.210', '2024-04-25 08:42:05', '2024-04-25 08:42:05'),
	(217, '156.197.19.210', '2024-04-25 09:37:22', '2024-04-25 09:37:22'),
	(218, '54.226.67.201', '2024-04-25 10:05:46', '2024-04-25 10:05:46'),
	(219, '44.200.180.16', '2024-04-25 11:00:08', '2024-04-25 11:00:08'),
	(220, '197.63.90.115', '2024-04-25 11:00:12', '2024-04-25 11:00:12'),
	(221, '197.63.90.115', '2024-04-25 11:02:44', '2024-04-25 11:02:44'),
	(222, '197.63.90.115', '2024-04-25 11:04:14', '2024-04-25 11:04:14'),
	(223, '197.63.90.115', '2024-04-25 11:05:00', '2024-04-25 11:05:00'),
	(224, '197.63.90.115', '2024-04-25 11:05:00', '2024-04-25 11:05:00'),
	(225, '197.63.90.115', '2024-04-25 11:33:39', '2024-04-25 11:33:39'),
	(226, '3.238.218.240', '2024-04-25 11:44:17', '2024-04-25 11:44:17'),
	(227, '44.211.237.7', '2024-04-25 12:06:57', '2024-04-25 12:06:57'),
	(228, '44.200.231.197', '2024-04-25 12:14:22', '2024-04-25 12:14:22'),
	(229, '44.220.62.229', '2024-04-25 12:15:29', '2024-04-25 12:15:29'),
	(230, '54.166.119.29', '2024-04-25 12:16:50', '2024-04-25 12:16:50'),
	(231, '44.204.220.104', '2024-04-25 14:03:43', '2024-04-25 14:03:43'),
	(232, '3.88.1.205', '2024-04-25 14:05:49', '2024-04-25 14:05:49'),
	(233, '44.223.65.233', '2024-04-25 14:08:43', '2024-04-25 14:08:43'),
	(234, '34.207.208.18', '2024-04-25 14:16:09', '2024-04-25 14:16:09'),
	(235, '44.211.37.61', '2024-04-25 14:20:39', '2024-04-25 14:20:39'),
	(236, '35.173.50.163', '2024-04-25 14:22:58', '2024-04-25 14:22:58'),
	(237, '18.212.42.87', '2024-04-25 14:23:31', '2024-04-25 14:23:31'),
	(238, '197.35.201.195', '2024-04-25 14:30:04', '2024-04-25 14:30:04'),
	(239, '44.203.64.219', '2024-04-25 15:02:23', '2024-04-25 15:02:23'),
	(240, '149.154.161.199', '2024-04-25 15:05:13', '2024-04-25 15:05:13'),
	(241, '197.63.19.222', '2024-04-25 15:06:34', '2024-04-25 15:06:34'),
	(242, '44.210.99.169', '2024-04-25 15:38:35', '2024-04-25 15:38:35'),
	(243, '156.197.43.218', '2024-04-25 15:39:20', '2024-04-25 15:39:20'),
	(244, '44.222.228.90', '2024-04-25 15:49:03', '2024-04-25 15:49:03'),
	(245, '54.146.192.49', '2024-04-25 15:49:31', '2024-04-25 15:49:31'),
	(246, '197.35.201.195', '2024-04-25 16:14:55', '2024-04-25 16:14:55'),
	(247, '197.35.199.233', '2024-04-25 16:55:39', '2024-04-25 16:55:39'),
	(248, '3.92.197.127', '2024-04-25 18:07:54', '2024-04-25 18:07:54'),
	(249, '104.166.80.72', '2024-04-25 19:51:46', '2024-04-25 19:51:46'),
	(250, '104.166.80.230', '2024-04-25 19:53:52', '2024-04-25 19:53:52'),
	(251, '54.221.2.120', '2024-04-25 22:08:28', '2024-04-25 22:08:28'),
	(252, '157.245.128.55', '2024-04-26 00:30:58', '2024-04-26 00:30:58'),
	(253, '157.245.128.55', '2024-04-26 00:30:58', '2024-04-26 00:30:58'),
	(254, '50.17.34.239', '2024-04-26 02:06:22', '2024-04-26 02:06:22'),
	(255, '52.55.160.97', '2024-04-26 06:05:15', '2024-04-26 06:05:15'),
	(256, '104.166.80.60', '2024-04-26 07:54:01', '2024-04-26 07:54:01'),
	(257, '104.166.80.228', '2024-04-26 07:54:26', '2024-04-26 07:54:26'),
	(258, '54.204.150.160', '2024-04-26 10:05:40', '2024-04-26 10:05:40'),
	(259, '54.197.115.23', '2024-04-26 14:07:15', '2024-04-26 14:07:15'),
	(260, '54.88.253.240', '2024-04-26 18:05:30', '2024-04-26 18:05:30'),
	(261, '104.166.80.62', '2024-04-26 19:50:50', '2024-04-26 19:50:50'),
	(262, '104.166.80.130', '2024-04-26 19:51:02', '2024-04-26 19:51:02'),
	(263, '164.92.162.76', '2024-04-26 20:37:54', '2024-04-26 20:37:54'),
	(264, '164.92.162.76', '2024-04-26 20:37:55', '2024-04-26 20:37:55'),
	(265, '3.86.164.234', '2024-04-26 22:05:59', '2024-04-26 22:05:59'),
	(266, '54.234.50.39', '2024-04-26 22:09:30', '2024-04-26 22:09:30'),
	(267, '34.207.92.63', '2024-04-27 02:06:49', '2024-04-27 02:06:49'),
	(268, '54.165.23.95', '2024-04-27 02:09:40', '2024-04-27 02:09:40'),
	(269, '3.85.53.42', '2024-04-27 06:05:02', '2024-04-27 06:05:02'),
	(270, '104.166.80.196', '2024-04-27 08:22:43', '2024-04-27 08:22:43'),
	(271, '104.166.80.6', '2024-04-27 08:24:27', '2024-04-27 08:24:27'),
	(272, '54.227.2.3', '2024-04-27 10:05:34', '2024-04-27 10:05:34'),
	(273, '18.208.212.110', '2024-04-27 14:08:01', '2024-04-27 14:08:01'),
	(274, '34.228.112.19', '2024-04-27 18:05:38', '2024-04-27 18:05:38'),
	(275, '104.166.80.45', '2024-04-27 20:21:03', '2024-04-27 20:21:03'),
	(276, '104.166.80.247', '2024-04-27 20:21:23', '2024-04-27 20:21:23'),
	(277, '156.197.27.113', '2024-04-27 21:49:24', '2024-04-27 21:49:24'),
	(278, '44.202.2.124', '2024-04-27 22:06:42', '2024-04-27 22:06:42'),
	(279, '159.89.53.84', '2024-04-28 00:36:57', '2024-04-28 00:36:57'),
	(280, '159.89.53.84', '2024-04-28 00:36:57', '2024-04-28 00:36:57'),
	(281, '54.173.64.101', '2024-04-28 02:06:15', '2024-04-28 02:06:15'),
	(282, '80.82.70.198', '2024-04-28 05:35:56', '2024-04-28 05:35:56'),
	(283, '80.82.70.198', '2024-04-28 05:37:29', '2024-04-28 05:37:29'),
	(284, '52.91.214.54', '2024-04-28 06:06:00', '2024-04-28 06:06:00'),
	(285, '54.211.206.33', '2024-04-28 06:58:51', '2024-04-28 06:58:51'),
	(286, '88.201.19.107', '2024-04-28 07:03:10', '2024-04-28 07:03:10'),
	(287, '80.82.70.198', '2024-04-28 07:13:50', '2024-04-28 07:13:50'),
	(288, '104.166.80.79', '2024-04-28 08:10:53', '2024-04-28 08:10:53'),
	(289, '104.166.80.134', '2024-04-28 08:15:46', '2024-04-28 08:15:46'),
	(290, '3.88.207.19', '2024-04-28 10:04:23', '2024-04-28 10:04:23'),
	(291, '54.144.69.204', '2024-04-28 11:53:23', '2024-04-28 11:53:23'),
	(292, '3.86.145.83', '2024-04-28 11:53:54', '2024-04-28 11:53:54'),
	(293, '105.37.16.108', '2024-04-28 11:54:18', '2024-04-28 11:54:18'),
	(294, '18.215.182.43', '2024-04-28 14:05:24', '2024-04-28 14:05:24'),
	(295, '104.166.80.15', '2024-04-28 20:03:15', '2024-04-28 20:03:15'),
	(296, '104.166.80.17', '2024-04-28 20:04:58', '2024-04-28 20:04:58'),
	(297, '52.201.232.127', '2024-04-28 22:05:49', '2024-04-28 22:05:49'),
	(298, '54.221.130.132', '2024-04-29 02:06:19', '2024-04-29 02:06:19'),
	(299, '35.171.158.231', '2024-04-29 06:05:12', '2024-04-29 06:05:12'),
	(300, '54.174.90.151', '2024-04-29 06:08:10', '2024-04-29 06:08:10'),
	(301, '104.166.80.70', '2024-04-29 08:16:28', '2024-04-29 08:16:28'),
	(302, '104.166.80.100', '2024-04-29 08:18:04', '2024-04-29 08:18:04'),
	(303, '18.213.3.58', '2024-04-29 09:35:59', '2024-04-29 09:35:59'),
	(304, '3.219.234.87', '2024-04-29 09:56:22', '2024-04-29 09:56:22'),
	(305, '3.237.8.51', '2024-04-29 09:56:25', '2024-04-29 09:56:25'),
	(306, '105.39.63.1', '2024-04-29 09:56:28', '2024-04-29 09:56:28'),
	(307, '178.86.27.139', '2024-04-29 09:57:00', '2024-04-29 09:57:00'),
	(308, '54.221.183.244', '2024-04-29 10:05:10', '2024-04-29 10:05:10'),
	(309, '178.86.27.139', '2024-04-29 10:13:12', '2024-04-29 10:13:12'),
	(310, '3.236.75.29', '2024-04-29 10:13:45', '2024-04-29 10:13:45'),
	(311, '34.229.175.196', '2024-04-29 10:14:42', '2024-04-29 10:14:42'),
	(312, '44.213.64.115', '2024-04-29 10:16:22', '2024-04-29 10:16:22'),
	(313, '52.23.192.177', '2024-04-29 11:00:48', '2024-04-29 11:00:48'),
	(314, '197.35.248.131', '2024-04-29 11:01:03', '2024-04-29 11:01:03'),
	(315, '44.222.190.246', '2024-04-29 11:01:40', '2024-04-29 11:01:40'),
	(316, '141.164.149.212', '2024-04-29 11:02:53', '2024-04-29 11:02:53'),
	(317, '3.237.60.147', '2024-04-29 11:24:12', '2024-04-29 11:24:12'),
	(318, '54.85.3.231', '2024-04-29 11:35:56', '2024-04-29 11:35:56'),
	(319, '52.203.171.46', '2024-04-29 11:37:54', '2024-04-29 11:37:54'),
	(320, '3.219.234.87', '2024-04-29 11:38:57', '2024-04-29 11:38:57'),
	(321, '23.23.0.234', '2024-04-29 11:39:40', '2024-04-29 11:39:40'),
	(322, '197.35.248.131', '2024-04-29 11:50:18', '2024-04-29 11:50:18'),
	(323, '197.35.248.131', '2024-04-29 11:50:26', '2024-04-29 11:50:26'),
	(324, '3.88.62.72', '2024-04-29 13:19:19', '2024-04-29 13:19:19'),
	(325, '197.197.130.239', '2024-04-29 13:19:29', '2024-04-29 13:19:29'),
	(326, '34.203.14.88', '2024-04-29 14:13:04', '2024-04-29 14:13:04'),
	(327, '44.213.64.115', '2024-04-29 14:41:12', '2024-04-29 14:41:12'),
	(328, '197.43.59.211', '2024-04-29 14:41:15', '2024-04-29 14:41:15'),
	(329, '44.202.183.97', '2024-04-29 14:42:42', '2024-04-29 14:42:42'),
	(330, '44.220.141.118', '2024-04-29 15:07:35', '2024-04-29 15:07:35'),
	(331, '100.27.197.219', '2024-04-29 18:06:30', '2024-04-29 18:06:30'),
	(332, '104.166.80.15', '2024-04-29 20:17:21', '2024-04-29 20:17:21'),
	(333, '104.166.80.117', '2024-04-29 20:17:45', '2024-04-29 20:17:45'),
	(334, '52.87.228.87', '2024-04-29 22:06:42', '2024-04-29 22:06:42'),
	(335, '3.85.107.161', '2024-04-29 22:11:57', '2024-04-29 22:11:57'),
	(336, '34.205.72.34', '2024-04-30 02:06:28', '2024-04-30 02:06:28'),
	(337, '44.202.123.175', '2024-04-30 06:07:31', '2024-04-30 06:07:31'),
	(338, '34.229.95.73', '2024-04-30 08:09:31', '2024-04-30 08:09:31'),
	(339, '197.35.248.131', '2024-04-30 08:09:49', '2024-04-30 08:09:49'),
	(340, '54.237.202.170', '2024-04-30 08:10:31', '2024-04-30 08:10:31'),
	(341, '197.35.248.131', '2024-04-30 08:13:47', '2024-04-30 08:13:47'),
	(342, '3.239.199.92', '2024-04-30 08:21:33', '2024-04-30 08:21:33'),
	(343, '104.166.80.40', '2024-04-30 08:22:32', '2024-04-30 08:22:32'),
	(344, '104.166.80.66', '2024-04-30 08:25:30', '2024-04-30 08:25:30'),
	(345, '3.237.14.11', '2024-04-30 09:40:28', '2024-04-30 09:40:28'),
	(346, '18.206.249.142', '2024-04-30 10:06:51', '2024-04-30 10:06:51'),
	(347, '197.35.248.131', '2024-04-30 11:43:39', '2024-04-30 11:43:39'),
	(348, '3.80.137.206', '2024-04-30 14:06:11', '2024-04-30 14:06:11'),
	(349, '34.227.13.99', '2024-04-30 18:06:58', '2024-04-30 18:06:58'),
	(350, '3.91.134.110', '2024-04-30 22:15:00', '2024-04-30 22:15:00'),
	(351, '54.157.21.67', '2024-05-01 02:07:33', '2024-05-01 02:07:33'),
	(352, '143.110.244.28', '2024-05-01 02:58:18', '2024-05-01 02:58:18'),
	(353, '143.110.244.28', '2024-05-01 02:58:19', '2024-05-01 02:58:19'),
	(354, '5.82.91.41', '2024-05-01 05:59:45', '2024-05-01 05:59:45'),
	(355, '18.208.161.172', '2024-05-01 06:06:34', '2024-05-01 06:06:34'),
	(356, '54.146.5.163', '2024-05-01 10:04:53', '2024-05-01 10:04:53'),
	(357, '5.82.91.41', '2024-05-01 11:57:53', '2024-05-01 11:57:53'),
	(358, '54.234.182.40', '2024-05-01 14:06:19', '2024-05-01 14:06:19'),
	(359, '184.73.19.240', '2024-05-01 14:13:06', '2024-05-01 14:13:06'),
	(360, '18.215.157.141', '2024-05-01 18:08:50', '2024-05-01 18:08:50'),
	(361, '3.84.243.85', '2024-05-01 22:05:59', '2024-05-01 22:05:59'),
	(362, '3.91.179.155', '2024-05-02 02:07:54', '2024-05-02 02:07:54'),
	(363, '34.239.102.115', '2024-05-02 06:10:59', '2024-05-02 06:10:59'),
	(364, '165.232.105.198', '2024-05-02 10:00:19', '2024-05-02 10:00:19'),
	(365, '165.232.105.198', '2024-05-02 10:00:20', '2024-05-02 10:00:20'),
	(366, '18.234.63.217', '2024-05-02 10:06:51', '2024-05-02 10:06:51'),
	(367, '18.205.185.74', '2024-05-02 14:05:35', '2024-05-02 14:05:35'),
	(368, '3.254.212.187', '2024-05-02 16:38:51', '2024-05-02 16:38:51'),
	(369, '3.86.239.254', '2024-05-02 18:07:25', '2024-05-02 18:07:25'),
	(370, '104.166.80.156', '2024-05-02 20:24:56', '2024-05-02 20:24:56'),
	(371, '104.166.80.51', '2024-05-02 20:26:30', '2024-05-02 20:26:30'),
	(372, '52.23.185.21', '2024-05-02 22:07:02', '2024-05-02 22:07:02'),
	(373, '52.90.149.119', '2024-05-03 02:07:55', '2024-05-03 02:07:55'),
	(374, '18.234.45.112', '2024-05-03 06:07:05', '2024-05-03 06:07:05'),
	(375, '104.166.80.109', '2024-05-03 08:17:52', '2024-05-03 08:17:52'),
	(376, '104.166.80.83', '2024-05-03 08:19:02', '2024-05-03 08:19:02'),
	(377, '3.86.245.125', '2024-05-03 10:05:43', '2024-05-03 10:05:43'),
	(378, '54.196.235.29', '2024-05-03 14:08:34', '2024-05-03 14:08:34'),
	(379, '54.242.160.5', '2024-05-03 14:10:03', '2024-05-03 14:10:03'),
	(380, '3.90.186.131', '2024-05-03 18:14:08', '2024-05-03 18:14:08'),
	(381, '54.224.80.154', '2024-05-03 22:06:43', '2024-05-03 22:06:43'),
	(382, '54.172.44.90', '2024-05-04 02:06:42', '2024-05-04 02:06:42'),
	(383, '34.207.167.165', '2024-05-04 06:05:58', '2024-05-04 06:05:58'),
	(384, '52.91.15.209', '2024-05-04 10:05:37', '2024-05-04 10:05:37'),
	(385, '54.167.1.45', '2024-05-04 14:04:59', '2024-05-04 14:04:59'),
	(386, '3.94.101.172', '2024-05-04 18:13:12', '2024-05-04 18:13:12'),
	(387, '54.236.202.88', '2024-05-04 22:05:12', '2024-05-04 22:05:12'),
	(388, '100.24.46.143', '2024-05-05 02:05:19', '2024-05-05 02:05:19'),
	(389, '52.23.234.93', '2024-05-05 06:07:47', '2024-05-05 06:07:47'),
	(390, '52.206.190.163', '2024-05-05 10:05:29', '2024-05-05 10:05:29'),
	(391, '34.207.208.65', '2024-05-05 14:05:26', '2024-05-05 14:05:26'),
	(392, '3.87.238.60', '2024-05-05 18:05:00', '2024-05-05 18:05:00'),
	(393, '18.207.114.61', '2024-05-05 22:06:36', '2024-05-05 22:06:36'),
	(394, '100.26.98.44', '2024-05-06 02:07:40', '2024-05-06 02:07:40'),
	(395, '100.26.186.122', '2024-05-06 06:08:01', '2024-05-06 06:08:01'),
	(396, '18.201.9.76', '2024-05-06 06:39:56', '2024-05-06 06:39:56'),
	(397, '18.232.140.35', '2024-05-06 10:04:31', '2024-05-06 10:04:31'),
	(398, '3.255.79.228', '2024-05-06 10:22:19', '2024-05-06 10:22:19'),
	(399, '44.201.221.114', '2024-05-06 14:07:36', '2024-05-06 14:07:36'),
	(400, '54.227.7.11', '2024-05-06 18:06:33', '2024-05-06 18:06:33'),
	(401, '54.235.15.103', '2024-05-06 18:12:00', '2024-05-06 18:12:00'),
	(402, '104.166.80.115', '2024-05-06 20:26:39', '2024-05-06 20:26:39'),
	(403, '104.166.80.226', '2024-05-06 20:33:34', '2024-05-06 20:33:34'),
	(404, '3.86.201.54', '2024-05-06 22:05:55', '2024-05-06 22:05:55'),
	(405, '54.173.143.55', '2024-05-07 02:06:35', '2024-05-07 02:06:35'),
	(406, '3.83.134.24', '2024-05-07 02:09:09', '2024-05-07 02:09:09'),
	(407, '54.234.141.164', '2024-05-07 06:06:10', '2024-05-07 06:06:10'),
	(408, '104.166.80.222', '2024-05-07 08:28:29', '2024-05-07 08:28:29'),
	(409, '104.166.80.117', '2024-05-07 08:28:39', '2024-05-07 08:28:39'),
	(410, '54.197.35.178', '2024-05-07 10:08:11', '2024-05-07 10:08:11'),
	(411, '54.209.77.124', '2024-05-07 10:11:56', '2024-05-07 10:11:56'),
	(412, '54.152.197.239', '2024-05-07 14:14:13', '2024-05-07 14:14:13'),
	(413, '3.80.25.65', '2024-05-07 18:12:04', '2024-05-07 18:12:04'),
	(414, '3.94.191.169', '2024-05-07 18:16:55', '2024-05-07 18:16:55'),
	(415, '54.208.33.189', '2024-05-07 22:06:17', '2024-05-07 22:06:17'),
	(416, '34.226.246.190', '2024-05-08 02:05:58', '2024-05-08 02:05:58'),
	(417, '3.92.0.228', '2024-05-08 06:05:01', '2024-05-08 06:05:01'),
	(418, '54.208.189.40', '2024-05-08 10:05:32', '2024-05-08 10:05:32'),
	(419, '18.212.197.93', '2024-05-08 14:12:57', '2024-05-08 14:12:57'),
	(420, '18.208.153.172', '2024-05-08 18:05:32', '2024-05-08 18:05:32'),
	(421, '18.207.152.63', '2024-05-08 22:06:23', '2024-05-08 22:06:23'),
	(422, '52.72.248.240', '2024-05-08 22:07:47', '2024-05-08 22:07:47'),
	(423, '52.91.224.119', '2024-05-09 02:07:36', '2024-05-09 02:07:36'),
	(424, '156.197.102.107', '2024-05-09 09:11:17', '2024-05-09 09:11:17'),
	(425, '149.154.161.199', '2024-05-09 09:11:28', '2024-05-09 09:11:28'),
	(426, '156.197.55.190', '2024-05-09 09:14:50', '2024-05-09 09:14:50'),
	(427, '156.197.55.190', '2024-05-09 09:57:28', '2024-05-09 09:57:28'),
	(428, '18.206.61.69', '2024-05-09 10:04:38', '2024-05-09 10:04:38'),
	(429, '54.237.183.111', '2024-05-09 10:05:18', '2024-05-09 10:05:18'),
	(430, '52.207.181.193', '2024-05-09 14:07:40', '2024-05-09 14:07:40'),
	(431, '100.24.32.148', '2024-05-09 18:07:21', '2024-05-09 18:07:21'),
	(432, '54.145.136.168', '2024-05-09 22:06:07', '2024-05-09 22:06:07'),
	(433, '54.224.114.178', '2024-05-10 02:06:34', '2024-05-10 02:06:34'),
	(434, '54.165.245.142', '2024-05-10 06:07:06', '2024-05-10 06:07:06'),
	(435, '54.89.236.134', '2024-05-10 10:04:47', '2024-05-10 10:04:47'),
	(436, '54.147.253.245', '2024-05-10 14:07:56', '2024-05-10 14:07:56'),
	(437, '44.201.136.246', '2024-05-10 18:07:50', '2024-05-10 18:07:50'),
	(438, '3.208.17.123', '2024-05-10 22:12:39', '2024-05-10 22:12:39'),
	(439, '3.80.79.109', '2024-05-11 02:05:47', '2024-05-11 02:05:47'),
	(440, '35.203.211.64', '2024-05-11 05:20:18', '2024-05-11 05:20:18'),
	(441, '52.91.158.236', '2024-05-11 06:05:09', '2024-05-11 06:05:09'),
	(442, '34.233.133.237', '2024-05-11 10:07:40', '2024-05-11 10:07:40'),
	(443, '35.94.5.171', '2024-05-11 11:32:44', '2024-05-11 11:32:44'),
	(444, '52.90.129.149', '2024-05-11 14:15:10', '2024-05-11 14:15:10'),
	(445, '35.175.199.3', '2024-05-11 18:06:58', '2024-05-11 18:06:58'),
	(446, '54.196.220.82', '2024-05-11 18:09:29', '2024-05-11 18:09:29'),
	(447, '18.234.219.217', '2024-05-11 22:06:24', '2024-05-11 22:06:24'),
	(448, '3.80.200.193', '2024-05-12 02:07:51', '2024-05-12 02:07:51'),
	(449, '54.234.95.207', '2024-05-12 06:07:51', '2024-05-12 06:07:51'),
	(450, '54.90.163.231', '2024-05-12 14:07:01', '2024-05-12 14:07:01'),
	(451, '3.90.226.171', '2024-05-12 18:06:28', '2024-05-12 18:06:28'),
	(452, '34.228.60.125', '2024-05-12 22:14:04', '2024-05-12 22:14:04'),
	(453, '156.197.102.107', '2024-05-13 09:35:47', '2024-05-13 09:35:47'),
	(454, '44.210.145.18', '2024-05-13 10:04:50', '2024-05-13 10:04:50'),
	(455, '65.154.226.171', '2024-05-13 18:17:21', '2024-05-13 18:17:21'),
	(456, '65.154.226.171', '2024-05-13 18:22:27', '2024-05-13 18:22:27'),
	(457, '54.89.49.72', '2024-05-13 22:12:03', '2024-05-13 22:12:03'),
	(458, '3.88.131.69', '2024-05-14 10:05:44', '2024-05-14 10:05:44'),
	(459, '52.23.172.107', '2024-05-14 22:06:21', '2024-05-14 22:06:21'),
	(460, '3.80.138.122', '2024-05-14 22:08:45', '2024-05-14 22:08:45'),
	(461, '143.198.32.152', '2024-05-15 01:53:30', '2024-05-15 01:53:30'),
	(462, '143.198.32.152', '2024-05-15 01:53:30', '2024-05-15 01:53:30'),
	(463, '54.167.34.26', '2024-05-15 10:07:43', '2024-05-15 10:07:43'),
	(464, '54.175.179.142', '2024-05-15 22:05:43', '2024-05-15 22:05:43'),
	(465, '134.122.51.220', '2024-05-16 09:29:05', '2024-05-16 09:29:05'),
	(466, '134.122.51.220', '2024-05-16 09:29:05', '2024-05-16 09:29:05'),
	(467, '18.208.153.244', '2024-05-16 10:05:33', '2024-05-16 10:05:33'),
	(468, '18.206.61.60', '2024-05-16 22:05:29', '2024-05-16 22:05:29'),
	(469, '54.82.17.9', '2024-05-17 10:06:35', '2024-05-17 10:06:35'),
	(470, '54.146.220.246', '2024-05-17 22:06:03', '2024-05-17 22:06:03'),
	(471, '100.27.197.63', '2024-05-18 10:05:48', '2024-05-18 10:05:48'),
	(472, '35.172.229.226', '2024-05-18 22:04:42', '2024-05-18 22:04:42'),
	(473, '156.197.105.48', '2024-05-19 08:49:31', '2024-05-19 08:49:31'),
	(474, '44.220.62.229', '2024-05-19 09:04:25', '2024-05-19 09:04:25'),
	(475, '156.197.50.223', '2024-05-19 09:21:32', '2024-05-19 09:21:32'),
	(476, '156.197.105.48', '2024-05-19 11:29:08', '2024-05-19 11:29:08'),
	(477, '54.236.252.48', '2024-05-19 22:04:38', '2024-05-19 22:04:38'),
	(478, '44.211.61.233', '2024-05-20 10:05:06', '2024-05-20 10:05:06'),
	(479, '5.82.185.180', '2024-05-20 10:13:21', '2024-05-20 10:13:21'),
	(480, '5.82.185.180', '2024-05-20 10:17:23', '2024-05-20 10:17:23'),
	(481, '5.82.185.180', '2024-05-20 10:17:33', '2024-05-20 10:17:33'),
	(482, '31.167.176.23', '2024-05-20 10:22:43', '2024-05-20 10:22:43'),
	(483, '5.82.185.180', '2024-05-20 11:19:06', '2024-05-20 11:19:06'),
	(484, '176.17.204.200', '2024-05-20 11:20:48', '2024-05-20 11:20:48'),
	(485, '176.17.204.200', '2024-05-20 11:20:57', '2024-05-20 11:20:57'),
	(486, '5.82.242.183', '2024-05-20 13:02:41', '2024-05-20 13:02:41'),
	(487, '44.202.98.108', '2024-05-20 22:05:51', '2024-05-20 22:05:51'),
	(488, '18.212.97.244', '2024-05-21 10:05:52', '2024-05-21 10:05:52'),
	(489, '5.82.242.183', '2024-05-21 11:04:22', '2024-05-21 11:04:22'),
	(490, '5.82.92.76', '2024-05-21 12:23:19', '2024-05-21 12:23:19'),
	(491, '176.224.213.171', '2024-05-21 19:09:11', '2024-05-21 19:09:11'),
	(492, '54.174.116.192', '2024-05-21 22:05:58', '2024-05-21 22:05:58'),
	(493, '5.108.124.208', '2024-05-21 22:21:38', '2024-05-21 22:21:38'),
	(494, '5.109.119.139', '2024-05-21 22:24:06', '2024-05-21 22:24:06'),
	(495, '5.109.119.139', '2024-05-21 22:32:33', '2024-05-21 22:32:33'),
	(496, '31.167.176.23', '2024-05-22 08:21:23', '2024-05-22 08:21:23'),
	(497, '5.109.119.139', '2024-05-22 10:02:11', '2024-05-22 10:02:11'),
	(498, '5.109.119.139', '2024-05-22 10:03:11', '2024-05-22 10:03:11'),
	(499, '18.234.225.2', '2024-05-22 10:05:51', '2024-05-22 10:05:51'),
	(500, '18.208.155.4', '2024-05-22 10:36:50', '2024-05-22 10:36:50'),
	(501, '156.197.47.39', '2024-05-22 10:36:51', '2024-05-22 10:36:51'),
	(502, '5.109.119.139', '2024-05-22 17:22:45', '2024-05-22 17:22:45'),
	(503, '5.109.119.139', '2024-05-22 17:26:34', '2024-05-22 17:26:34'),
	(504, '104.166.80.100', '2024-05-22 20:45:24', '2024-05-22 20:45:24'),
	(505, '104.166.80.132', '2024-05-22 20:45:26', '2024-05-22 20:45:26'),
	(506, '5.108.124.208', '2024-05-22 21:38:40', '2024-05-22 21:38:40'),
	(507, '5.108.124.208', '2024-05-23 00:45:41', '2024-05-23 00:45:41'),
	(508, '31.167.176.23', '2024-05-23 07:39:58', '2024-05-23 07:39:58'),
	(509, '34.227.74.47', '2024-05-23 07:51:21', '2024-05-23 07:51:21'),
	(510, '197.35.216.174', '2024-05-23 07:51:24', '2024-05-23 07:51:24'),
	(511, '104.166.80.151', '2024-05-23 08:34:12', '2024-05-23 08:34:12'),
	(512, '104.166.80.117', '2024-05-23 08:34:25', '2024-05-23 08:34:25'),
	(513, '5.82.252.124', '2024-05-23 14:56:46', '2024-05-23 14:56:46'),
	(514, '51.36.118.27', '2024-05-23 19:49:38', '2024-05-23 19:49:38'),
	(515, '54.164.12.136', '2024-05-24 16:03:55', '2024-05-24 16:03:55'),
	(516, '156.197.92.86', '2024-05-24 16:46:10', '2024-05-24 16:46:10'),
	(517, '43.159.128.68', '2024-05-24 18:29:56', '2024-05-24 18:29:56'),
	(518, '43.163.1.85', '2024-05-24 19:07:24', '2024-05-24 19:07:24'),
	(519, '43.163.1.85', '2024-05-24 19:07:31', '2024-05-24 19:07:31'),
	(520, '43.155.160.173', '2024-05-24 19:08:07', '2024-05-24 19:08:07'),
	(521, '3.139.233.46', '2024-05-24 22:46:27', '2024-05-24 22:46:27'),
	(522, '54.174.58.232', '2024-05-24 23:14:43', '2024-05-24 23:14:43'),
	(523, '43.163.1.85', '2024-05-25 00:25:35', '2024-05-25 00:25:35'),
	(524, '170.106.104.42', '2024-05-25 02:11:15', '2024-05-25 02:11:15'),
	(525, '43.159.128.68', '2024-05-25 10:26:59', '2024-05-25 10:26:59'),
	(526, '52.27.57.54', '2024-05-25 10:36:30', '2024-05-25 10:36:30'),
	(527, '35.94.115.52', '2024-05-25 10:36:35', '2024-05-25 10:36:35'),
	(528, '193.233.233.29', '2024-05-25 13:18:32', '2024-05-25 13:18:32'),
	(529, '43.130.39.101', '2024-05-25 15:36:51', '2024-05-25 15:36:51'),
	(530, '43.155.138.79', '2024-05-25 16:06:47', '2024-05-25 16:06:47'),
	(531, '43.155.160.173', '2024-05-25 16:10:06', '2024-05-25 16:10:06'),
	(532, '43.155.160.173', '2024-05-25 16:10:11', '2024-05-25 16:10:11'),
	(533, '43.153.93.68', '2024-05-25 18:09:16', '2024-05-25 18:09:16'),
	(534, '43.155.138.79', '2024-05-25 18:49:16', '2024-05-25 18:49:16'),
	(535, '43.155.138.79', '2024-05-25 18:49:29', '2024-05-25 18:49:29'),
	(536, '43.155.160.173', '2024-05-25 18:52:45', '2024-05-25 18:52:45'),
	(537, '146.190.250.4', '2024-05-25 19:07:32', '2024-05-25 19:07:32'),
	(538, '146.190.250.4', '2024-05-25 19:07:33', '2024-05-25 19:07:33'),
	(539, '37.27.87.206', '2024-05-25 23:56:03', '2024-05-25 23:56:03'),
	(540, '43.159.128.172', '2024-05-26 00:39:04', '2024-05-26 00:39:04'),
	(541, '43.155.183.138', '2024-05-26 00:55:45', '2024-05-26 00:55:45'),
	(542, '43.155.183.138', '2024-05-26 00:55:55', '2024-05-26 00:55:55'),
	(543, '43.155.183.138', '2024-05-26 00:56:03', '2024-05-26 00:56:03'),
	(544, '156.197.47.39', '2024-05-26 08:37:22', '2024-05-26 08:37:22'),
	(545, '156.197.47.39', '2024-05-26 09:37:04', '2024-05-26 09:37:04'),
	(546, '149.154.161.205', '2024-05-26 09:37:26', '2024-05-26 09:37:26'),
	(547, '156.197.31.248', '2024-05-26 09:41:00', '2024-05-26 09:41:00'),
	(548, '193.233.233.29', '2024-05-26 09:42:23', '2024-05-26 09:42:23'),
	(549, '170.106.104.42', '2024-05-26 10:14:22', '2024-05-26 10:14:22'),
	(550, '156.197.47.39', '2024-05-26 11:15:50', '2024-05-26 11:15:50'),
	(551, '154.187.77.65', '2024-05-26 11:24:52', '2024-05-26 11:24:52'),
	(552, '156.200.3.8', '2024-05-26 11:24:55', '2024-05-26 11:24:55'),
	(553, '156.197.47.39', '2024-05-26 11:56:29', '2024-05-26 11:56:29'),
	(554, '154.187.77.65', '2024-05-26 11:58:21', '2024-05-26 11:58:21'),
	(555, '197.160.155.8', '2024-05-26 11:58:31', '2024-05-26 11:58:31'),
	(556, '128.90.170.12', '2024-05-26 12:35:10', '2024-05-26 12:35:10'),
	(557, '156.197.92.86', '2024-05-26 13:05:05', '2024-05-26 13:05:05'),
	(558, '43.130.47.136', '2024-05-26 15:37:09', '2024-05-26 15:37:09'),
	(559, '43.153.110.177', '2024-05-26 18:18:34', '2024-05-26 18:18:34'),
	(560, '54.174.58.234', '2024-05-26 20:06:45', '2024-05-26 20:06:45'),
	(561, '43.131.44.218', '2024-05-27 00:42:45', '2024-05-27 00:42:45'),
	(562, '43.153.216.189', '2024-05-27 01:06:53', '2024-05-27 01:06:53'),
	(563, '156.197.31.248', '2024-05-27 06:44:48', '2024-05-27 06:44:48'),
	(564, '156.197.31.248', '2024-05-27 10:35:22', '2024-05-27 10:35:22'),
	(565, '35.88.120.93', '2024-05-27 11:38:37', '2024-05-27 11:38:37'),
	(566, '35.165.229.99', '2024-05-27 11:38:39', '2024-05-27 11:38:39'),
	(567, '193.233.233.29', '2024-05-27 11:57:46', '2024-05-27 11:57:46'),
	(568, '156.197.31.248', '2024-05-27 12:10:56', '2024-05-27 12:10:56'),
	(569, '52.165.149.97', '2024-05-27 14:10:05', '2024-05-27 14:10:05'),
	(570, '52.165.149.97', '2024-05-27 14:11:10', '2024-05-27 14:11:10'),
	(571, '170.106.104.42', '2024-05-27 18:10:58', '2024-05-27 18:10:58'),
	(572, '64.225.53.197', '2024-05-27 19:05:01', '2024-05-27 19:05:01'),
	(573, '64.225.53.197', '2024-05-27 19:05:02', '2024-05-27 19:05:02'),
	(574, '43.128.100.206', '2024-05-27 19:35:54', '2024-05-27 19:35:54'),
	(575, '43.128.100.206', '2024-05-27 19:36:13', '2024-05-27 19:36:13'),
	(576, '43.155.138.79', '2024-05-27 20:06:34', '2024-05-27 20:06:34'),
	(577, '43.155.138.79', '2024-05-27 20:44:28', '2024-05-27 20:44:28'),
	(578, '43.155.138.79', '2024-05-27 20:44:31', '2024-05-27 20:44:31'),
	(579, '43.135.149.154', '2024-05-28 00:46:53', '2024-05-28 00:46:53'),
	(580, '43.131.248.209', '2024-05-28 02:18:26', '2024-05-28 02:18:26'),
	(581, '156.197.54.13', '2024-05-28 09:52:00', '2024-05-28 09:52:00'),
	(582, '146.148.179.183', '2024-05-28 12:07:52', '2024-05-28 12:07:52'),
	(583, '193.233.233.29', '2024-05-28 12:19:33', '2024-05-28 12:19:33'),
	(584, '43.153.216.189', '2024-05-28 15:32:06', '2024-05-28 15:32:06'),
	(585, '43.134.190.89', '2024-05-28 15:45:42', '2024-05-28 15:45:42'),
	(586, '43.134.37.211', '2024-05-28 18:21:05', '2024-05-28 18:21:05'),
	(587, '150.109.13.194', '2024-05-28 18:58:44', '2024-05-28 18:58:44'),
	(588, '43.155.183.138', '2024-05-28 18:59:02', '2024-05-28 18:59:02'),
	(589, '43.155.183.138', '2024-05-28 18:59:37', '2024-05-28 18:59:37'),
	(590, '5.133.192.128', '2024-05-29 05:33:53', '2024-05-29 05:33:53'),
	(591, '156.197.21.252', '2024-05-29 08:48:45', '2024-05-29 08:48:45'),
	(592, '18.237.151.176', '2024-05-29 10:41:48', '2024-05-29 10:41:48'),
	(593, '52.41.164.77', '2024-05-29 10:41:50', '2024-05-29 10:41:50'),
	(594, '193.233.233.29', '2024-05-29 13:28:48', '2024-05-29 13:28:48'),
	(595, '43.135.181.13', '2024-05-29 13:55:25', '2024-05-29 13:55:25'),
	(596, '170.106.159.160', '2024-05-29 15:40:24', '2024-05-29 15:40:24'),
	(597, '143.198.139.39', '2024-05-29 18:46:42', '2024-05-29 18:46:42'),
	(598, '143.198.139.39', '2024-05-29 18:46:42', '2024-05-29 18:46:42'),
	(599, '129.226.158.26', '2024-05-30 02:25:09', '2024-05-30 02:25:09'),
	(600, '3.19.219.238', '2024-05-30 06:33:27', '2024-05-30 06:33:27'),
	(601, '161.35.33.27', '2024-05-30 07:03:20', '2024-05-30 07:03:20'),
	(602, '161.35.33.27', '2024-05-30 07:03:21', '2024-05-30 07:03:21'),
	(603, '193.233.233.29', '2024-05-30 08:12:27', '2024-05-30 08:12:27'),
	(604, '135.148.195.10', '2024-05-30 09:10:46', '2024-05-30 09:10:46'),
	(605, '44.227.127.2', '2024-05-30 12:26:09', '2024-05-30 12:26:09'),
	(606, '44.227.127.2', '2024-05-30 12:26:10', '2024-05-30 12:26:10'),
	(607, '44.227.127.2', '2024-05-30 12:26:10', '2024-05-30 12:26:10'),
	(608, '43.130.47.136', '2024-05-30 15:42:03', '2024-05-30 15:42:03'),
	(609, '195.90.221.76', '2024-05-30 18:39:53', '2024-05-30 18:39:53'),
	(610, '93.158.91.34', '2024-05-30 22:43:39', '2024-05-30 22:43:39'),
	(611, '128.90.157.13', '2024-05-31 00:32:28', '2024-05-31 00:32:28'),
	(612, '43.133.38.182', '2024-05-31 12:00:58', '2024-05-31 12:00:58'),
	(613, '193.233.233.29', '2024-05-31 12:47:22', '2024-05-31 12:47:22'),
	(614, '104.166.80.134', '2024-05-31 14:30:08', '2024-05-31 14:30:08'),
	(615, '43.135.129.233', '2024-05-31 15:40:30', '2024-05-31 15:40:30'),
	(616, '54.174.58.234', '2024-05-31 18:18:27', '2024-05-31 18:18:27'),
	(617, '54.174.58.236', '2024-05-31 18:18:29', '2024-05-31 18:18:29'),
	(618, '68.183.37.243', '2024-05-31 18:23:14', '2024-05-31 18:23:14'),
	(619, '68.183.37.243', '2024-05-31 18:23:15', '2024-05-31 18:23:15'),
	(620, '43.130.62.164', '2024-05-31 18:23:20', '2024-05-31 18:23:20'),
	(621, '43.163.6.35', '2024-05-31 19:06:34', '2024-05-31 19:06:34'),
	(622, '43.163.6.35', '2024-05-31 19:07:12', '2024-05-31 19:07:12'),
	(623, '3.238.222.217', '2024-05-31 22:45:49', '2024-05-31 22:45:49'),
	(624, '104.166.80.145', '2024-06-01 01:17:42', '2024-06-01 01:17:42'),
	(625, '43.130.31.48', '2024-06-01 02:48:05', '2024-06-01 02:48:05'),
	(626, '150.109.16.20', '2024-06-01 03:25:33', '2024-06-01 03:25:33'),
	(627, '192.42.116.216', '2024-06-01 04:36:07', '2024-06-01 04:36:07'),
	(628, '193.233.233.29', '2024-06-01 09:40:49', '2024-06-01 09:40:49'),
	(629, '191.96.227.244', '2024-06-01 13:28:08', '2024-06-01 13:28:08'),
	(630, '170.106.171.77', '2024-06-01 15:40:57', '2024-06-01 15:40:57'),
	(631, '43.159.128.172', '2024-06-01 18:42:53', '2024-06-01 18:42:53'),
	(632, '104.166.80.64', '2024-06-01 22:32:32', '2024-06-01 22:32:32'),
	(633, '104.166.80.64', '2024-06-01 22:32:33', '2024-06-01 22:32:33'),
	(634, '80.255.7.106', '2024-06-01 22:53:32', '2024-06-01 22:53:32'),
	(635, '54.191.182.127', '2024-06-01 22:54:19', '2024-06-01 22:54:19'),
	(636, '80.82.70.198', '2024-06-01 22:54:25', '2024-06-01 22:54:25'),
	(637, '197.242.156.69', '2024-06-01 22:54:37', '2024-06-01 22:54:37'),
	(638, '128.90.61.179', '2024-06-01 22:54:37', '2024-06-01 22:54:37'),
	(639, '92.119.177.87', '2024-06-01 22:54:37', '2024-06-01 22:54:37'),
	(640, '212.102.35.73', '2024-06-01 22:54:38', '2024-06-01 22:54:38'),
	(641, '156.146.63.165', '2024-06-01 22:54:38', '2024-06-01 22:54:38'),
	(642, '80.82.70.198', '2024-06-01 22:54:46', '2024-06-01 22:54:46'),
	(643, '193.56.252.249', '2024-06-01 22:55:04', '2024-06-01 22:55:04'),
	(644, '80.82.70.198', '2024-06-01 22:55:33', '2024-06-01 22:55:33'),
	(645, '31.6.58.184', '2024-06-01 22:56:45', '2024-06-01 22:56:45'),
	(646, '206.189.247.132', '2024-06-01 22:56:46', '2024-06-01 22:56:46'),
	(647, '128.90.63.116', '2024-06-01 22:56:46', '2024-06-01 22:56:46'),
	(648, '172.241.26.85', '2024-06-01 22:56:46', '2024-06-01 22:56:46'),
	(649, '89.149.37.63', '2024-06-01 22:56:46', '2024-06-01 22:56:46'),
	(650, '68.183.245.101', '2024-06-01 22:56:47', '2024-06-01 22:56:47'),
	(651, '154.47.30.163', '2024-06-01 22:56:50', '2024-06-01 22:56:50'),
	(652, '104.171.151.100', '2024-06-01 22:58:36', '2024-06-01 22:58:36'),
	(653, '176.126.245.48', '2024-06-01 23:03:50', '2024-06-01 23:03:50'),
	(654, '86.155.134.221', '2024-06-01 23:04:32', '2024-06-01 23:04:32'),
	(655, '107.150.30.246', '2024-06-01 23:04:32', '2024-06-01 23:04:32'),
	(656, '162.222.195.102', '2024-06-01 23:04:32', '2024-06-01 23:04:32'),
	(657, '103.176.152.25', '2024-06-01 23:04:34', '2024-06-01 23:04:34'),
	(658, '173.239.196.49', '2024-06-01 23:09:15', '2024-06-01 23:09:15'),
	(659, '43.135.149.154', '2024-06-02 00:57:33', '2024-06-02 00:57:33'),
	(660, '159.203.118.28', '2024-06-02 02:21:36', '2024-06-02 02:21:36'),
	(661, '43.135.166.178', '2024-06-02 02:48:54', '2024-06-02 02:48:54'),
	(662, '20.105.137.134', '2024-06-02 04:18:37', '2024-06-02 04:18:37'),
	(663, '45.129.35.131', '2024-06-02 06:56:51', '2024-06-02 06:56:51'),
	(664, '3.17.37.36', '2024-06-02 10:34:35', '2024-06-02 10:34:35'),
	(665, '170.106.82.193', '2024-06-02 11:08:47', '2024-06-02 11:08:47'),
	(666, '93.159.230.89', '2024-06-02 11:30:29', '2024-06-02 11:30:29'),
	(667, '128.90.170.12', '2024-06-02 12:23:52', '2024-06-02 12:23:52'),
	(668, '143.198.144.140', '2024-06-02 18:28:06', '2024-06-02 18:28:06'),
	(669, '143.198.144.140', '2024-06-02 18:28:07', '2024-06-02 18:28:07'),
	(670, '43.159.128.149', '2024-06-02 18:31:50', '2024-06-02 18:31:50'),
	(671, '43.153.110.177', '2024-06-02 23:24:09', '2024-06-02 23:24:09'),
	(672, '43.134.37.211', '2024-06-03 00:43:19', '2024-06-03 00:43:19'),
	(673, '43.159.128.68', '2024-06-03 02:54:23', '2024-06-03 02:54:23'),
	(674, '65.154.226.166', '2024-06-03 03:48:16', '2024-06-03 03:48:16'),
	(675, '205.169.39.171', '2024-06-03 03:48:33', '2024-06-03 03:48:33'),
	(676, '205.169.39.171', '2024-06-03 03:48:39', '2024-06-03 03:48:39'),
	(677, '205.169.39.116', '2024-06-03 03:48:50', '2024-06-03 03:48:50'),
	(678, '205.169.39.116', '2024-06-03 03:49:00', '2024-06-03 03:49:00'),
	(679, '23.20.143.211', '2024-06-03 15:30:35', '2024-06-03 15:30:35'),
	(680, '43.133.77.208', '2024-06-03 15:49:37', '2024-06-03 15:49:37'),
	(681, '43.159.128.68', '2024-06-04 01:00:38', '2024-06-04 01:00:38'),
	(682, '5.133.192.166', '2024-06-04 03:08:02', '2024-06-04 03:08:02'),
	(683, '31.167.147.121', '2024-06-04 08:55:45', '2024-06-04 08:55:45'),
	(684, '172.176.75.89', '2024-06-04 13:09:51', '2024-06-04 13:09:51'),
	(685, '172.176.75.89', '2024-06-04 13:10:47', '2024-06-04 13:10:47'),
	(686, '172.176.75.89', '2024-06-04 14:02:06', '2024-06-04 14:02:06'),
	(687, '172.176.75.89', '2024-06-04 14:03:02', '2024-06-04 14:03:02'),
	(688, '43.135.129.233', '2024-06-04 15:57:51', '2024-06-04 15:57:51'),
	(689, '165.232.75.213', '2024-06-04 18:56:46', '2024-06-04 18:56:46'),
	(690, '165.232.75.213', '2024-06-04 18:56:47', '2024-06-04 18:56:47'),
	(691, '43.159.128.68', '2024-06-04 19:02:25', '2024-06-04 19:02:25'),
	(692, '3.249.166.99', '2024-06-04 19:45:44', '2024-06-04 19:45:44'),
	(693, '3.255.111.142', '2024-06-04 20:11:07', '2024-06-04 20:11:07'),
	(694, '34.245.167.107', '2024-06-04 21:53:41', '2024-06-04 21:53:41'),
	(695, '217.196.100.118', '2024-06-05 02:18:09', '2024-06-05 02:18:09'),
	(696, '43.157.66.187', '2024-06-05 03:18:18', '2024-06-05 03:18:18'),
	(697, '43.155.160.173', '2024-06-05 03:39:00', '2024-06-05 03:39:00'),
	(698, '5.82.30.178', '2024-06-05 10:26:38', '2024-06-05 10:26:38'),
	(699, '156.197.13.202', '2024-06-05 10:29:56', '2024-06-05 10:29:56'),
	(700, '66.249.66.169', '2024-06-05 12:42:02', '2024-06-05 12:42:02'),
	(701, '66.249.66.168', '2024-06-05 12:42:04', '2024-06-05 12:42:04'),
	(702, '43.130.47.136', '2024-06-05 15:50:51', '2024-06-05 15:50:51'),
	(703, '43.131.248.209', '2024-06-05 18:45:33', '2024-06-05 18:45:33'),
	(704, '43.155.160.173', '2024-06-05 19:13:36', '2024-06-05 19:13:36'),
	(705, '43.155.160.173', '2024-06-05 19:13:49', '2024-06-05 19:13:49'),
	(706, '135.148.195.3', '2024-06-06 00:24:21', '2024-06-06 00:24:21'),
	(707, '129.226.158.26', '2024-06-06 00:45:13', '2024-06-06 00:45:13'),
	(708, '93.158.90.35', '2024-06-06 02:10:59', '2024-06-06 02:10:59'),
	(709, '43.130.62.164', '2024-06-06 02:31:14', '2024-06-06 02:31:14'),
	(710, '34.204.47.142', '2024-06-06 08:09:47', '2024-06-06 08:09:47'),
	(711, '34.204.47.142', '2024-06-06 08:09:47', '2024-06-06 08:09:47'),
	(712, '54.234.225.43', '2024-06-06 08:10:28', '2024-06-06 08:10:28'),
	(713, '54.234.225.43', '2024-06-06 08:10:28', '2024-06-06 08:10:28'),
	(714, '31.167.147.121', '2024-06-06 09:59:48', '2024-06-06 09:59:48'),
	(715, '52.167.144.142', '2024-06-06 10:11:42', '2024-06-06 10:11:42'),
	(716, '157.55.39.61', '2024-06-06 10:56:47', '2024-06-06 10:56:47'),
	(717, '157.55.39.61', '2024-06-06 10:56:47', '2024-06-06 10:56:47'),
	(718, '40.77.167.60', '2024-06-06 10:56:52', '2024-06-06 10:56:52'),
	(719, '35.91.158.133', '2024-06-06 11:08:56', '2024-06-06 11:08:56'),
	(720, '54.201.252.187', '2024-06-06 11:08:56', '2024-06-06 11:08:56'),
	(721, '40.77.167.247', '2024-06-06 11:12:52', '2024-06-06 11:12:52'),
	(722, '52.167.144.24', '2024-06-06 11:28:06', '2024-06-06 11:28:06'),
	(723, '52.167.144.24', '2024-06-06 11:28:07', '2024-06-06 11:28:07'),
	(724, '52.167.144.219', '2024-06-06 11:28:17', '2024-06-06 11:28:17'),
	(725, '52.167.144.219', '2024-06-06 11:28:17', '2024-06-06 11:28:17'),
	(726, '157.55.39.11', '2024-06-06 11:28:22', '2024-06-06 11:28:22'),
	(727, '52.167.144.219', '2024-06-06 11:28:37', '2024-06-06 11:28:37'),
	(728, '52.167.144.200', '2024-06-06 11:45:50', '2024-06-06 11:45:50'),
	(729, '52.167.144.200', '2024-06-06 11:45:50', '2024-06-06 11:45:50'),
	(730, '40.77.167.50', '2024-06-06 12:00:32', '2024-06-06 12:00:32'),
	(731, '52.167.144.166', '2024-06-06 12:00:36', '2024-06-06 12:00:36'),
	(732, '65.154.226.170', '2024-06-06 12:28:32', '2024-06-06 12:28:32'),
	(733, '40.77.167.255', '2024-06-06 13:52:14', '2024-06-06 13:52:14'),
	(734, '43.159.129.209', '2024-06-06 15:55:12', '2024-06-06 15:55:12'),
	(735, '165.22.226.229', '2024-06-06 18:38:56', '2024-06-06 18:38:56'),
	(736, '165.22.226.229', '2024-06-06 18:38:56', '2024-06-06 18:38:56'),
	(737, '45.130.202.181', '2024-06-06 22:18:55', '2024-06-06 22:18:55'),
	(738, '107.173.88.207', '2024-06-07 00:05:32', '2024-06-07 00:05:32'),
	(739, '43.133.77.208', '2024-06-07 00:50:40', '2024-06-07 00:50:40'),
	(740, '43.135.149.154', '2024-06-07 03:42:18', '2024-06-07 03:42:18'),
	(741, '13.235.100.159', '2024-06-07 09:00:42', '2024-06-07 09:00:42'),
	(742, '40.77.167.243', '2024-06-07 12:33:27', '2024-06-07 12:33:27'),
	(743, '43.130.47.136', '2024-06-07 15:48:53', '2024-06-07 15:48:53'),
	(744, '13.95.133.245', '2024-06-07 16:08:43', '2024-06-07 16:08:43'),
	(745, '43.163.6.35', '2024-06-07 16:27:31', '2024-06-07 16:27:31'),
	(746, '43.153.93.68', '2024-06-07 21:07:41', '2024-06-07 21:07:41'),
	(747, '52.167.144.145', '2024-06-07 21:48:20', '2024-06-07 21:48:20'),
	(748, '40.77.167.13', '2024-06-07 22:47:43', '2024-06-07 22:47:43'),
	(749, '54.174.58.250', '2024-06-07 23:32:07', '2024-06-07 23:32:07'),
	(750, '52.167.144.174', '2024-06-08 00:28:24', '2024-06-08 00:28:24'),
	(751, '40.77.167.38', '2024-06-08 01:54:21', '2024-06-08 01:54:21'),
	(752, '207.46.13.7', '2024-06-08 02:42:20', '2024-06-08 02:42:20'),
	(753, '20.105.137.134', '2024-06-08 06:54:25', '2024-06-08 06:54:25'),
	(754, '52.167.144.174', '2024-06-08 08:44:22', '2024-06-08 08:44:22'),
	(755, '157.55.39.14', '2024-06-08 10:36:47', '2024-06-08 10:36:47'),
	(756, '157.55.39.11', '2024-06-08 11:06:22', '2024-06-08 11:06:22'),
	(757, '40.77.167.235', '2024-06-08 11:31:14', '2024-06-08 11:31:14'),
	(758, '52.167.144.179', '2024-06-08 11:40:27', '2024-06-08 11:40:27'),
	(759, '52.167.144.179', '2024-06-08 11:40:28', '2024-06-08 11:40:28'),
	(760, '52.167.144.179', '2024-06-08 11:51:45', '2024-06-08 11:51:45'),
	(761, '34.219.58.115', '2024-06-08 12:02:47', '2024-06-08 12:02:47'),
	(762, '35.90.215.30', '2024-06-08 12:02:48', '2024-06-08 12:02:48'),
	(763, '52.167.144.226', '2024-06-08 12:53:23', '2024-06-08 12:53:23'),
	(764, '157.55.39.11', '2024-06-08 14:22:58', '2024-06-08 14:22:58'),
	(765, '40.77.167.143', '2024-06-08 14:42:37', '2024-06-08 14:42:37'),
	(766, '43.155.160.173', '2024-06-08 16:57:36', '2024-06-08 16:57:36'),
	(767, '157.55.39.48', '2024-06-08 17:36:33', '2024-06-08 17:36:33'),
	(768, '52.167.144.188', '2024-06-08 18:27:41', '2024-06-08 18:27:41'),
	(769, '43.133.77.208', '2024-06-08 18:52:48', '2024-06-08 18:52:48'),
	(770, '157.55.39.204', '2024-06-08 19:32:15', '2024-06-08 19:32:15'),
	(771, '134.209.157.34', '2024-06-08 19:56:31', '2024-06-08 19:56:31'),
	(772, '134.209.157.34', '2024-06-08 19:56:33', '2024-06-08 19:56:33'),
	(773, '40.77.167.30', '2024-06-08 20:44:27', '2024-06-08 20:44:27'),
	(774, '52.167.144.219', '2024-06-08 22:16:15', '2024-06-08 22:16:15'),
	(775, '52.167.144.208', '2024-06-08 22:38:08', '2024-06-08 22:38:08'),
	(776, '212.102.35.40', '2024-06-09 00:18:39', '2024-06-09 00:18:39'),
	(777, '129.226.147.7', '2024-06-09 01:56:40', '2024-06-09 01:56:40'),
	(778, '147.45.187.169', '2024-06-09 04:42:15', '2024-06-09 04:42:15'),
	(779, '52.167.144.168', '2024-06-09 05:53:24', '2024-06-09 05:53:24'),
	(780, '52.167.144.188', '2024-06-09 08:46:53', '2024-06-09 08:46:53'),
	(781, '156.197.111.12', '2024-06-09 10:46:53', '2024-06-09 10:46:53'),
	(782, '40.77.167.67', '2024-06-09 12:59:27', '2024-06-09 12:59:27'),
	(783, '40.77.167.50', '2024-06-09 14:20:34', '2024-06-09 14:20:34'),
	(784, '52.167.144.203', '2024-06-09 15:01:55', '2024-06-09 15:01:55'),
	(785, '43.133.77.208', '2024-06-09 16:10:34', '2024-06-09 16:10:34'),
	(786, '207.46.13.54', '2024-06-09 16:16:53', '2024-06-09 16:16:53'),
	(787, '43.155.166.202', '2024-06-09 16:37:34', '2024-06-09 16:37:34'),
	(788, '43.155.166.202', '2024-06-09 16:37:55', '2024-06-09 16:37:55'),
	(789, '43.155.166.202', '2024-06-09 17:02:51', '2024-06-09 17:02:51'),
	(790, '52.167.144.195', '2024-06-09 17:46:10', '2024-06-09 17:46:10'),
	(791, '51.222.253.2', '2024-06-09 18:39:43', '2024-06-09 18:39:43'),
	(792, '43.133.38.182', '2024-06-09 18:50:42', '2024-06-09 18:50:42'),
	(793, '128.90.170.21', '2024-06-09 19:26:22', '2024-06-09 19:26:22'),
	(794, '51.222.253.10', '2024-06-09 20:56:43', '2024-06-09 20:56:43'),
	(795, '52.167.144.215', '2024-06-09 21:05:48', '2024-06-09 21:05:48'),
	(796, '51.222.253.13', '2024-06-09 21:06:37', '2024-06-09 21:06:37'),
	(797, '51.222.253.13', '2024-06-09 21:17:16', '2024-06-09 21:17:16'),
	(798, '51.222.253.11', '2024-06-09 21:27:40', '2024-06-09 21:27:40'),
	(799, '40.77.167.32', '2024-06-09 21:32:08', '2024-06-09 21:32:08'),
	(800, '51.222.253.9', '2024-06-09 21:38:19', '2024-06-09 21:38:19'),
	(801, '51.222.253.19', '2024-06-09 21:48:47', '2024-06-09 21:48:47'),
	(802, '52.167.144.215', '2024-06-09 21:57:55', '2024-06-09 21:57:55'),
	(803, '51.222.253.4', '2024-06-09 21:59:24', '2024-06-09 21:59:24'),
	(804, '51.222.253.14', '2024-06-09 22:10:09', '2024-06-09 22:10:09'),
	(805, '157.55.39.56', '2024-06-09 22:12:05', '2024-06-09 22:12:05'),
	(806, '51.222.253.15', '2024-06-09 22:20:40', '2024-06-09 22:20:40'),
	(807, '51.222.253.12', '2024-06-09 22:31:54', '2024-06-09 22:31:54'),
	(808, '51.222.253.12', '2024-06-09 22:42:30', '2024-06-09 22:42:30'),
	(809, '51.222.253.12', '2024-06-09 22:52:52', '2024-06-09 22:52:52'),
	(810, '51.222.253.15', '2024-06-09 23:03:21', '2024-06-09 23:03:21'),
	(811, '51.222.253.7', '2024-06-09 23:14:02', '2024-06-09 23:14:02'),
	(812, '51.222.253.6', '2024-06-09 23:24:32', '2024-06-09 23:24:32'),
	(813, '5.133.192.135', '2024-06-09 23:26:30', '2024-06-09 23:26:30'),
	(814, '51.222.253.13', '2024-06-09 23:35:15', '2024-06-09 23:35:15'),
	(815, '51.222.253.17', '2024-06-09 23:57:26', '2024-06-09 23:57:26'),
	(816, '51.222.253.7', '2024-06-10 00:18:49', '2024-06-10 00:18:49'),
	(817, '51.222.253.20', '2024-06-10 00:37:45', '2024-06-10 00:37:45'),
	(818, '170.106.82.193', '2024-06-10 00:53:08', '2024-06-10 00:53:08'),
	(819, '40.77.167.78', '2024-06-10 00:53:18', '2024-06-10 00:53:18'),
	(820, '51.222.253.19', '2024-06-10 00:56:19', '2024-06-10 00:56:19'),
	(821, '51.222.253.5', '2024-06-10 01:14:40', '2024-06-10 01:14:40'),
	(822, '51.222.253.19', '2024-06-10 01:33:42', '2024-06-10 01:33:42'),
	(823, '193.233.233.29', '2024-06-10 01:46:14', '2024-06-10 01:46:14'),
	(824, '51.222.253.1', '2024-06-10 02:12:38', '2024-06-10 02:12:38'),
	(825, '40.77.167.235', '2024-06-10 02:38:17', '2024-06-10 02:38:17'),
	(826, '52.167.144.233', '2024-06-10 02:39:35', '2024-06-10 02:39:35'),
	(827, '51.222.253.1', '2024-06-10 02:52:15', '2024-06-10 02:52:15'),
	(828, '51.222.253.15', '2024-06-10 03:26:58', '2024-06-10 03:26:58'),
	(829, '51.222.253.6', '2024-06-10 04:02:47', '2024-06-10 04:02:47'),
	(830, '51.222.253.4', '2024-06-10 04:21:06', '2024-06-10 04:21:06'),
	(831, '51.222.253.10', '2024-06-10 04:39:24', '2024-06-10 04:39:24'),
	(832, '52.167.144.216', '2024-06-10 04:48:29', '2024-06-10 04:48:29'),
	(833, '51.222.253.14', '2024-06-10 04:57:16', '2024-06-10 04:57:16'),
	(834, '43.130.37.62', '2024-06-10 05:03:35', '2024-06-10 05:03:35'),
	(835, '51.222.253.9', '2024-06-10 05:14:15', '2024-06-10 05:14:15'),
	(836, '40.77.167.77', '2024-06-10 05:38:39', '2024-06-10 05:38:39'),
	(837, '40.77.167.255', '2024-06-10 05:38:43', '2024-06-10 05:38:43'),
	(838, '51.222.253.4', '2024-06-10 06:25:04', '2024-06-10 06:25:04'),
	(839, '51.222.253.19', '2024-06-10 07:01:05', '2024-06-10 07:01:05'),
	(840, '51.222.253.16', '2024-06-10 07:37:33', '2024-06-10 07:37:33'),
	(841, '51.222.253.15', '2024-06-10 08:15:32', '2024-06-10 08:15:32'),
	(842, '52.167.144.229', '2024-06-10 09:15:05', '2024-06-10 09:15:05'),
	(843, '51.222.253.6', '2024-06-10 09:26:10', '2024-06-10 09:26:10'),
	(844, '52.167.144.218', '2024-06-10 09:50:08', '2024-06-10 09:50:08'),
	(845, '52.167.144.187', '2024-06-10 10:10:54', '2024-06-10 10:10:54'),
	(846, '51.222.253.11', '2024-06-10 10:36:39', '2024-06-10 10:36:39'),
	(847, '207.46.13.168', '2024-06-10 11:09:18', '2024-06-10 11:09:18'),
	(848, '35.86.95.49', '2024-06-10 11:28:47', '2024-06-10 11:28:47'),
	(849, '54.245.33.245', '2024-06-10 11:28:48', '2024-06-10 11:28:48'),
	(850, '51.222.253.9', '2024-06-10 11:41:17', '2024-06-10 11:41:17'),
	(851, '51.222.253.20', '2024-06-10 12:48:12', '2024-06-10 12:48:12'),
	(852, '81.181.56.65', '2024-06-10 12:58:01', '2024-06-10 12:58:01'),
	(853, '40.77.167.52', '2024-06-10 13:10:30', '2024-06-10 13:10:30'),
	(854, '51.222.253.1', '2024-06-10 13:58:16', '2024-06-10 13:58:16'),
	(855, '207.46.13.127', '2024-06-10 14:26:37', '2024-06-10 14:26:37'),
	(856, '51.222.253.17', '2024-06-10 14:34:52', '2024-06-10 14:34:52'),
	(857, '51.222.253.18', '2024-06-10 15:42:50', '2024-06-10 15:42:50'),
	(858, '52.167.144.229', '2024-06-10 15:44:34', '2024-06-10 15:44:34'),
	(859, '40.77.167.36', '2024-06-10 16:53:43', '2024-06-10 16:53:43'),
	(860, '51.222.253.15', '2024-06-10 17:55:08', '2024-06-10 17:55:08'),
	(861, '193.233.233.29', '2024-06-10 18:02:00', '2024-06-10 18:02:00'),
	(862, '52.167.144.174', '2024-06-10 18:38:58', '2024-06-10 18:38:58'),
	(863, '43.131.248.209', '2024-06-10 18:44:40', '2024-06-10 18:44:40'),
	(864, '157.55.39.60', '2024-06-10 18:48:33', '2024-06-10 18:48:33'),
	(865, '159.223.225.123', '2024-06-10 19:04:19', '2024-06-10 19:04:19'),
	(866, '159.223.225.123', '2024-06-10 19:04:20', '2024-06-10 19:04:20'),
	(867, '51.222.253.7', '2024-06-10 19:04:32', '2024-06-10 19:04:32'),
	(868, '43.155.166.202', '2024-06-10 19:10:14', '2024-06-10 19:10:14'),
	(869, '51.222.253.6', '2024-06-10 20:16:27', '2024-06-10 20:16:27'),
	(870, '51.222.253.4', '2024-06-10 21:21:41', '2024-06-10 21:21:41'),
	(871, '40.77.167.57', '2024-06-10 21:44:44', '2024-06-10 21:44:44'),
	(872, '51.222.253.15', '2024-06-10 22:30:02', '2024-06-10 22:30:02'),
	(873, '52.167.144.186', '2024-06-10 23:59:38', '2024-06-10 23:59:38'),
	(874, '204.101.161.19', '2024-06-11 01:59:31', '2024-06-11 01:59:31'),
	(875, '157.55.39.205', '2024-06-11 04:13:02', '2024-06-11 04:13:02'),
	(876, '157.55.39.205', '2024-06-11 05:17:18', '2024-06-11 05:17:18'),
	(877, '44.234.44.234', '2024-06-11 05:52:12', '2024-06-11 05:52:12'),
	(878, '156.197.42.221', '2024-06-11 06:18:06', '2024-06-11 06:18:06'),
	(879, '40.77.167.27', '2024-06-11 06:34:55', '2024-06-11 06:34:55'),
	(880, '51.222.253.10', '2024-06-11 09:40:12', '2024-06-11 09:40:12'),
	(881, '146.247.229.2', '2024-06-11 14:23:40', '2024-06-11 14:23:40'),
	(882, '52.167.144.19', '2024-06-11 14:34:13', '2024-06-11 14:34:13'),
	(883, '51.222.253.11', '2024-06-11 14:52:53', '2024-06-11 14:52:53'),
	(884, '51.222.253.10', '2024-06-11 15:38:06', '2024-06-11 15:38:06'),
	(885, '43.135.181.13', '2024-06-11 15:51:20', '2024-06-11 15:51:20'),
	(886, '51.222.253.6', '2024-06-11 16:01:51', '2024-06-11 16:01:51'),
	(887, '51.222.253.4', '2024-06-11 16:23:14', '2024-06-11 16:23:14'),
	(888, '51.222.253.6', '2024-06-11 16:34:11', '2024-06-11 16:34:11'),
	(889, '51.222.253.8', '2024-06-11 16:44:54', '2024-06-11 16:44:54'),
	(890, '51.222.253.1', '2024-06-11 16:55:55', '2024-06-11 16:55:55'),
	(891, '51.222.253.5', '2024-06-11 17:17:23', '2024-06-11 17:17:23'),
	(892, '51.222.253.1', '2024-06-11 17:37:57', '2024-06-11 17:37:57'),
	(893, '51.222.253.8', '2024-06-11 18:00:18', '2024-06-11 18:00:18'),
	(894, '51.222.253.18', '2024-06-11 18:22:26', '2024-06-11 18:22:26'),
	(895, '51.222.253.8', '2024-06-11 18:44:49', '2024-06-11 18:44:49'),
	(896, '170.106.82.193', '2024-06-11 18:51:25', '2024-06-11 18:51:25'),
	(897, '51.222.253.20', '2024-06-11 19:07:26', '2024-06-11 19:07:26'),
	(898, '51.222.253.18', '2024-06-11 19:28:52', '2024-06-11 19:28:52'),
	(899, '197.35.239.210', '2024-06-11 19:32:00', '2024-06-11 19:32:00'),
	(900, '51.222.253.17', '2024-06-11 19:50:12', '2024-06-11 19:50:12'),
	(901, '43.159.128.172', '2024-06-11 20:01:13', '2024-06-11 20:01:13'),
	(902, '51.222.253.10', '2024-06-11 20:10:47', '2024-06-11 20:10:47'),
	(903, '51.222.253.8', '2024-06-11 20:32:42', '2024-06-11 20:32:42'),
	(904, '51.222.253.14', '2024-06-11 20:54:24', '2024-06-11 20:54:24'),
	(905, '51.222.253.14', '2024-06-11 21:05:19', '2024-06-11 21:05:19'),
	(906, '51.222.253.15', '2024-06-11 21:27:24', '2024-06-11 21:27:24'),
	(907, '51.222.253.16', '2024-06-11 21:50:41', '2024-06-11 21:50:41'),
	(908, '51.222.253.1', '2024-06-11 22:10:17', '2024-06-11 22:10:17'),
	(909, '51.222.253.19', '2024-06-11 22:23:55', '2024-06-11 22:23:55'),
	(910, '51.222.253.9', '2024-06-11 22:37:49', '2024-06-11 22:37:49'),
	(911, '51.222.253.16', '2024-06-11 22:57:04', '2024-06-11 22:57:04'),
	(912, '51.222.253.2', '2024-06-11 23:16:56', '2024-06-11 23:16:56'),
	(913, '51.222.253.18', '2024-06-11 23:37:43', '2024-06-11 23:37:43'),
	(914, '51.222.253.5', '2024-06-11 23:58:20', '2024-06-11 23:58:20'),
	(915, '51.222.253.20', '2024-06-12 00:39:34', '2024-06-12 00:39:34'),
	(916, '51.222.253.9', '2024-06-12 01:00:24', '2024-06-12 01:00:24'),
	(917, '51.222.253.5', '2024-06-12 01:45:42', '2024-06-12 01:45:42'),
	(918, '157.55.39.52', '2024-06-12 02:15:59', '2024-06-12 02:15:59'),
	(919, '51.222.253.7', '2024-06-12 02:35:49', '2024-06-12 02:35:49'),
	(920, '193.233.233.29', '2024-06-12 02:51:56', '2024-06-12 02:51:56'),
	(921, '207.46.13.7', '2024-06-12 03:19:56', '2024-06-12 03:19:56'),
	(922, '51.222.253.7', '2024-06-12 03:26:27', '2024-06-12 03:26:27'),
	(923, '51.222.253.20', '2024-06-12 04:15:18', '2024-06-12 04:15:18'),
	(924, '52.167.144.168', '2024-06-12 04:37:34', '2024-06-12 04:37:34'),
	(925, '43.131.62.4', '2024-06-12 05:01:02', '2024-06-12 05:01:02'),
	(926, '51.222.253.6', '2024-06-12 05:03:35', '2024-06-12 05:03:35'),
	(927, '51.222.253.8', '2024-06-12 05:49:28', '2024-06-12 05:49:28'),
	(928, '51.222.253.19', '2024-06-12 06:49:32', '2024-06-12 06:49:32'),
	(929, '43.135.166.178', '2024-06-12 07:31:18', '2024-06-12 07:31:18'),
	(930, '51.222.253.15', '2024-06-12 08:15:35', '2024-06-12 08:15:35'),
	(931, '51.222.253.7', '2024-06-12 08:43:47', '2024-06-12 08:43:47'),
	(932, '156.197.111.12', '2024-06-12 08:44:24', '2024-06-12 08:44:24'),
	(933, '51.222.253.10', '2024-06-12 09:08:12', '2024-06-12 09:08:12'),
	(934, '51.222.253.5', '2024-06-12 09:18:55', '2024-06-12 09:18:55'),
	(935, '51.222.253.17', '2024-06-12 09:33:55', '2024-06-12 09:33:55'),
	(936, '51.222.253.1', '2024-06-12 09:50:04', '2024-06-12 09:50:04'),
	(937, '51.222.253.16', '2024-06-12 10:06:49', '2024-06-12 10:06:49'),
	(938, '51.222.253.1', '2024-06-12 10:21:09', '2024-06-12 10:21:09'),
	(939, '51.222.253.7', '2024-06-12 10:35:26', '2024-06-12 10:35:26'),
	(940, '51.222.253.6', '2024-06-12 10:48:41', '2024-06-12 10:48:41'),
	(941, '51.222.253.8', '2024-06-12 11:00:40', '2024-06-12 11:00:40'),
	(942, '51.222.253.10', '2024-06-12 11:07:23', '2024-06-12 11:07:23'),
	(943, '51.222.253.14', '2024-06-12 11:13:03', '2024-06-12 11:13:03'),
	(944, '51.222.253.19', '2024-06-12 11:17:18', '2024-06-12 11:17:18'),
	(945, '51.222.253.10', '2024-06-12 11:21:14', '2024-06-12 11:21:14'),
	(946, '51.222.253.16', '2024-06-12 11:24:50', '2024-06-12 11:24:50'),
	(947, '51.222.253.15', '2024-06-12 11:28:52', '2024-06-12 11:28:52'),
	(948, '51.222.253.7', '2024-06-12 11:33:24', '2024-06-12 11:33:24'),
	(949, '51.222.253.17', '2024-06-12 11:37:01', '2024-06-12 11:37:01'),
	(950, '52.167.144.186', '2024-06-12 12:36:49', '2024-06-12 12:36:49'),
	(951, '52.167.144.238', '2024-06-12 14:07:58', '2024-06-12 14:07:58'),
	(952, '129.226.158.26', '2024-06-12 16:08:21', '2024-06-12 16:08:21'),
	(953, '24.144.81.123', '2024-06-12 18:13:55', '2024-06-12 18:13:55'),
	(954, '24.144.81.123', '2024-06-12 18:13:56', '2024-06-12 18:13:56'),
	(955, '52.167.144.230', '2024-06-12 18:18:58', '2024-06-12 18:18:58'),
	(956, '43.153.93.68', '2024-06-12 18:54:29', '2024-06-12 18:54:29'),
	(957, '157.55.39.48', '2024-06-12 19:17:25', '2024-06-12 19:17:25'),
	(958, '207.46.13.111', '2024-06-12 20:10:52', '2024-06-12 20:10:52'),
	(959, '34.223.48.163', '2024-06-12 23:56:24', '2024-06-12 23:56:24'),
	(960, '43.130.7.211', '2024-06-13 01:01:00', '2024-06-13 01:01:00'),
	(961, '135.148.195.10', '2024-06-13 02:52:45', '2024-06-13 02:52:45'),
	(962, '150.109.253.34', '2024-06-13 03:11:34', '2024-06-13 03:11:34'),
	(963, '157.245.119.2', '2024-06-13 04:17:36', '2024-06-13 04:17:36'),
	(964, '157.245.119.2', '2024-06-13 04:17:36', '2024-06-13 04:17:36'),
	(965, '193.233.233.29', '2024-06-13 07:47:50', '2024-06-13 07:47:50'),
	(966, '3.92.92.140', '2024-06-13 09:48:53', '2024-06-13 09:48:53'),
	(967, '128.90.170.32', '2024-06-13 12:08:51', '2024-06-13 12:08:51'),
	(968, '18.218.240.245', '2024-06-13 13:47:40', '2024-06-13 13:47:40'),
	(969, '18.218.240.245', '2024-06-13 13:47:41', '2024-06-13 13:47:41'),
	(970, '18.218.240.245', '2024-06-13 13:47:50', '2024-06-13 13:47:50'),
	(971, '18.218.240.245', '2024-06-13 13:47:52', '2024-06-13 13:47:52'),
	(972, '18.218.240.245', '2024-06-13 13:47:52', '2024-06-13 13:47:52'),
	(973, '18.218.240.245', '2024-06-13 13:47:52', '2024-06-13 13:47:52'),
	(974, '18.218.240.245', '2024-06-13 13:47:52', '2024-06-13 13:47:52'),
	(975, '18.218.240.245', '2024-06-13 13:47:52', '2024-06-13 13:47:52'),
	(976, '18.218.240.245', '2024-06-13 13:47:52', '2024-06-13 13:47:52'),
	(977, '43.135.181.13', '2024-06-13 15:55:49', '2024-06-13 15:55:49'),
	(978, '54.36.148.29', '2024-06-13 18:15:44', '2024-06-13 18:15:44'),
	(979, '193.233.233.29', '2024-06-13 20:42:32', '2024-06-13 20:42:32'),
	(980, '91.240.118.139', '2024-06-14 02:48:11', '2024-06-14 02:48:11'),
	(981, '138.246.253.15', '2024-06-14 06:31:35', '2024-06-14 06:31:35'),
	(982, '52.167.144.185', '2024-06-14 15:40:13', '2024-06-14 15:40:13'),
	(983, '35.171.144.152', '2024-06-14 16:31:38', '2024-06-14 16:31:38'),
	(984, '54.88.179.33', '2024-06-14 16:31:38', '2024-06-14 16:31:38'),
	(985, '54.88.179.33', '2024-06-14 16:31:39', '2024-06-14 16:31:39'),
	(986, '43.135.149.154', '2024-06-14 18:59:06', '2024-06-14 18:59:06'),
	(987, '52.167.144.226', '2024-06-14 19:28:30', '2024-06-14 19:28:30'),
	(988, '159.65.207.86', '2024-06-14 20:40:37', '2024-06-14 20:40:37'),
	(989, '159.65.207.86', '2024-06-14 20:40:38', '2024-06-14 20:40:38'),
	(990, '52.167.144.187', '2024-06-14 21:53:34', '2024-06-14 21:53:34'),
	(991, '40.77.167.22', '2024-06-14 22:06:18', '2024-06-14 22:06:18'),
	(992, '54.196.128.106', '2024-06-14 23:16:51', '2024-06-14 23:16:51'),
	(993, '40.77.167.243', '2024-06-14 23:30:14', '2024-06-14 23:30:14'),
	(994, '40.77.167.255', '2024-06-15 00:18:57', '2024-06-15 00:18:57'),
	(995, '52.167.144.136', '2024-06-15 03:09:10', '2024-06-15 03:09:10'),
	(996, '193.233.233.29', '2024-06-15 03:36:48', '2024-06-15 03:36:48'),
	(997, '52.167.144.179', '2024-06-15 03:38:10', '2024-06-15 03:38:10'),
	(998, '52.167.144.190', '2024-06-15 04:27:06', '2024-06-15 04:27:06'),
	(999, '52.167.144.189', '2024-06-15 08:52:48', '2024-06-15 08:52:48'),
	(1000, '35.171.144.152', '2024-06-15 09:03:11', '2024-06-15 09:03:11'),
	(1001, '54.88.179.33', '2024-06-15 09:03:11', '2024-06-15 09:03:11'),
	(1002, '35.171.144.152', '2024-06-15 09:03:11', '2024-06-15 09:03:11'),
	(1003, '15.204.88.117', '2024-06-15 09:26:18', '2024-06-15 09:26:18'),
	(1004, '15.204.88.117', '2024-06-15 09:26:20', '2024-06-15 09:26:20'),
	(1005, '154.16.226.119', '2024-06-15 10:42:24', '2024-06-15 10:42:24'),
	(1006, '178.254.29.124', '2024-06-15 12:04:47', '2024-06-15 12:04:47'),
	(1007, '52.167.144.226', '2024-06-15 13:51:16', '2024-06-15 13:51:16'),
	(1008, '40.77.167.8', '2024-06-15 14:11:18', '2024-06-15 14:11:18'),
	(1009, '54.174.58.226', '2024-06-15 14:59:40', '2024-06-15 14:59:40'),
	(1010, '43.153.93.68', '2024-06-15 16:00:16', '2024-06-15 16:00:16'),
	(1011, '54.174.58.250', '2024-06-15 16:05:07', '2024-06-15 16:05:07'),
	(1012, '40.77.167.79', '2024-06-15 17:55:19', '2024-06-15 17:55:19'),
	(1013, '43.134.37.211', '2024-06-15 18:50:56', '2024-06-15 18:50:56'),
	(1014, '54.174.58.250', '2024-06-15 18:52:56', '2024-06-15 18:52:56'),
	(1015, '5.133.192.136', '2024-06-15 20:25:51', '2024-06-15 20:25:51'),
	(1016, '40.77.167.55', '2024-06-15 20:52:20', '2024-06-15 20:52:20'),
	(1017, '52.143.123.180', '2024-06-15 22:05:02', '2024-06-15 22:05:02'),
	(1018, '40.77.167.8', '2024-06-15 22:28:34', '2024-06-15 22:28:34'),
	(1019, '69.160.160.60', '2024-06-15 23:54:10', '2024-06-15 23:54:10'),
	(1020, '69.160.160.60', '2024-06-15 23:54:11', '2024-06-15 23:54:11'),
	(1021, '69.160.160.60', '2024-06-15 23:54:18', '2024-06-15 23:54:18'),
	(1022, '69.160.160.60', '2024-06-15 23:54:18', '2024-06-15 23:54:18'),
	(1023, '69.160.160.60', '2024-06-15 23:54:19', '2024-06-15 23:54:19'),
	(1024, '69.160.160.60', '2024-06-15 23:54:19', '2024-06-15 23:54:19'),
	(1025, '69.160.160.60', '2024-06-15 23:54:19', '2024-06-15 23:54:19'),
	(1026, '69.160.160.60', '2024-06-15 23:54:19', '2024-06-15 23:54:19'),
	(1027, '69.160.160.60', '2024-06-15 23:54:19', '2024-06-15 23:54:19'),
	(1028, '69.160.160.60', '2024-06-15 23:54:19', '2024-06-15 23:54:19'),
	(1029, '69.160.160.60', '2024-06-15 23:54:20', '2024-06-15 23:54:20'),
	(1030, '69.160.160.60', '2024-06-15 23:54:20', '2024-06-15 23:54:20'),
	(1031, '69.160.160.60', '2024-06-15 23:54:20', '2024-06-15 23:54:20'),
	(1032, '69.160.160.60', '2024-06-15 23:54:20', '2024-06-15 23:54:20'),
	(1033, '69.160.160.60', '2024-06-15 23:54:20', '2024-06-15 23:54:20'),
	(1034, '69.160.160.60', '2024-06-15 23:54:20', '2024-06-15 23:54:20'),
	(1035, '69.160.160.60', '2024-06-15 23:54:20', '2024-06-15 23:54:20'),
	(1036, '69.160.160.60', '2024-06-15 23:54:21', '2024-06-15 23:54:21'),
	(1037, '69.160.160.60', '2024-06-15 23:54:21', '2024-06-15 23:54:21'),
	(1038, '69.160.160.60', '2024-06-15 23:54:21', '2024-06-15 23:54:21'),
	(1039, '69.160.160.60', '2024-06-15 23:54:21', '2024-06-15 23:54:21'),
	(1040, '69.160.160.60', '2024-06-15 23:54:21', '2024-06-15 23:54:21'),
	(1041, '69.160.160.60', '2024-06-15 23:54:22', '2024-06-15 23:54:22'),
	(1042, '69.160.160.60', '2024-06-15 23:54:22', '2024-06-15 23:54:22'),
	(1043, '69.160.160.60', '2024-06-15 23:54:22', '2024-06-15 23:54:22'),
	(1044, '69.160.160.60', '2024-06-15 23:54:22', '2024-06-15 23:54:22'),
	(1045, '52.167.144.145', '2024-06-16 02:11:11', '2024-06-16 02:11:11'),
	(1046, '193.233.233.29', '2024-06-16 03:09:57', '2024-06-16 03:09:57'),
	(1047, '40.77.167.243', '2024-06-16 03:29:27', '2024-06-16 03:29:27'),
	(1048, '52.143.123.180', '2024-06-16 05:38:45', '2024-06-16 05:38:45'),
	(1049, '52.143.123.180', '2024-06-16 06:58:08', '2024-06-16 06:58:08'),
	(1050, '52.143.123.180', '2024-06-16 07:18:52', '2024-06-16 07:18:52'),
	(1051, '40.77.167.38', '2024-06-16 07:54:08', '2024-06-16 07:54:08'),
	(1052, '91.240.118.139', '2024-06-16 08:34:52', '2024-06-16 08:34:52'),
	(1053, '52.143.123.180', '2024-06-16 10:08:58', '2024-06-16 10:08:58'),
	(1054, '52.143.123.180', '2024-06-16 10:28:49', '2024-06-16 10:28:49'),
	(1055, '52.143.123.180', '2024-06-16 10:53:30', '2024-06-16 10:53:30'),
	(1056, '93.159.230.87', '2024-06-16 11:39:21', '2024-06-16 11:39:21'),
	(1057, '52.167.144.203', '2024-06-16 12:52:57', '2024-06-16 12:52:57'),
	(1058, '52.167.144.190', '2024-06-16 13:14:19', '2024-06-16 13:14:19'),
	(1059, '43.130.7.211', '2024-06-16 16:01:09', '2024-06-16 16:01:09'),
	(1060, '52.167.144.145', '2024-06-16 16:54:29', '2024-06-16 16:54:29'),
	(1061, '164.92.189.49', '2024-06-16 18:47:25', '2024-06-16 18:47:25'),
	(1062, '164.92.189.49', '2024-06-16 18:47:26', '2024-06-16 18:47:26'),
	(1063, '40.77.167.48', '2024-06-16 19:46:24', '2024-06-16 19:46:24'),
	(1064, '52.167.144.163', '2024-06-16 21:22:35', '2024-06-16 21:22:35'),
	(1065, '193.233.233.29', '2024-06-16 23:30:58', '2024-06-16 23:30:58'),
	(1066, '52.167.144.163', '2024-06-17 01:17:57', '2024-06-17 01:17:57'),
	(1067, '40.77.167.49', '2024-06-17 02:36:12', '2024-06-17 02:36:12'),
	(1068, '43.134.37.211', '2024-06-17 03:06:52', '2024-06-17 03:06:52'),
	(1069, '93.158.90.36', '2024-06-17 04:31:18', '2024-06-17 04:31:18'),
	(1070, '52.167.144.187', '2024-06-17 07:01:39', '2024-06-17 07:01:39'),
	(1071, '40.77.167.5', '2024-06-17 12:00:08', '2024-06-17 12:00:08'),
	(1072, '52.167.144.212', '2024-06-17 12:20:59', '2024-06-17 12:20:59'),
	(1073, '52.167.144.17', '2024-06-17 15:47:09', '2024-06-17 15:47:09'),
	(1074, '43.135.181.13', '2024-06-17 16:04:34', '2024-06-17 16:04:34'),
	(1075, '54.36.148.16', '2024-06-17 18:30:12', '2024-06-17 18:30:12'),
	(1076, '40.77.167.33', '2024-06-17 18:47:10', '2024-06-17 18:47:10'),
	(1077, '43.130.32.224', '2024-06-17 18:59:52', '2024-06-17 18:59:52'),
	(1078, '52.167.144.231', '2024-06-17 20:18:03', '2024-06-17 20:18:03'),
	(1079, '20.105.137.134', '2024-06-17 21:18:32', '2024-06-17 21:18:32'),
	(1080, '51.222.253.2', '2024-06-17 21:43:01', '2024-06-17 21:43:01'),
	(1081, '51.222.253.17', '2024-06-17 21:48:12', '2024-06-17 21:48:12'),
	(1082, '51.222.253.2', '2024-06-17 21:53:21', '2024-06-17 21:53:21'),
	(1083, '51.222.253.2', '2024-06-17 21:58:20', '2024-06-17 21:58:20'),
	(1084, '51.222.253.7', '2024-06-17 22:03:45', '2024-06-17 22:03:45'),
	(1085, '51.222.253.18', '2024-06-17 22:08:40', '2024-06-17 22:08:40'),
	(1086, '51.222.253.8', '2024-06-17 22:14:03', '2024-06-17 22:14:03'),
	(1087, '51.222.253.5', '2024-06-17 22:19:22', '2024-06-17 22:19:22'),
	(1088, '51.222.253.14', '2024-06-17 22:25:06', '2024-06-17 22:25:06'),
	(1089, '51.222.253.10', '2024-06-17 22:30:38', '2024-06-17 22:30:38'),
	(1090, '51.222.253.9', '2024-06-17 22:36:33', '2024-06-17 22:36:33'),
	(1091, '51.222.253.5', '2024-06-17 22:42:33', '2024-06-17 22:42:33'),
	(1092, '51.222.253.8', '2024-06-17 22:54:35', '2024-06-17 22:54:35'),
	(1093, '51.222.253.16', '2024-06-17 23:07:03', '2024-06-17 23:07:03'),
	(1094, '51.222.253.10', '2024-06-17 23:32:43', '2024-06-17 23:32:43'),
	(1095, '51.222.253.17', '2024-06-17 23:59:36', '2024-06-17 23:59:36'),
	(1096, '52.167.144.19', '2024-06-18 00:23:07', '2024-06-18 00:23:07'),
	(1097, '51.222.253.5', '2024-06-18 00:32:33', '2024-06-18 00:32:33'),
	(1098, '51.222.253.19', '2024-06-18 00:37:07', '2024-06-18 00:37:07'),
	(1099, '51.222.253.19', '2024-06-18 00:43:37', '2024-06-18 00:43:37'),
	(1100, '51.222.253.20', '2024-06-18 00:45:24', '2024-06-18 00:45:24'),
	(1101, '51.222.253.14', '2024-06-18 00:45:57', '2024-06-18 00:45:57'),
	(1102, '51.222.253.11', '2024-06-18 00:46:36', '2024-06-18 00:46:36'),
	(1103, '51.222.253.16', '2024-06-18 00:47:24', '2024-06-18 00:47:24'),
	(1104, '51.222.253.10', '2024-06-18 00:47:33', '2024-06-18 00:47:33'),
	(1105, '51.222.253.10', '2024-06-18 00:50:54', '2024-06-18 00:50:54'),
	(1106, '193.233.233.29', '2024-06-18 01:00:23', '2024-06-18 01:00:23'),
	(1107, '170.106.104.42', '2024-06-18 01:09:28', '2024-06-18 01:09:28'),
	(1108, '40.77.167.55', '2024-06-18 01:41:36', '2024-06-18 01:41:36'),
	(1109, '170.106.82.193', '2024-06-18 03:06:03', '2024-06-18 03:06:03'),
	(1110, '150.109.16.20', '2024-06-18 04:24:25', '2024-06-18 04:24:25'),
	(1111, '52.167.144.18', '2024-06-18 06:04:41', '2024-06-18 06:04:41'),
	(1112, '43.155.138.79', '2024-06-18 06:27:13', '2024-06-18 06:27:13'),
	(1113, '43.155.138.79', '2024-06-18 07:11:09', '2024-06-18 07:11:09'),
	(1114, '34.212.35.252', '2024-06-18 11:23:30', '2024-06-18 11:23:30'),
	(1115, '52.43.177.101', '2024-06-18 11:23:33', '2024-06-18 11:23:33'),
	(1116, '54.186.247.115', '2024-06-18 11:23:35', '2024-06-18 11:23:35'),
	(1117, '103.163.220.78', '2024-06-18 17:23:58', '2024-06-18 17:23:58'),
	(1118, '45.55.47.154', '2024-06-18 18:11:59', '2024-06-18 18:11:59'),
	(1119, '45.55.47.154', '2024-06-18 18:12:00', '2024-06-18 18:12:00'),
	(1120, '124.156.193.7', '2024-06-18 19:04:17', '2024-06-18 19:04:17'),
	(1121, '52.167.144.182', '2024-06-18 19:27:03', '2024-06-18 19:27:03'),
	(1122, '193.233.233.29', '2024-06-18 20:37:23', '2024-06-18 20:37:23'),
	(1123, '52.167.144.25', '2024-06-18 22:16:07', '2024-06-18 22:16:07'),
	(1124, '52.167.144.161', '2024-06-18 23:02:23', '2024-06-18 23:02:23'),
	(1125, '43.134.190.89', '2024-06-18 23:37:55', '2024-06-18 23:37:55'),
	(1126, '103.163.220.78', '2024-06-18 23:51:01', '2024-06-18 23:51:01'),
	(1127, '40.77.167.24', '2024-06-19 00:18:02', '2024-06-19 00:18:02'),
	(1128, '43.135.129.233', '2024-06-19 01:10:10', '2024-06-19 01:10:10'),
	(1129, '43.155.152.154', '2024-06-19 02:50:13', '2024-06-19 02:50:13'),
	(1130, '52.167.144.171', '2024-06-19 04:31:15', '2024-06-19 04:31:15'),
	(1131, '157.55.39.49', '2024-06-19 05:29:33', '2024-06-19 05:29:33'),
	(1132, '43.155.138.79', '2024-06-19 07:24:27', '2024-06-19 07:24:27'),
	(1133, '43.133.72.69', '2024-06-19 07:24:36', '2024-06-19 07:24:36'),
	(1134, '43.133.72.69', '2024-06-19 07:24:51', '2024-06-19 07:24:51'),
	(1135, '52.167.144.187', '2024-06-19 08:36:18', '2024-06-19 08:36:18'),
	(1136, '52.167.144.223', '2024-06-19 09:33:29', '2024-06-19 09:33:29'),
	(1137, '52.167.144.223', '2024-06-19 09:33:29', '2024-06-19 09:33:29'),
	(1138, '52.167.144.170', '2024-06-19 10:36:25', '2024-06-19 10:36:25'),
	(1139, '207.46.13.7', '2024-06-19 11:41:21', '2024-06-19 11:41:21'),
	(1140, '13.95.133.245', '2024-06-19 13:48:40', '2024-06-19 13:48:40'),
	(1141, '193.233.233.29', '2024-06-19 17:29:41', '2024-06-19 17:29:41'),
	(1142, '52.167.144.23', '2024-06-19 17:37:36', '2024-06-19 17:37:36'),
	(1143, '135.148.195.5', '2024-06-19 21:45:31', '2024-06-19 21:45:31'),
	(1144, '170.106.101.31', '2024-06-19 23:02:48', '2024-06-19 23:02:48'),
	(1145, '40.77.167.8', '2024-06-20 00:00:51', '2024-06-20 00:00:51'),
	(1146, '170.106.101.31', '2024-06-20 01:10:47', '2024-06-20 01:10:47'),
	(1147, '207.46.13.92', '2024-06-20 01:12:17', '2024-06-20 01:12:17'),
	(1148, '43.159.63.75', '2024-06-20 01:42:10', '2024-06-20 01:42:10'),
	(1149, '157.55.39.62', '2024-06-20 02:00:45', '2024-06-20 02:00:45'),
	(1150, '40.77.188.212', '2024-06-20 02:01:36', '2024-06-20 02:01:36'),
	(1151, '40.77.188.245', '2024-06-20 02:17:58', '2024-06-20 02:17:58'),
	(1152, '43.134.89.111', '2024-06-20 02:51:05', '2024-06-20 02:51:05'),
	(1153, '43.134.190.89', '2024-06-20 03:09:34', '2024-06-20 03:09:34'),
	(1154, '43.134.190.89', '2024-06-20 03:09:35', '2024-06-20 03:09:35'),
	(1155, '157.55.39.56', '2024-06-20 03:42:33', '2024-06-20 03:42:33'),
	(1156, '34.87.46.185', '2024-06-20 05:17:01', '2024-06-20 05:17:01'),
	(1157, '157.55.39.56', '2024-06-20 09:16:59', '2024-06-20 09:16:59'),
	(1158, '207.46.13.111', '2024-06-20 09:51:26', '2024-06-20 09:51:26'),
	(1159, '52.167.144.179', '2024-06-20 10:12:16', '2024-06-20 10:12:16'),
	(1160, '43.135.149.154', '2024-06-20 12:01:08', '2024-06-20 12:01:08'),
	(1161, '54.200.246.202', '2024-06-20 12:37:38', '2024-06-20 12:37:38'),
	(1162, '34.212.181.205', '2024-06-20 12:37:41', '2024-06-20 12:37:41'),
	(1163, '20.161.75.219', '2024-06-20 12:52:05', '2024-06-20 12:52:05'),
	(1164, '20.161.75.218', '2024-06-20 12:52:05', '2024-06-20 12:52:05'),
	(1165, '20.161.75.219', '2024-06-20 12:52:05', '2024-06-20 12:52:05'),
	(1166, '20.161.75.217', '2024-06-20 12:52:09', '2024-06-20 12:52:09'),
	(1167, '102.47.246.241', '2024-06-20 12:53:01', '2024-06-20 12:53:01'),
	(1168, '207.46.13.102', '2024-06-20 14:57:55', '2024-06-20 14:57:55'),
	(1169, '170.106.82.193', '2024-06-20 15:51:52', '2024-06-20 15:51:52'),
	(1170, '193.233.233.29', '2024-06-20 17:21:50', '2024-06-20 17:21:50'),
	(1171, '165.227.40.196', '2024-06-20 18:26:12', '2024-06-20 18:26:12'),
	(1172, '165.227.40.196', '2024-06-20 18:26:12', '2024-06-20 18:26:12'),
	(1173, '157.55.39.61', '2024-06-20 18:39:09', '2024-06-20 18:39:09'),
	(1174, '43.134.89.111', '2024-06-20 18:47:50', '2024-06-20 18:47:50'),
	(1175, '207.46.13.141', '2024-06-20 18:49:09', '2024-06-20 18:49:09'),
	(1176, '157.55.39.58', '2024-06-20 20:08:17', '2024-06-20 20:08:17'),
	(1177, '157.55.39.56', '2024-06-20 20:50:55', '2024-06-20 20:50:55'),
	(1178, '207.46.13.6', '2024-06-21 01:44:22', '2024-06-21 01:44:22'),
	(1179, '43.133.38.182', '2024-06-21 02:55:38', '2024-06-21 02:55:38'),
	(1180, '157.55.39.8', '2024-06-21 03:38:44', '2024-06-21 03:38:44'),
	(1181, '157.55.39.49', '2024-06-21 15:03:11', '2024-06-21 15:03:11'),
	(1182, '5.133.192.167', '2024-06-21 17:48:39', '2024-06-21 17:48:39'),
	(1183, '43.135.166.178', '2024-06-21 19:15:04', '2024-06-21 19:15:04'),
	(1184, '51.222.253.20', '2024-06-21 19:20:41', '2024-06-21 19:20:41'),
	(1185, '43.131.249.153', '2024-06-21 19:49:25', '2024-06-21 19:49:25'),
	(1186, '43.131.249.153', '2024-06-21 19:49:32', '2024-06-21 19:49:32'),
	(1187, '193.233.233.29', '2024-06-21 23:58:05', '2024-06-21 23:58:05'),
	(1188, '54.88.179.33', '2024-06-22 00:11:07', '2024-06-22 00:11:07'),
	(1189, '35.171.144.152', '2024-06-22 00:11:08', '2024-06-22 00:11:08'),
	(1190, '35.171.144.152', '2024-06-22 00:11:08', '2024-06-22 00:11:08'),
	(1191, '43.130.39.101', '2024-06-22 03:05:46', '2024-06-22 03:05:46'),
	(1192, '43.134.142.8', '2024-06-22 03:25:22', '2024-06-22 03:25:22'),
	(1193, '35.171.144.152', '2024-06-22 03:34:21', '2024-06-22 03:34:21'),
	(1194, '54.88.179.33', '2024-06-22 03:34:22', '2024-06-22 03:34:22'),
	(1195, '35.171.144.152', '2024-06-22 03:34:22', '2024-06-22 03:34:22'),
	(1196, '157.55.39.11', '2024-06-22 03:58:05', '2024-06-22 03:58:05'),
	(1197, '40.77.167.72', '2024-06-22 04:40:34', '2024-06-22 04:40:34'),
	(1198, '52.167.144.203', '2024-06-22 06:41:47', '2024-06-22 06:41:47'),
	(1199, '40.77.167.38', '2024-06-22 08:40:47', '2024-06-22 08:40:47'),
	(1200, '54.174.58.234', '2024-06-22 09:09:33', '2024-06-22 09:09:33'),
	(1201, '34.221.205.114', '2024-06-22 11:27:27', '2024-06-22 11:27:27'),
	(1202, '34.219.114.191', '2024-06-22 11:27:30', '2024-06-22 11:27:30'),
	(1203, '52.167.144.22', '2024-06-22 14:52:09', '2024-06-22 14:52:09'),
	(1204, '43.134.89.111', '2024-06-22 15:49:10', '2024-06-22 15:49:10'),
	(1205, '103.163.220.23', '2024-06-22 16:16:49', '2024-06-22 16:16:49'),
	(1206, '159.203.118.28', '2024-06-22 17:26:15', '2024-06-22 17:26:15'),
	(1207, '52.167.144.139', '2024-06-22 17:26:18', '2024-06-22 17:26:18'),
	(1208, '51.81.46.212', '2024-06-22 17:34:51', '2024-06-22 17:34:51'),
	(1209, '192.36.109.99', '2024-06-22 18:51:48', '2024-06-22 18:51:48'),
	(1210, '43.130.39.101', '2024-06-22 19:07:37', '2024-06-22 19:07:37'),
	(1211, '207.46.13.102', '2024-06-22 19:28:48', '2024-06-22 19:28:48'),
	(1212, '37.19.223.206', '2024-06-22 21:38:34', '2024-06-22 21:38:34'),
	(1213, '103.163.220.46', '2024-06-22 21:53:29', '2024-06-22 21:53:29'),
	(1214, '40.77.167.46', '2024-06-22 22:18:32', '2024-06-22 22:18:32'),
	(1215, '40.77.167.46', '2024-06-22 22:21:12', '2024-06-22 22:21:12'),
	(1216, '193.233.233.29', '2024-06-22 23:56:48', '2024-06-22 23:56:48'),
	(1217, '52.167.144.235', '2024-06-23 00:07:05', '2024-06-23 00:07:05'),
	(1218, '207.46.13.126', '2024-06-23 00:16:16', '2024-06-23 00:16:16'),
	(1219, '196.196.53.44', '2024-06-23 02:50:03', '2024-06-23 02:50:03'),
	(1220, '129.226.146.179', '2024-06-23 02:50:42', '2024-06-23 02:50:42'),
	(1221, '156.197.4.7', '2024-06-23 07:50:58', '2024-06-23 07:50:58'),
	(1222, '156.197.4.7', '2024-06-23 09:03:53', '2024-06-23 09:03:53'),
	(1223, '20.169.168.224', '2024-06-23 12:48:36', '2024-06-23 12:48:36'),
	(1224, '52.167.144.22', '2024-06-23 14:58:38', '2024-06-23 14:58:38'),
	(1225, '51.81.46.212', '2024-06-23 15:04:11', '2024-06-23 15:04:11'),
	(1226, '43.134.89.111', '2024-06-23 15:52:03', '2024-06-23 15:52:03'),
	(1227, '43.163.0.99', '2024-06-23 16:39:47', '2024-06-23 16:39:47'),
	(1228, '43.163.0.99', '2024-06-23 16:40:00', '2024-06-23 16:40:00'),
	(1229, '197.35.238.53', '2024-06-23 17:46:18', '2024-06-23 17:46:18'),
	(1230, '157.55.39.49', '2024-06-23 18:05:48', '2024-06-23 18:05:48'),
	(1231, '43.130.62.164', '2024-06-23 19:26:34', '2024-06-23 19:26:34'),
	(1232, '13.95.133.245', '2024-06-24 05:06:09', '2024-06-24 05:06:09'),
	(1233, '40.77.167.76', '2024-06-24 07:21:21', '2024-06-24 07:21:21'),
	(1234, '54.174.58.234', '2024-06-24 09:49:43', '2024-06-24 09:49:43'),
	(1235, '157.55.39.59', '2024-06-24 09:53:44', '2024-06-24 09:53:44'),
	(1236, '62.149.110.196', '2024-06-24 12:20:33', '2024-06-24 12:20:33'),
	(1237, '54.184.22.91', '2024-06-24 12:31:12', '2024-06-24 12:31:12'),
	(1238, '128.90.170.25', '2024-06-24 12:58:21', '2024-06-24 12:58:21'),
	(1239, '51.39.53.186', '2024-06-24 13:48:49', '2024-06-24 13:48:49'),
	(1240, '43.134.89.111', '2024-06-24 16:05:56', '2024-06-24 16:05:56'),
	(1241, '43.163.6.124', '2024-06-24 16:55:19', '2024-06-24 16:55:19'),
	(1242, '150.109.16.20', '2024-06-24 17:28:52', '2024-06-24 17:28:52'),
	(1243, '150.109.16.20', '2024-06-24 17:29:04', '2024-06-24 17:29:04'),
	(1244, '43.155.138.79', '2024-06-24 17:29:24', '2024-06-24 17:29:24'),
	(1245, '43.155.138.79', '2024-06-24 17:30:04', '2024-06-24 17:30:04'),
	(1246, '43.135.181.13', '2024-06-24 19:06:22', '2024-06-24 19:06:22'),
	(1247, '43.134.66.205', '2024-06-24 20:04:11', '2024-06-24 20:04:11'),
	(1248, '143.110.151.11', '2024-06-24 20:17:41', '2024-06-24 20:17:41'),
	(1249, '143.110.151.11', '2024-06-24 20:17:42', '2024-06-24 20:17:42'),
	(1250, '43.134.66.205', '2024-06-24 20:57:20', '2024-06-24 20:57:20'),
	(1251, '43.134.66.205', '2024-06-24 20:57:22', '2024-06-24 20:57:22'),
	(1252, '43.134.66.205', '2024-06-24 20:57:22', '2024-06-24 20:57:22'),
	(1253, '207.46.13.155', '2024-06-24 23:39:53', '2024-06-24 23:39:53'),
	(1254, '43.153.93.68', '2024-06-24 23:44:58', '2024-06-24 23:44:58'),
	(1255, '207.46.13.102', '2024-06-24 23:56:24', '2024-06-24 23:56:24'),
	(1256, '43.159.129.209', '2024-06-25 01:10:12', '2024-06-25 01:10:12'),
	(1257, '43.128.100.220', '2024-06-25 01:51:54', '2024-06-25 01:51:54'),
	(1258, '43.155.152.154', '2024-06-25 02:58:48', '2024-06-25 02:58:48'),
	(1259, '43.163.3.58', '2024-06-25 03:40:18', '2024-06-25 03:40:18'),
	(1260, '43.163.3.58', '2024-06-25 03:40:29', '2024-06-25 03:40:29'),
	(1261, '23.95.239.197', '2024-06-25 08:54:28', '2024-06-25 08:54:28'),
	(1262, '52.165.149.97', '2024-06-25 11:18:39', '2024-06-25 11:18:39'),
	(1263, '51.222.253.18', '2024-06-25 11:37:49', '2024-06-25 11:37:49'),
	(1264, '51.222.253.4', '2024-06-25 12:09:47', '2024-06-25 12:09:47'),
	(1265, '51.222.253.10', '2024-06-25 12:17:44', '2024-06-25 12:17:44'),
	(1266, '207.46.13.7', '2024-06-25 13:23:56', '2024-06-25 13:23:56'),
	(1267, '51.222.253.9', '2024-06-25 13:32:15', '2024-06-25 13:32:15'),
	(1268, '51.222.253.14', '2024-06-25 13:37:00', '2024-06-25 13:37:00'),
	(1269, '51.222.253.2', '2024-06-25 13:42:04', '2024-06-25 13:42:04'),
	(1270, '51.222.253.10', '2024-06-25 13:46:32', '2024-06-25 13:46:32'),
	(1271, '51.222.253.16', '2024-06-25 13:51:10', '2024-06-25 13:51:10'),
	(1272, '51.222.253.7', '2024-06-25 13:56:02', '2024-06-25 13:56:02'),
	(1273, '51.222.253.18', '2024-06-25 14:01:35', '2024-06-25 14:01:35'),
	(1274, '51.222.253.18', '2024-06-25 14:12:05', '2024-06-25 14:12:05'),
	(1275, '51.222.253.16', '2024-06-25 14:23:43', '2024-06-25 14:23:43'),
	(1276, '51.222.253.19', '2024-06-25 14:29:01', '2024-06-25 14:29:01'),
	(1277, '51.222.253.5', '2024-06-25 15:37:35', '2024-06-25 15:37:35'),
	(1278, '51.222.253.17', '2024-06-25 15:50:09', '2024-06-25 15:50:09'),
	(1279, '51.222.253.7', '2024-06-25 16:03:24', '2024-06-25 16:03:24'),
	(1280, '51.222.253.8', '2024-06-25 16:16:08', '2024-06-25 16:16:08'),
	(1281, '157.55.39.49', '2024-06-25 16:28:28', '2024-06-25 16:28:28'),
	(1282, '51.222.253.7', '2024-06-25 16:29:32', '2024-06-25 16:29:32'),
	(1283, '43.163.6.124', '2024-06-25 16:41:21', '2024-06-25 16:41:21'),
	(1284, '43.163.6.124', '2024-06-25 16:42:05', '2024-06-25 16:42:05'),
	(1285, '51.222.253.18', '2024-06-25 16:43:22', '2024-06-25 16:43:22'),
	(1286, '51.222.253.11', '2024-06-25 16:50:51', '2024-06-25 16:50:51'),
	(1287, '51.222.253.4', '2024-06-25 16:52:37', '2024-06-25 16:52:37'),
	(1288, '51.222.253.14', '2024-06-25 16:53:17', '2024-06-25 16:53:17'),
	(1289, '51.222.253.15', '2024-06-25 16:53:45', '2024-06-25 16:53:45'),
	(1290, '51.222.253.18', '2024-06-25 16:54:29', '2024-06-25 16:54:29'),
	(1291, '43.128.100.220', '2024-06-25 17:11:06', '2024-06-25 17:11:06'),
	(1292, '43.133.77.230', '2024-06-25 19:03:46', '2024-06-25 19:03:46'),
	(1293, '51.222.253.19', '2024-06-25 19:47:08', '2024-06-25 19:47:08'),
	(1294, '43.155.152.154', '2024-06-26 01:05:22', '2024-06-26 01:05:22'),
	(1295, '150.109.13.194', '2024-06-26 01:50:53', '2024-06-26 01:50:53'),
	(1296, '43.128.100.206', '2024-06-26 01:51:21', '2024-06-26 01:51:21'),
	(1297, '43.128.100.206', '2024-06-26 01:51:44', '2024-06-26 01:51:44'),
	(1298, '150.109.16.20', '2024-06-26 01:53:12', '2024-06-26 01:53:12'),
	(1299, '43.134.170.46', '2024-06-26 02:40:02', '2024-06-26 02:40:02'),
	(1300, '43.134.170.46', '2024-06-26 02:40:49', '2024-06-26 02:40:49'),
	(1301, '43.134.170.46', '2024-06-26 02:41:11', '2024-06-26 02:41:11'),
	(1302, '156.200.3.101', '2024-06-26 06:43:39', '2024-06-26 06:43:39'),
	(1303, '156.197.52.145', '2024-06-26 06:45:16', '2024-06-26 06:45:16'),
	(1304, '149.154.161.252', '2024-06-26 07:03:43', '2024-06-26 07:03:43'),
	(1305, '207.46.13.111', '2024-06-26 08:17:59', '2024-06-26 08:17:59'),
	(1306, '90.148.143.69', '2024-06-26 08:26:26', '2024-06-26 08:26:26'),
	(1307, '156.197.6.140', '2024-06-26 09:14:22', '2024-06-26 09:14:22'),
	(1308, '157.55.39.49', '2024-06-26 09:15:28', '2024-06-26 09:15:28'),
	(1309, '102.184.40.49', '2024-06-26 09:33:07', '2024-06-26 09:33:07'),
	(1310, '105.32.20.104', '2024-06-26 11:23:22', '2024-06-26 11:23:22'),
	(1311, '54.189.4.177', '2024-06-26 11:44:08', '2024-06-26 11:44:08'),
	(1312, '35.92.197.161', '2024-06-26 11:44:16', '2024-06-26 11:44:16'),
	(1313, '156.197.6.140', '2024-06-26 11:50:06', '2024-06-26 11:50:06'),
	(1314, '43.134.37.211', '2024-06-26 16:09:11', '2024-06-26 16:09:11'),
	(1315, '43.134.66.205', '2024-06-26 16:42:06', '2024-06-26 16:42:06'),
	(1316, '43.163.6.35', '2024-06-26 17:19:16', '2024-06-26 17:19:16'),
	(1317, '154.182.141.251', '2024-06-26 18:08:54', '2024-06-26 18:08:54'),
	(1318, '154.182.141.251', '2024-06-26 18:09:45', '2024-06-26 18:09:45'),
	(1319, '43.159.129.209', '2024-06-26 19:16:20', '2024-06-26 19:16:20'),
	(1320, '157.55.39.49', '2024-06-26 19:26:52', '2024-06-26 19:26:52'),
	(1321, '43.131.243.208', '2024-06-26 19:41:40', '2024-06-26 19:41:40'),
	(1322, '52.167.144.137', '2024-06-26 22:19:38', '2024-06-26 22:19:38'),
	(1323, '54.174.58.246', '2024-06-26 22:36:34', '2024-06-26 22:36:34'),
	(1324, '52.167.144.22', '2024-06-26 23:44:12', '2024-06-26 23:44:12'),
	(1325, '52.167.144.22', '2024-06-26 23:47:02', '2024-06-26 23:47:02'),
	(1326, '157.55.39.8', '2024-06-26 23:48:52', '2024-06-26 23:48:52'),
	(1327, '157.55.39.58', '2024-06-27 00:16:05', '2024-06-27 00:16:05'),
	(1328, '43.134.37.211', '2024-06-27 01:09:48', '2024-06-27 01:09:48'),
	(1329, '150.109.13.194', '2024-06-27 01:38:27', '2024-06-27 01:38:27'),
	(1330, '43.163.6.124', '2024-06-27 01:39:20', '2024-06-27 01:39:20'),
	(1331, '43.128.100.220', '2024-06-27 01:43:16', '2024-06-27 01:43:16'),
	(1332, '3.215.200.136', '2024-06-27 02:42:57', '2024-06-27 02:42:57'),
	(1333, '43.134.66.205', '2024-06-27 03:01:48', '2024-06-27 03:01:48'),
	(1334, '43.163.6.124', '2024-06-27 03:20:25', '2024-06-27 03:20:25'),
	(1335, '43.155.160.173', '2024-06-27 03:21:19', '2024-06-27 03:21:19'),
	(1336, '43.163.1.85', '2024-06-27 03:21:32', '2024-06-27 03:21:32'),
	(1337, '43.128.100.220', '2024-06-27 03:27:35', '2024-06-27 03:27:35'),
	(1338, '65.154.226.167', '2024-06-27 03:28:07', '2024-06-27 03:28:07'),
	(1339, '43.163.3.58', '2024-06-27 03:33:43', '2024-06-27 03:33:43'),
	(1340, '43.128.100.206', '2024-06-27 03:34:50', '2024-06-27 03:34:50'),
	(1341, '135.148.195.11', '2024-06-27 03:51:15', '2024-06-27 03:51:15'),
	(1342, '156.197.8.183', '2024-06-27 07:43:42', '2024-06-27 07:43:42'),
	(1343, '156.197.8.183', '2024-06-27 07:43:42', '2024-06-27 07:43:42'),
	(1344, '90.148.143.69', '2024-06-27 10:21:40', '2024-06-27 10:21:40'),
	(1345, '52.167.144.224', '2024-06-27 10:48:56', '2024-06-27 10:48:56'),
	(1346, '90.148.143.69', '2024-06-27 11:34:42', '2024-06-27 11:34:42'),
	(1347, '105.41.61.99', '2024-06-27 12:26:43', '2024-06-27 12:26:43'),
	(1348, '::1', '2024-07-18 07:45:27', '2024-07-18 07:45:27'),
	(1349, '::1', '2024-07-22 18:16:13', '2024-07-22 18:16:13'),
	(1350, '::1', '2024-07-22 22:19:16', '2024-07-22 22:19:16'),
	(1351, '::1', '2024-08-04 16:57:55', '2024-08-04 16:57:55'),
	(1352, '::1', '2024-08-05 18:17:27', '2024-08-05 18:17:27'),
	(1353, '::1', '2024-08-06 07:33:30', '2024-08-06 07:33:30'),
	(1354, NULL, '2024-08-07 17:37:44', '2024-08-07 17:37:47'),
	(1355, NULL, '2024-08-07 17:59:19', '2024-08-07 17:59:20'),
	(1356, NULL, '2024-08-08 06:42:40', '2024-08-08 06:42:41'),
	(1357, NULL, '2024-08-08 08:39:01', '2024-08-08 08:39:02'),
	(1358, NULL, '2024-08-08 11:05:31', '2024-08-08 11:05:32');

